{"id":2638,"date":"2020-12-21T16:58:08","date_gmt":"2020-12-21T16:58:08","guid":{"rendered":"https:\/\/Regalino-Shop.de\/?page_id=2638"},"modified":"2026-05-06T10:15:23","modified_gmt":"2026-05-06T10:15:23","slug":"laden","status":"publish","type":"page","link":"https:\/\/Regalino-Shop.de\/?page_id=2638","title":{"rendered":"Laden"},"content":{"rendered":"\n[et_pb_section fb_built=&#8220;1&#8243; _builder_version=&#8220;4.16&#8243; _module_preset=&#8220;default&#8220; hover_enabled=&#8220;0&#8243; global_colors_info=&#8220;{}&#8220; sticky_enabled=&#8220;0&#8243;][et_pb_row _builder_version=&#8220;4.16&#8243; _module_preset=&#8220;default&#8220; global_colors_info=&#8220;{}&#8220;][et_pb_column type=&#8220;4_4&#8243; _builder_version=&#8220;4.16&#8243; _module_preset=&#8220;default&#8220; global_colors_info=&#8220;{}&#8220;][et_pb_text _builder_version=&#8220;4.16&#8243; _dynamic_attributes=&#8220;content&#8220; _module_preset=&#8220;default&#8220; text_font=&#8220;ABeeZee||||||||&#8220; text_font_size=&#8220;39px&#8220; text_orientation=&#8220;center&#8220; custom_margin=&#8220;-50px||||false|false&#8220; global_colors_info=&#8220;{}&#8220;]@ET-DC@eyJkeW5hbWljIjp0cnVlLCJjb250ZW50IjoicG9zdF90aXRsZSIsInNldHRpbmdzIjp7ImJlZm9yZSI6IiIsImFmdGVyIjoiIn19@[\/et_pb_text][\/et_pb_column][\/et_pb_row][\/et_pb_section][et_pb_section fb_built=&#8220;1&#8243; theme_builder_area=&#8220;post_content&#8220; _builder_version=&#8220;4.27.6&#8243; _module_preset=&#8220;default&#8220;][et_pb_row _builder_version=&#8220;4.27.6&#8243; _module_preset=&#8220;default&#8220; theme_builder_area=&#8220;post_content&#8220; column_structure=&#8220;1_2,1_2&#8243;][et_pb_column _builder_version=&#8220;4.27.6&#8243; _module_preset=&#8220;default&#8220; type=&#8220;1_2&#8243; theme_builder_area=&#8220;post_content&#8220;][et_pb_text _builder_version=&#8220;4.27.6&#8243; _module_preset=&#8220;default&#8220; theme_builder_area=&#8220;post_content&#8220; hover_enabled=&#8220;0&#8243; sticky_enabled=&#8220;0&#8243;]<p>Lange Str. 2D<br \/>37339 Teistungen<br \/>(Eingang R\u00fcckseite \u00fcber Marktplatz oder Netto Parkplatz)<\/p>\n<p>\u00d6ffnungszeiten<\/p>\n<p>Dienstag 11 \u2013 17 Uhr<br \/>Mittwoch 10 \u2013 17 Uhr<br \/>Donnerstag 10 \u2013 17 Uhr\u00a0<br \/>Freitag 10 \u2013 17 Uhr<br \/>Samstag 10 \u2013 13 Uhr<\/p>[\/et_pb_text][\/et_pb_column][et_pb_column _builder_version=&#8220;4.27.6&#8243; _module_preset=&#8220;default&#8220; type=&#8220;1_2&#8243; theme_builder_area=&#8220;post_content&#8220;][et_pb_text _builder_version=&#8220;4.27.6&#8243; _module_preset=&#8220;default&#8220; theme_builder_area=&#8220;post_content&#8220; hover_enabled=&#8220;0&#8243; sticky_enabled=&#8220;0&#8243;]<p>Was dich bei uns erwartet<\/p>\n<p>Bei Regalino findest du liebevoll ausgew\u00e4hlte Geschenkideen, Wohnaccessoires und kleine Lieblingsst\u00fccke mit nordisch-gem\u00fctlichem Charakter.<\/p>\n<p>Entdecke bei uns Sch\u00f6nes f\u00fcr Zuhause, besondere Kleinigkeiten zum Verschenken und immer wieder neue saisonale Lieblingsst\u00fccke.<\/p>\n<p>Bei uns im Laden findest du zum Beispiel:<\/p>\n<p>Geschenkideen<br \/>Wohnaccessoires &amp; Deko<br \/>Papeterie &amp; Karten<br \/>Tisch &amp; Genuss<br \/>Accessoires<br \/>Saisonale Lieblingsst\u00fccke<\/p>[\/et_pb_text][\/et_pb_column][\/et_pb_row][\/et_pb_section]\n","protected":false},"excerpt":{"rendered":"<p>Lange Str. 2D37339 Teistungen(Eingang R\u00fcckseite \u00fcber Marktplatz oder Netto Parkplatz) \u00d6ffnungszeiten Dienstag 11 \u2013 17 UhrMittwoch 10 \u2013 17 UhrDonnerstag 10 \u2013 17 Uhr\u00a0Freitag 10 \u2013 17 UhrSamstag 10 \u2013 13 UhrWas dich bei uns erwartet Bei Regalino findest du liebevoll ausgew\u00e4hlte Geschenkideen, Wohnaccessoires und kleine Lieblingsst\u00fccke mit nordisch-gem\u00fctlichem Charakter. Entdecke bei uns Sch\u00f6nes f\u00fcr [&hellip;]<\/p>\n","protected":false},"author":1,"featured_media":0,"parent":0,"menu_order":0,"comment_status":"closed","ping_status":"closed","template":"","meta":{"_et_pb_use_builder":"on","_et_pb_old_content":"","_et_gb_content_width":"","footnotes":""},"class_list":["post-2638","page","type-page","status-publish","hentry"],"yoast_head":"<!-- This site is optimized with the Yoast SEO plugin v27.6 - https:\/\/yoast.com\/product\/yoast-seo-wordpress\/ -->\n<title>Regalino Teistungen | Geschenke, Mode &amp; Wohnaccessoires<\/title>\n<meta name=\"description\" content=\"Besuche Regalino in Teistungen: liebevoll ausgew\u00e4hlte Geschenkideen, Mode, Accessoires, Wohnaccessoires, Papeterie, Deko und saisonale Lieblingsst\u00fccke.\" \/>\n<meta name=\"robots\" content=\"index, follow, max-snippet:-1, max-image-preview:large, max-video-preview:-1\" \/>\n<link rel=\"canonical\" href=\"https:\/\/Regalino-Shop.de\/?page_id=2638\" \/>\n<meta property=\"og:locale\" content=\"de_DE\" \/>\n<meta property=\"og:type\" content=\"article\" \/>\n<meta property=\"og:title\" content=\"Regalino Teistungen | Geschenke, Mode &amp; Wohnaccessoires\" \/>\n<meta property=\"og:description\" content=\"Besuche Regalino in Teistungen: liebevoll ausgew\u00e4hlte Geschenkideen, Mode, Accessoires, Wohnaccessoires, Papeterie, Deko und saisonale Lieblingsst\u00fccke.\" \/>\n<meta property=\"og:url\" content=\"https:\/\/Regalino-Shop.de\/?page_id=2638\" \/>\n<meta property=\"og:site_name\" content=\"Regalino -Lively Style\" \/>\n<meta property=\"article:modified_time\" content=\"2026-05-06T10:15:23+00:00\" \/>\n<meta name=\"twitter:card\" content=\"summary_large_image\" \/>\n<meta name=\"twitter:label1\" content=\"Gesch\u00e4tzte Lesezeit\" \/>\n\t<meta name=\"twitter:data1\" content=\"1\u00a0Minute\" \/>\n<script type=\"application\/ld+json\" class=\"yoast-schema-graph\">{\"@context\":\"https:\\\/\\\/schema.org\",\"@graph\":[{\"@type\":\"WebPage\",\"@id\":\"https:\\\/\\\/Regalino-Shop.de\\\/?page_id=2638\",\"url\":\"https:\\\/\\\/Regalino-Shop.de\\\/?page_id=2638\",\"name\":\"Regalino Teistungen | Geschenke, Mode & Wohnaccessoires\",\"isPartOf\":{\"@id\":\"https:\\\/\\\/Regalino-Shop.de\\\/#website\"},\"datePublished\":\"2020-12-21T16:58:08+00:00\",\"dateModified\":\"2026-05-06T10:15:23+00:00\",\"description\":\"Besuche Regalino in Teistungen: liebevoll ausgew\u00e4hlte Geschenkideen, Mode, Accessoires, Wohnaccessoires, Papeterie, Deko und saisonale Lieblingsst\u00fccke.\",\"breadcrumb\":{\"@id\":\"https:\\\/\\\/Regalino-Shop.de\\\/?page_id=2638#breadcrumb\"},\"inLanguage\":\"de\",\"potentialAction\":[{\"@type\":\"ReadAction\",\"target\":[\"https:\\\/\\\/Regalino-Shop.de\\\/?page_id=2638\"]}]},{\"@type\":\"BreadcrumbList\",\"@id\":\"https:\\\/\\\/Regalino-Shop.de\\\/?page_id=2638#breadcrumb\",\"itemListElement\":[{\"@type\":\"ListItem\",\"position\":1,\"name\":\"Startseite\",\"item\":\"https:\\\/\\\/Regalino-Shop.de\\\/\"},{\"@type\":\"ListItem\",\"position\":2,\"name\":\"Laden\"}]},{\"@type\":\"WebSite\",\"@id\":\"https:\\\/\\\/Regalino-Shop.de\\\/#website\",\"url\":\"https:\\\/\\\/Regalino-Shop.de\\\/\",\"name\":\"Regalino -Lively Style\",\"description\":\"gelebtes Zuhause\",\"potentialAction\":[{\"@type\":\"SearchAction\",\"target\":{\"@type\":\"EntryPoint\",\"urlTemplate\":\"https:\\\/\\\/Regalino-Shop.de\\\/?s={search_term_string}\"},\"query-input\":{\"@type\":\"PropertyValueSpecification\",\"valueRequired\":true,\"valueName\":\"search_term_string\"}}],\"inLanguage\":\"de\"}]}<\/script>\n<!-- \/ Yoast SEO plugin. -->","yoast_head_json":{"title":"Regalino Teistungen | Geschenke, Mode & Wohnaccessoires","description":"Besuche Regalino in Teistungen: liebevoll ausgew\u00e4hlte Geschenkideen, Mode, Accessoires, Wohnaccessoires, Papeterie, Deko und saisonale Lieblingsst\u00fccke.","robots":{"index":"index","follow":"follow","max-snippet":"max-snippet:-1","max-image-preview":"max-image-preview:large","max-video-preview":"max-video-preview:-1"},"canonical":"https:\/\/Regalino-Shop.de\/?page_id=2638","og_locale":"de_DE","og_type":"article","og_title":"Regalino Teistungen | Geschenke, Mode & Wohnaccessoires","og_description":"Besuche Regalino in Teistungen: liebevoll ausgew\u00e4hlte Geschenkideen, Mode, Accessoires, Wohnaccessoires, Papeterie, Deko und saisonale Lieblingsst\u00fccke.","og_url":"https:\/\/Regalino-Shop.de\/?page_id=2638","og_site_name":"Regalino -Lively Style","article_modified_time":"2026-05-06T10:15:23+00:00","twitter_card":"summary_large_image","twitter_misc":{"Gesch\u00e4tzte Lesezeit":"1\u00a0Minute"},"schema":{"@context":"https:\/\/schema.org","@graph":[{"@type":"WebPage","@id":"https:\/\/Regalino-Shop.de\/?page_id=2638","url":"https:\/\/Regalino-Shop.de\/?page_id=2638","name":"Regalino Teistungen | Geschenke, Mode & Wohnaccessoires","isPartOf":{"@id":"https:\/\/Regalino-Shop.de\/#website"},"datePublished":"2020-12-21T16:58:08+00:00","dateModified":"2026-05-06T10:15:23+00:00","description":"Besuche Regalino in Teistungen: liebevoll ausgew\u00e4hlte Geschenkideen, Mode, Accessoires, Wohnaccessoires, Papeterie, Deko und saisonale Lieblingsst\u00fccke.","breadcrumb":{"@id":"https:\/\/Regalino-Shop.de\/?page_id=2638#breadcrumb"},"inLanguage":"de","potentialAction":[{"@type":"ReadAction","target":["https:\/\/Regalino-Shop.de\/?page_id=2638"]}]},{"@type":"BreadcrumbList","@id":"https:\/\/Regalino-Shop.de\/?page_id=2638#breadcrumb","itemListElement":[{"@type":"ListItem","position":1,"name":"Startseite","item":"https:\/\/Regalino-Shop.de\/"},{"@type":"ListItem","position":2,"name":"Laden"}]},{"@type":"WebSite","@id":"https:\/\/Regalino-Shop.de\/#website","url":"https:\/\/Regalino-Shop.de\/","name":"Regalino -Lively Style","description":"gelebtes Zuhause","potentialAction":[{"@type":"SearchAction","target":{"@type":"EntryPoint","urlTemplate":"https:\/\/Regalino-Shop.de\/?s={search_term_string}"},"query-input":{"@type":"PropertyValueSpecification","valueRequired":true,"valueName":"search_term_string"}}],"inLanguage":"de"}]}},"_links":{"self":[{"href":"https:\/\/Regalino-Shop.de\/index.php?rest_route=\/wp\/v2\/pages\/2638","targetHints":{"allow":["GET"]}}],"collection":[{"href":"https:\/\/Regalino-Shop.de\/index.php?rest_route=\/wp\/v2\/pages"}],"about":[{"href":"https:\/\/Regalino-Shop.de\/index.php?rest_route=\/wp\/v2\/types\/page"}],"author":[{"embeddable":true,"href":"https:\/\/Regalino-Shop.de\/index.php?rest_route=\/wp\/v2\/users\/1"}],"replies":[{"embeddable":true,"href":"https:\/\/Regalino-Shop.de\/index.php?rest_route=%2Fwp%2Fv2%2Fcomments&post=2638"}],"version-history":[{"count":28,"href":"https:\/\/Regalino-Shop.de\/index.php?rest_route=\/wp\/v2\/pages\/2638\/revisions"}],"predecessor-version":[{"id":19031,"href":"https:\/\/Regalino-Shop.de\/index.php?rest_route=\/wp\/v2\/pages\/2638\/revisions\/19031"}],"wp:attachment":[{"href":"https:\/\/Regalino-Shop.de\/index.php?rest_route=%2Fwp%2Fv2%2Fmedia&parent=2638"}],"curies":[{"name":"wp","href":"https:\/\/api.w.org\/{rel}","templated":true}]}}