{"id":10775,"date":"2023-02-08T09:43:17","date_gmt":"2023-02-08T09:43:17","guid":{"rendered":"https:\/\/Regalino-Shop.de\/?post_type=product&#038;p=10775"},"modified":"2026-02-03T13:32:10","modified_gmt":"2026-02-03T13:32:10","slug":"apothekerglas-fuer-stabkerze-von-ib-laursen","status":"publish","type":"product","link":"https:\/\/Regalino-Shop.de\/?product=apothekerglas-fuer-stabkerze-von-ib-laursen","title":{"rendered":"Apothekerglas f\u00fcr Stabkerze von Ib Laursen"},"content":{"rendered":"","protected":false},"excerpt":{"rendered":"<div class=\"emotion--element col-1 row-1 start-col-1 start-row-1 col-xs-8 start-col-xs-1 row-xs-18 start-row-xs-10 col-s-8 start-col-s-1 row-s-10 start-row-s-9 col-m-8 start-col-m-1 row-m-9 start-row-m-9 col-l-4 start-col-l-1 row-l-12 start-row-l-9 col-xl-4 start-col-xl-1 row-xl-13 start-row-xl-9\">\n<div class=\"emotion--html\">\n<div class=\"html--content\">\n<div class=\"w-full cnt\">\n<h3>kleines Apothekerglas&#8230;<\/h3>\n<p>f\u00fcr Stabkerzen oder als V\u00e4schen<\/p>\n<ul>\n<li>Gr\u00f6\u00dfe:\u00a0<span class=\"data\">H: 11 \u00d8: 5,5<\/span><\/li>\n<li>Glas<\/li>\n<li>mundgeblasen, daher Abweichungen in Gr\u00f6\u00dfe und Form m\u00f6glich<\/li>\n<\/ul>\n<\/div>\n<\/div>\n<\/div>\n<\/div>\n","protected":false},"featured_media":10785,"template":"","meta":{"_et_pb_use_builder":"","_et_pb_old_content":"","_et_gb_content_width":""},"product_brand":[],"product_cat":[64,62,57],"product_tag":[1332,216,1331,423],"class_list":{"0":"post-10775","1":"product","2":"type-product","3":"status-publish","4":"has-post-thumbnail","6":"product_cat-besondere-deko-im-nordischen-stil-maritime-akzente-regalino","7":"product_cat-licht-lampen-kerzen-im-scandi-breton-stil-regalino","8":"product_cat-neu-eingetroffen-neue-lieblingsstuecke-bei-regalino","9":"product_tag-apothekerglas","10":"product_tag-kerzenhalter","11":"product_tag-stabkerzen","12":"product_tag-vase","14":"first","15":"instock","16":"taxable","17":"shipping-taxable","18":"purchasable","19":"product-type-simple"},"yoast_head":"<!-- This site is optimized with the Yoast SEO plugin v27.5 - https:\/\/yoast.com\/product\/yoast-seo-wordpress\/ -->\n<title>Apothekerglas f\u00fcr Stabkerze von Ib Laursen - Regalino -Lively Style<\/title>\n<meta name=\"description\" content=\"kleines Apotherglas f\u00fcr Stabkerzen oder als V\u00e4schen - Gr\u00f6\u00dfe:\u00a0H: 11 \u00d8: 5,5\" \/>\n<meta name=\"robots\" content=\"index, follow, max-snippet:-1, max-image-preview:large, max-video-preview:-1\" \/>\n<link rel=\"canonical\" href=\"https:\/\/Regalino-Shop.de\/?product=apothekerglas-fuer-stabkerze-von-ib-laursen\" \/>\n<meta property=\"og:locale\" content=\"de_DE\" \/>\n<meta property=\"og:type\" content=\"article\" \/>\n<meta property=\"og:title\" content=\"Apothekerglas f\u00fcr Stabkerze von Ib Laursen - Regalino -Lively Style\" \/>\n<meta property=\"og:description\" content=\"kleines Apotherglas f\u00fcr Stabkerzen oder als V\u00e4schen - Gr\u00f6\u00dfe:\u00a0H: 11 \u00d8: 5,5\" \/>\n<meta property=\"og:url\" content=\"https:\/\/Regalino-Shop.de\/?product=apothekerglas-fuer-stabkerze-von-ib-laursen\" \/>\n<meta property=\"og:site_name\" content=\"Regalino -Lively Style\" \/>\n<meta property=\"article:modified_time\" content=\"2026-02-03T13:32:10+00:00\" \/>\n<meta property=\"og:image\" content=\"https:\/\/Regalino-Shop.de\/wp-content\/uploads\/2023\/02\/0310-00.jpg\" \/>\n\t<meta property=\"og:image:width\" content=\"1400\" \/>\n\t<meta property=\"og:image:height\" content=\"1400\" \/>\n\t<meta property=\"og:image:type\" content=\"image\/jpeg\" \/>\n<meta name=\"twitter:card\" content=\"summary_large_image\" \/>\n<script type=\"application\/ld+json\" class=\"yoast-schema-graph\">{\"@context\":\"https:\\\/\\\/schema.org\",\"@graph\":[{\"@type\":\"WebPage\",\"@id\":\"https:\\\/\\\/Regalino-Shop.de\\\/?product=apothekerglas-fuer-stabkerze-von-ib-laursen\",\"url\":\"https:\\\/\\\/Regalino-Shop.de\\\/?product=apothekerglas-fuer-stabkerze-von-ib-laursen\",\"name\":\"Apothekerglas f\u00fcr Stabkerze von Ib Laursen - Regalino -Lively Style\",\"isPartOf\":{\"@id\":\"https:\\\/\\\/Regalino-Shop.de\\\/#website\"},\"primaryImageOfPage\":{\"@id\":\"https:\\\/\\\/Regalino-Shop.de\\\/?product=apothekerglas-fuer-stabkerze-von-ib-laursen#primaryimage\"},\"image\":{\"@id\":\"https:\\\/\\\/Regalino-Shop.de\\\/?product=apothekerglas-fuer-stabkerze-von-ib-laursen#primaryimage\"},\"thumbnailUrl\":\"https:\\\/\\\/Regalino-Shop.de\\\/wp-content\\\/uploads\\\/2023\\\/02\\\/0310-00.jpg\",\"datePublished\":\"2023-02-08T09:43:17+00:00\",\"dateModified\":\"2026-02-03T13:32:10+00:00\",\"description\":\"kleines Apotherglas f\u00fcr Stabkerzen oder als V\u00e4schen - Gr\u00f6\u00dfe:\u00a0H: 11 \u00d8: 5,5\",\"breadcrumb\":{\"@id\":\"https:\\\/\\\/Regalino-Shop.de\\\/?product=apothekerglas-fuer-stabkerze-von-ib-laursen#breadcrumb\"},\"inLanguage\":\"de\",\"potentialAction\":[{\"@type\":\"ReadAction\",\"target\":[\"https:\\\/\\\/Regalino-Shop.de\\\/?product=apothekerglas-fuer-stabkerze-von-ib-laursen\"]}]},{\"@type\":\"ImageObject\",\"inLanguage\":\"de\",\"@id\":\"https:\\\/\\\/Regalino-Shop.de\\\/?product=apothekerglas-fuer-stabkerze-von-ib-laursen#primaryimage\",\"url\":\"https:\\\/\\\/Regalino-Shop.de\\\/wp-content\\\/uploads\\\/2023\\\/02\\\/0310-00.jpg\",\"contentUrl\":\"https:\\\/\\\/Regalino-Shop.de\\\/wp-content\\\/uploads\\\/2023\\\/02\\\/0310-00.jpg\",\"width\":1400,\"height\":1400,\"caption\":\"Apotherglas-Stabkerzen-V\u00e4schen-Ib-Laursen\"},{\"@type\":\"BreadcrumbList\",\"@id\":\"https:\\\/\\\/Regalino-Shop.de\\\/?product=apothekerglas-fuer-stabkerze-von-ib-laursen#breadcrumb\",\"itemListElement\":[{\"@type\":\"ListItem\",\"position\":1,\"name\":\"Startseite\",\"item\":\"https:\\\/\\\/Regalino-Shop.de\\\/\"},{\"@type\":\"ListItem\",\"position\":2,\"name\":\"Shop\",\"item\":\"https:\\\/\\\/Regalino-Shop.de\\\/?page_id=40\"},{\"@type\":\"ListItem\",\"position\":3,\"name\":\"Apothekerglas f\u00fcr Stabkerze von Ib Laursen\"}]},{\"@type\":\"WebSite\",\"@id\":\"https:\\\/\\\/Regalino-Shop.de\\\/#website\",\"url\":\"https:\\\/\\\/Regalino-Shop.de\\\/\",\"name\":\"Regalino -Lively Style\",\"description\":\"gelebtes Zuhause\",\"potentialAction\":[{\"@type\":\"SearchAction\",\"target\":{\"@type\":\"EntryPoint\",\"urlTemplate\":\"https:\\\/\\\/Regalino-Shop.de\\\/?s={search_term_string}\"},\"query-input\":{\"@type\":\"PropertyValueSpecification\",\"valueRequired\":true,\"valueName\":\"search_term_string\"}}],\"inLanguage\":\"de\"}]}<\/script>\n<!-- \/ Yoast SEO plugin. -->","yoast_head_json":{"title":"Apothekerglas f\u00fcr Stabkerze von Ib Laursen - Regalino -Lively Style","description":"kleines Apotherglas f\u00fcr Stabkerzen oder als V\u00e4schen - Gr\u00f6\u00dfe:\u00a0H: 11 \u00d8: 5,5","robots":{"index":"index","follow":"follow","max-snippet":"max-snippet:-1","max-image-preview":"max-image-preview:large","max-video-preview":"max-video-preview:-1"},"canonical":"https:\/\/Regalino-Shop.de\/?product=apothekerglas-fuer-stabkerze-von-ib-laursen","og_locale":"de_DE","og_type":"article","og_title":"Apothekerglas f\u00fcr Stabkerze von Ib Laursen - Regalino -Lively Style","og_description":"kleines Apotherglas f\u00fcr Stabkerzen oder als V\u00e4schen - Gr\u00f6\u00dfe:\u00a0H: 11 \u00d8: 5,5","og_url":"https:\/\/Regalino-Shop.de\/?product=apothekerglas-fuer-stabkerze-von-ib-laursen","og_site_name":"Regalino -Lively Style","article_modified_time":"2026-02-03T13:32:10+00:00","og_image":[{"width":1400,"height":1400,"url":"https:\/\/Regalino-Shop.de\/wp-content\/uploads\/2023\/02\/0310-00.jpg","type":"image\/jpeg"}],"twitter_card":"summary_large_image","schema":{"@context":"https:\/\/schema.org","@graph":[{"@type":"WebPage","@id":"https:\/\/Regalino-Shop.de\/?product=apothekerglas-fuer-stabkerze-von-ib-laursen","url":"https:\/\/Regalino-Shop.de\/?product=apothekerglas-fuer-stabkerze-von-ib-laursen","name":"Apothekerglas f\u00fcr Stabkerze von Ib Laursen - Regalino -Lively Style","isPartOf":{"@id":"https:\/\/Regalino-Shop.de\/#website"},"primaryImageOfPage":{"@id":"https:\/\/Regalino-Shop.de\/?product=apothekerglas-fuer-stabkerze-von-ib-laursen#primaryimage"},"image":{"@id":"https:\/\/Regalino-Shop.de\/?product=apothekerglas-fuer-stabkerze-von-ib-laursen#primaryimage"},"thumbnailUrl":"https:\/\/Regalino-Shop.de\/wp-content\/uploads\/2023\/02\/0310-00.jpg","datePublished":"2023-02-08T09:43:17+00:00","dateModified":"2026-02-03T13:32:10+00:00","description":"kleines Apotherglas f\u00fcr Stabkerzen oder als V\u00e4schen - Gr\u00f6\u00dfe:\u00a0H: 11 \u00d8: 5,5","breadcrumb":{"@id":"https:\/\/Regalino-Shop.de\/?product=apothekerglas-fuer-stabkerze-von-ib-laursen#breadcrumb"},"inLanguage":"de","potentialAction":[{"@type":"ReadAction","target":["https:\/\/Regalino-Shop.de\/?product=apothekerglas-fuer-stabkerze-von-ib-laursen"]}]},{"@type":"ImageObject","inLanguage":"de","@id":"https:\/\/Regalino-Shop.de\/?product=apothekerglas-fuer-stabkerze-von-ib-laursen#primaryimage","url":"https:\/\/Regalino-Shop.de\/wp-content\/uploads\/2023\/02\/0310-00.jpg","contentUrl":"https:\/\/Regalino-Shop.de\/wp-content\/uploads\/2023\/02\/0310-00.jpg","width":1400,"height":1400,"caption":"Apotherglas-Stabkerzen-V\u00e4schen-Ib-Laursen"},{"@type":"BreadcrumbList","@id":"https:\/\/Regalino-Shop.de\/?product=apothekerglas-fuer-stabkerze-von-ib-laursen#breadcrumb","itemListElement":[{"@type":"ListItem","position":1,"name":"Startseite","item":"https:\/\/Regalino-Shop.de\/"},{"@type":"ListItem","position":2,"name":"Shop","item":"https:\/\/Regalino-Shop.de\/?page_id=40"},{"@type":"ListItem","position":3,"name":"Apothekerglas f\u00fcr Stabkerze von Ib Laursen"}]},{"@type":"WebSite","@id":"https:\/\/Regalino-Shop.de\/#website","url":"https:\/\/Regalino-Shop.de\/","name":"Regalino -Lively Style","description":"gelebtes Zuhause","potentialAction":[{"@type":"SearchAction","target":{"@type":"EntryPoint","urlTemplate":"https:\/\/Regalino-Shop.de\/?s={search_term_string}"},"query-input":{"@type":"PropertyValueSpecification","valueRequired":true,"valueName":"search_term_string"}}],"inLanguage":"de"}]}},"_links":{"self":[{"href":"https:\/\/Regalino-Shop.de\/index.php?rest_route=\/wp\/v2\/product\/10775","targetHints":{"allow":["GET"]}}],"collection":[{"href":"https:\/\/Regalino-Shop.de\/index.php?rest_route=\/wp\/v2\/product"}],"about":[{"href":"https:\/\/Regalino-Shop.de\/index.php?rest_route=\/wp\/v2\/types\/product"}],"wp:featuredmedia":[{"embeddable":true,"href":"https:\/\/Regalino-Shop.de\/index.php?rest_route=\/wp\/v2\/media\/10785"}],"wp:attachment":[{"href":"https:\/\/Regalino-Shop.de\/index.php?rest_route=%2Fwp%2Fv2%2Fmedia&parent=10775"}],"wp:term":[{"taxonomy":"product_brand","embeddable":true,"href":"https:\/\/Regalino-Shop.de\/index.php?rest_route=%2Fwp%2Fv2%2Fproduct_brand&post=10775"},{"taxonomy":"product_cat","embeddable":true,"href":"https:\/\/Regalino-Shop.de\/index.php?rest_route=%2Fwp%2Fv2%2Fproduct_cat&post=10775"},{"taxonomy":"product_tag","embeddable":true,"href":"https:\/\/Regalino-Shop.de\/index.php?rest_route=%2Fwp%2Fv2%2Fproduct_tag&post=10775"}],"curies":[{"name":"wp","href":"https:\/\/api.w.org\/{rel}","templated":true}]}}

Apothekerglas für Stabkerze von Ib Laursen

<div class="emotion--element col-1 row-1 start-col-1 start-row-1 col-xs-8 start-col-xs-1 row-xs-18 start-row-xs-10 col-s-8 start-col-s-1 row-s-10 start-row-s-9 col-m-8 start-col-m-1 row-m-9 start-row-m-9 col-l-4 start-col-l-1 row-l-12 start-row-l-9 col-xl-4 start-col-xl-1 row-xl-13 start-row-xl-9">
<div class="emotion--html">
<div class="html--content">
<div class="w-full cnt">
<h3>kleines Apothekerglas&#8230;</h3>
<p>für Stabkerzen oder als Väschen</p>
<ul>
<li>Größe: <span class="data">H: 11 Ø: 5,5</span></li>
<li>Glas</li>
<li>mundgeblasen, daher Abweichungen in Größe und Form möglich</li>
</ul>
</div>
</div>
</div>
</div>

<!-- This site is optimized with the Yoast SEO plugin v27.5 - https://yoast.com/product/yoast-seo-wordpress/ -->
<title>Apothekerglas für Stabkerze von Ib Laursen - Regalino -Lively Style</title>
<meta name="description" content="kleines Apotherglas für Stabkerzen oder als Väschen - Größe: H: 11 Ø: 5,5" />
<meta name="robots" content="index, follow, max-snippet:-1, max-image-preview:large, max-video-preview:-1" />
<link rel="canonical" href="https://Regalino-Shop.de/?product=apothekerglas-fuer-stabkerze-von-ib-laursen" />
<meta property="og:locale" content="de_DE" />
<meta property="og:type" content="article" />
<meta property="og:title" content="Apothekerglas für Stabkerze von Ib Laursen - Regalino -Lively Style" />
<meta property="og:description" content="kleines Apotherglas für Stabkerzen oder als Väschen - Größe: H: 11 Ø: 5,5" />
<meta property="og:url" content="https://Regalino-Shop.de/?product=apothekerglas-fuer-stabkerze-von-ib-laursen" />
<meta property="og:site_name" content="Regalino -Lively Style" />
<meta property="article:modified_time" content="2026-02-03T13:32:10+00:00" />
<meta property="og:image" content="https://Regalino-Shop.de/wp-content/uploads/2023/02/0310-00.jpg" />
	<meta property="og:image:width" content="1400" />
	<meta property="og:image:height" content="1400" />
	<meta property="og:image:type" content="image/jpeg" />
<meta name="twitter:card" content="summary_large_image" />
<script type="application/ld+json" class="yoast-schema-graph">{"@context":"https:\/\/schema.org","@graph":[{"@type":"WebPage","@id":"https:\/\/Regalino-Shop.de\/?product=apothekerglas-fuer-stabkerze-von-ib-laursen","url":"https:\/\/Regalino-Shop.de\/?product=apothekerglas-fuer-stabkerze-von-ib-laursen","name":"Apothekerglas für Stabkerze von Ib Laursen - Regalino -Lively Style","isPartOf":{"@id":"https:\/\/Regalino-Shop.de\/#website"},"primaryImageOfPage":{"@id":"https:\/\/Regalino-Shop.de\/?product=apothekerglas-fuer-stabkerze-von-ib-laursen#primaryimage"},"image":{"@id":"https:\/\/Regalino-Shop.de\/?product=apothekerglas-fuer-stabkerze-von-ib-laursen#primaryimage"},"thumbnailUrl":"https:\/\/Regalino-Shop.de\/wp-content\/uploads\/2023\/02\/0310-00.jpg","datePublished":"2023-02-08T09:43:17+00:00","dateModified":"2026-02-03T13:32:10+00:00","description":"kleines Apotherglas für Stabkerzen oder als Väschen - Größe: H: 11 Ø: 5,5","breadcrumb":{"@id":"https:\/\/Regalino-Shop.de\/?product=apothekerglas-fuer-stabkerze-von-ib-laursen#breadcrumb"},"inLanguage":"de","potentialAction":[{"@type":"ReadAction","target":["https:\/\/Regalino-Shop.de\/?product=apothekerglas-fuer-stabkerze-von-ib-laursen"]}]},{"@type":"ImageObject","inLanguage":"de","@id":"https:\/\/Regalino-Shop.de\/?product=apothekerglas-fuer-stabkerze-von-ib-laursen#primaryimage","url":"https:\/\/Regalino-Shop.de\/wp-content\/uploads\/2023\/02\/0310-00.jpg","contentUrl":"https:\/\/Regalino-Shop.de\/wp-content\/uploads\/2023\/02\/0310-00.jpg","width":1400,"height":1400,"caption":"Apotherglas-Stabkerzen-Väschen-Ib-Laursen"},{"@type":"BreadcrumbList","@id":"https:\/\/Regalino-Shop.de\/?product=apothekerglas-fuer-stabkerze-von-ib-laursen#breadcrumb","itemListElement":[{"@type":"ListItem","position":1,"name":"Startseite","item":"https:\/\/Regalino-Shop.de\/"},{"@type":"ListItem","position":2,"name":"Shop","item":"https:\/\/Regalino-Shop.de\/?page_id=40"},{"@type":"ListItem","position":3,"name":"Apothekerglas für Stabkerze von Ib Laursen"}]},{"@type":"WebSite","@id":"https:\/\/Regalino-Shop.de\/#website","url":"https:\/\/Regalino-Shop.de\/","name":"Regalino -Lively Style","description":"gelebtes Zuhause","potentialAction":[{"@type":"SearchAction","target":{"@type":"EntryPoint","urlTemplate":"https:\/\/Regalino-Shop.de\/?s={search_term_string}"},"query-input":{"@type":"PropertyValueSpecification","valueRequired":true,"valueName":"search_term_string"}}],"inLanguage":"de"}]}</script>
<!-- / Yoast SEO plugin. -->

Apothekerglas für Stabkerze von Ib Laursen - Regalino -Lively Style

kleines Apotherglas für Stabkerzen oder als Väschen - Größe: H: 11 Ø: 5,5

Apotherglas-Stabkerzen-Väschen-Ib-Laursen
