{"id":12079,"date":"2023-10-04T09:01:29","date_gmt":"2023-10-04T09:01:29","guid":{"rendered":"https:\/\/Regalino-Shop.de\/?post_type=product&#038;p=12079"},"modified":"2026-03-11T15:29:13","modified_gmt":"2026-03-11T15:29:13","slug":"brotdose-michel-aus-loennerberga-von-raett-start","status":"publish","type":"product","link":"https:\/\/Regalino-Shop.de\/?product=brotdose-michel-aus-loennerberga-von-raett-start","title":{"rendered":"Brotdose *Michel aus L\u00f6nnerberga* von R\u00e4tt Start"},"content":{"rendered":"","protected":false},"excerpt":{"rendered":"<div class=\"product--description block\">\n<h3>Michel aus L\u00f6nneberga von Astrid Lindgren<\/h3>\n<ul>\n<li>Material: Polypropylen (BSCI-zertifiziert- enth\u00e4lt keine giftigen Stoffe)<\/li>\n<li>Ma\u00dfe. 18 cm x 8 cm H\u00f6he x 12 cm Breite<\/li>\n<li>Zwischeneinsatz mit zwei F\u00e4chern &amp; Deckel mit Clip-Verschluss<\/li>\n<li>sp\u00fclmaschinenfest<\/li>\n<\/ul>\n<p>Lieferumfang: 1 Brotdose<\/p>\n<\/div>\n","protected":false},"featured_media":12080,"template":"","meta":{"_et_pb_use_builder":"","_et_pb_old_content":"","_et_gb_content_width":""},"product_brand":[],"product_cat":[845,82],"product_tag":[1433,1436,1434,1455],"class_list":{"0":"post-12079","1":"product","2":"type-product","3":"status-publish","4":"has-post-thumbnail","6":"product_cat-kindergeschirr-mit-nordischem-charme-regalino","7":"product_cat-unterwegs-picknick-praktische-lieblingsstuecke-regalino","8":"product_tag-astrid-lindgren","9":"product_tag-brotdose","10":"product_tag-ilon-wikland","11":"product_tag-michel-aus-loenneberga","13":"first","14":"instock","15":"taxable","16":"shipping-taxable","17":"purchasable","18":"product-type-simple"},"yoast_head":"<!-- This site is optimized with the Yoast SEO plugin v27.5 - https:\/\/yoast.com\/product\/yoast-seo-wordpress\/ -->\n<title>Brotdose *Michel aus L\u00f6nnerberga* von R\u00e4tt Start - Regalino -Lively Style<\/title>\n<meta name=\"description\" content=\"Brotdose mit Zwischeneinsatz mit zwei F\u00e4chern &amp; Clip-Verschluss - Motiv: Michel aus L\u00f6nnerberga, der im Original Emil in L\u00f6nneberga heisst\" \/>\n<meta name=\"robots\" content=\"index, follow, max-snippet:-1, max-image-preview:large, max-video-preview:-1\" \/>\n<link rel=\"canonical\" href=\"https:\/\/Regalino-Shop.de\/?product=brotdose-michel-aus-loennerberga-von-raett-start\" \/>\n<meta property=\"og:locale\" content=\"de_DE\" \/>\n<meta property=\"og:type\" content=\"article\" \/>\n<meta property=\"og:title\" content=\"Brotdose *Michel aus L\u00f6nnerberga* von R\u00e4tt Start - Regalino -Lively Style\" \/>\n<meta property=\"og:description\" content=\"Brotdose mit Zwischeneinsatz mit zwei F\u00e4chern &amp; Clip-Verschluss - Motiv: Michel aus L\u00f6nnerberga, der im Original Emil in L\u00f6nneberga heisst\" \/>\n<meta property=\"og:url\" content=\"https:\/\/Regalino-Shop.de\/?product=brotdose-michel-aus-loennerberga-von-raett-start\" \/>\n<meta property=\"og:site_name\" content=\"Regalino -Lively Style\" \/>\n<meta property=\"article:modified_time\" content=\"2026-03-11T15:29:13+00:00\" \/>\n<meta property=\"og:image\" content=\"https:\/\/Regalino-Shop.de\/wp-content\/uploads\/2023\/10\/Brotdose-Michel-aus-Loenneberga-Raett-Start-Astrid-Lindgren.jpg\" \/>\n\t<meta property=\"og:image:width\" content=\"497\" \/>\n\t<meta property=\"og:image:height\" content=\"449\" \/>\n\t<meta property=\"og:image:type\" content=\"image\/jpeg\" \/>\n<meta name=\"twitter:card\" content=\"summary_large_image\" \/>\n<script type=\"application\/ld+json\" class=\"yoast-schema-graph\">{\"@context\":\"https:\\\/\\\/schema.org\",\"@graph\":[{\"@type\":\"WebPage\",\"@id\":\"https:\\\/\\\/Regalino-Shop.de\\\/?product=brotdose-michel-aus-loennerberga-von-raett-start\",\"url\":\"https:\\\/\\\/Regalino-Shop.de\\\/?product=brotdose-michel-aus-loennerberga-von-raett-start\",\"name\":\"Brotdose *Michel aus L\u00f6nnerberga* von R\u00e4tt Start - Regalino -Lively Style\",\"isPartOf\":{\"@id\":\"https:\\\/\\\/Regalino-Shop.de\\\/#website\"},\"primaryImageOfPage\":{\"@id\":\"https:\\\/\\\/Regalino-Shop.de\\\/?product=brotdose-michel-aus-loennerberga-von-raett-start#primaryimage\"},\"image\":{\"@id\":\"https:\\\/\\\/Regalino-Shop.de\\\/?product=brotdose-michel-aus-loennerberga-von-raett-start#primaryimage\"},\"thumbnailUrl\":\"https:\\\/\\\/Regalino-Shop.de\\\/wp-content\\\/uploads\\\/2023\\\/10\\\/Brotdose-Michel-aus-Loenneberga-Raett-Start-Astrid-Lindgren.jpg\",\"datePublished\":\"2023-10-04T09:01:29+00:00\",\"dateModified\":\"2026-03-11T15:29:13+00:00\",\"description\":\"Brotdose mit Zwischeneinsatz mit zwei F\u00e4chern & Clip-Verschluss - Motiv: Michel aus L\u00f6nnerberga, der im Original Emil in L\u00f6nneberga heisst\",\"breadcrumb\":{\"@id\":\"https:\\\/\\\/Regalino-Shop.de\\\/?product=brotdose-michel-aus-loennerberga-von-raett-start#breadcrumb\"},\"inLanguage\":\"de\",\"potentialAction\":[{\"@type\":\"ReadAction\",\"target\":[\"https:\\\/\\\/Regalino-Shop.de\\\/?product=brotdose-michel-aus-loennerberga-von-raett-start\"]}]},{\"@type\":\"ImageObject\",\"inLanguage\":\"de\",\"@id\":\"https:\\\/\\\/Regalino-Shop.de\\\/?product=brotdose-michel-aus-loennerberga-von-raett-start#primaryimage\",\"url\":\"https:\\\/\\\/Regalino-Shop.de\\\/wp-content\\\/uploads\\\/2023\\\/10\\\/Brotdose-Michel-aus-Loenneberga-Raett-Start-Astrid-Lindgren.jpg\",\"contentUrl\":\"https:\\\/\\\/Regalino-Shop.de\\\/wp-content\\\/uploads\\\/2023\\\/10\\\/Brotdose-Michel-aus-Loenneberga-Raett-Start-Astrid-Lindgren.jpg\",\"width\":497,\"height\":449},{\"@type\":\"BreadcrumbList\",\"@id\":\"https:\\\/\\\/Regalino-Shop.de\\\/?product=brotdose-michel-aus-loennerberga-von-raett-start#breadcrumb\",\"itemListElement\":[{\"@type\":\"ListItem\",\"position\":1,\"name\":\"Startseite\",\"item\":\"https:\\\/\\\/Regalino-Shop.de\\\/\"},{\"@type\":\"ListItem\",\"position\":2,\"name\":\"Shop\",\"item\":\"https:\\\/\\\/Regalino-Shop.de\\\/?page_id=40\"},{\"@type\":\"ListItem\",\"position\":3,\"name\":\"Brotdose *Michel aus L\u00f6nnerberga* von R\u00e4tt Start\"}]},{\"@type\":\"WebSite\",\"@id\":\"https:\\\/\\\/Regalino-Shop.de\\\/#website\",\"url\":\"https:\\\/\\\/Regalino-Shop.de\\\/\",\"name\":\"Regalino -Lively Style\",\"description\":\"gelebtes Zuhause\",\"potentialAction\":[{\"@type\":\"SearchAction\",\"target\":{\"@type\":\"EntryPoint\",\"urlTemplate\":\"https:\\\/\\\/Regalino-Shop.de\\\/?s={search_term_string}\"},\"query-input\":{\"@type\":\"PropertyValueSpecification\",\"valueRequired\":true,\"valueName\":\"search_term_string\"}}],\"inLanguage\":\"de\"}]}<\/script>\n<!-- \/ Yoast SEO plugin. -->","yoast_head_json":{"title":"Brotdose *Michel aus L\u00f6nnerberga* von R\u00e4tt Start - Regalino -Lively Style","description":"Brotdose mit Zwischeneinsatz mit zwei F\u00e4chern & Clip-Verschluss - Motiv: Michel aus L\u00f6nnerberga, der im Original Emil in L\u00f6nneberga heisst","robots":{"index":"index","follow":"follow","max-snippet":"max-snippet:-1","max-image-preview":"max-image-preview:large","max-video-preview":"max-video-preview:-1"},"canonical":"https:\/\/Regalino-Shop.de\/?product=brotdose-michel-aus-loennerberga-von-raett-start","og_locale":"de_DE","og_type":"article","og_title":"Brotdose *Michel aus L\u00f6nnerberga* von R\u00e4tt Start - Regalino -Lively Style","og_description":"Brotdose mit Zwischeneinsatz mit zwei F\u00e4chern & Clip-Verschluss - Motiv: Michel aus L\u00f6nnerberga, der im Original Emil in L\u00f6nneberga heisst","og_url":"https:\/\/Regalino-Shop.de\/?product=brotdose-michel-aus-loennerberga-von-raett-start","og_site_name":"Regalino -Lively Style","article_modified_time":"2026-03-11T15:29:13+00:00","og_image":[{"width":497,"height":449,"url":"https:\/\/Regalino-Shop.de\/wp-content\/uploads\/2023\/10\/Brotdose-Michel-aus-Loenneberga-Raett-Start-Astrid-Lindgren.jpg","type":"image\/jpeg"}],"twitter_card":"summary_large_image","schema":{"@context":"https:\/\/schema.org","@graph":[{"@type":"WebPage","@id":"https:\/\/Regalino-Shop.de\/?product=brotdose-michel-aus-loennerberga-von-raett-start","url":"https:\/\/Regalino-Shop.de\/?product=brotdose-michel-aus-loennerberga-von-raett-start","name":"Brotdose *Michel aus L\u00f6nnerberga* von R\u00e4tt Start - Regalino -Lively Style","isPartOf":{"@id":"https:\/\/Regalino-Shop.de\/#website"},"primaryImageOfPage":{"@id":"https:\/\/Regalino-Shop.de\/?product=brotdose-michel-aus-loennerberga-von-raett-start#primaryimage"},"image":{"@id":"https:\/\/Regalino-Shop.de\/?product=brotdose-michel-aus-loennerberga-von-raett-start#primaryimage"},"thumbnailUrl":"https:\/\/Regalino-Shop.de\/wp-content\/uploads\/2023\/10\/Brotdose-Michel-aus-Loenneberga-Raett-Start-Astrid-Lindgren.jpg","datePublished":"2023-10-04T09:01:29+00:00","dateModified":"2026-03-11T15:29:13+00:00","description":"Brotdose mit Zwischeneinsatz mit zwei F\u00e4chern & Clip-Verschluss - Motiv: Michel aus L\u00f6nnerberga, der im Original Emil in L\u00f6nneberga heisst","breadcrumb":{"@id":"https:\/\/Regalino-Shop.de\/?product=brotdose-michel-aus-loennerberga-von-raett-start#breadcrumb"},"inLanguage":"de","potentialAction":[{"@type":"ReadAction","target":["https:\/\/Regalino-Shop.de\/?product=brotdose-michel-aus-loennerberga-von-raett-start"]}]},{"@type":"ImageObject","inLanguage":"de","@id":"https:\/\/Regalino-Shop.de\/?product=brotdose-michel-aus-loennerberga-von-raett-start#primaryimage","url":"https:\/\/Regalino-Shop.de\/wp-content\/uploads\/2023\/10\/Brotdose-Michel-aus-Loenneberga-Raett-Start-Astrid-Lindgren.jpg","contentUrl":"https:\/\/Regalino-Shop.de\/wp-content\/uploads\/2023\/10\/Brotdose-Michel-aus-Loenneberga-Raett-Start-Astrid-Lindgren.jpg","width":497,"height":449},{"@type":"BreadcrumbList","@id":"https:\/\/Regalino-Shop.de\/?product=brotdose-michel-aus-loennerberga-von-raett-start#breadcrumb","itemListElement":[{"@type":"ListItem","position":1,"name":"Startseite","item":"https:\/\/Regalino-Shop.de\/"},{"@type":"ListItem","position":2,"name":"Shop","item":"https:\/\/Regalino-Shop.de\/?page_id=40"},{"@type":"ListItem","position":3,"name":"Brotdose *Michel aus L\u00f6nnerberga* von R\u00e4tt Start"}]},{"@type":"WebSite","@id":"https:\/\/Regalino-Shop.de\/#website","url":"https:\/\/Regalino-Shop.de\/","name":"Regalino -Lively Style","description":"gelebtes Zuhause","potentialAction":[{"@type":"SearchAction","target":{"@type":"EntryPoint","urlTemplate":"https:\/\/Regalino-Shop.de\/?s={search_term_string}"},"query-input":{"@type":"PropertyValueSpecification","valueRequired":true,"valueName":"search_term_string"}}],"inLanguage":"de"}]}},"_links":{"self":[{"href":"https:\/\/Regalino-Shop.de\/index.php?rest_route=\/wp\/v2\/product\/12079","targetHints":{"allow":["GET"]}}],"collection":[{"href":"https:\/\/Regalino-Shop.de\/index.php?rest_route=\/wp\/v2\/product"}],"about":[{"href":"https:\/\/Regalino-Shop.de\/index.php?rest_route=\/wp\/v2\/types\/product"}],"wp:featuredmedia":[{"embeddable":true,"href":"https:\/\/Regalino-Shop.de\/index.php?rest_route=\/wp\/v2\/media\/12080"}],"wp:attachment":[{"href":"https:\/\/Regalino-Shop.de\/index.php?rest_route=%2Fwp%2Fv2%2Fmedia&parent=12079"}],"wp:term":[{"taxonomy":"product_brand","embeddable":true,"href":"https:\/\/Regalino-Shop.de\/index.php?rest_route=%2Fwp%2Fv2%2Fproduct_brand&post=12079"},{"taxonomy":"product_cat","embeddable":true,"href":"https:\/\/Regalino-Shop.de\/index.php?rest_route=%2Fwp%2Fv2%2Fproduct_cat&post=12079"},{"taxonomy":"product_tag","embeddable":true,"href":"https:\/\/Regalino-Shop.de\/index.php?rest_route=%2Fwp%2Fv2%2Fproduct_tag&post=12079"}],"curies":[{"name":"wp","href":"https:\/\/api.w.org\/{rel}","templated":true}]}}

Brotdose *Michel aus Lönnerberga* von Rätt Start

<div class="product--description block">
<h3>Michel aus Lönneberga von Astrid Lindgren</h3>
<ul>
<li>Material: Polypropylen (BSCI-zertifiziert- enthält keine giftigen Stoffe)</li>
<li>Maße. 18 cm x 8 cm Höhe x 12 cm Breite</li>
<li>Zwischeneinsatz mit zwei Fächern &amp; Deckel mit Clip-Verschluss</li>
<li>spülmaschinenfest</li>
</ul>
<p>Lieferumfang: 1 Brotdose</p>
</div>

<!-- This site is optimized with the Yoast SEO plugin v27.5 - https://yoast.com/product/yoast-seo-wordpress/ -->
<title>Brotdose *Michel aus Lönnerberga* von Rätt Start - Regalino -Lively Style</title>
<meta name="description" content="Brotdose mit Zwischeneinsatz mit zwei Fächern &amp; Clip-Verschluss - Motiv: Michel aus Lönnerberga, der im Original Emil in Lönneberga heisst" />
<meta name="robots" content="index, follow, max-snippet:-1, max-image-preview:large, max-video-preview:-1" />
<link rel="canonical" href="https://Regalino-Shop.de/?product=brotdose-michel-aus-loennerberga-von-raett-start" />
<meta property="og:locale" content="de_DE" />
<meta property="og:type" content="article" />
<meta property="og:title" content="Brotdose *Michel aus Lönnerberga* von Rätt Start - Regalino -Lively Style" />
<meta property="og:description" content="Brotdose mit Zwischeneinsatz mit zwei Fächern &amp; Clip-Verschluss - Motiv: Michel aus Lönnerberga, der im Original Emil in Lönneberga heisst" />
<meta property="og:url" content="https://Regalino-Shop.de/?product=brotdose-michel-aus-loennerberga-von-raett-start" />
<meta property="og:site_name" content="Regalino -Lively Style" />
<meta property="article:modified_time" content="2026-03-11T15:29:13+00:00" />
<meta property="og:image" content="https://Regalino-Shop.de/wp-content/uploads/2023/10/Brotdose-Michel-aus-Loenneberga-Raett-Start-Astrid-Lindgren.jpg" />
	<meta property="og:image:width" content="497" />
	<meta property="og:image:height" content="449" />
	<meta property="og:image:type" content="image/jpeg" />
<meta name="twitter:card" content="summary_large_image" />
<script type="application/ld+json" class="yoast-schema-graph">{"@context":"https:\/\/schema.org","@graph":[{"@type":"WebPage","@id":"https:\/\/Regalino-Shop.de\/?product=brotdose-michel-aus-loennerberga-von-raett-start","url":"https:\/\/Regalino-Shop.de\/?product=brotdose-michel-aus-loennerberga-von-raett-start","name":"Brotdose *Michel aus Lönnerberga* von Rätt Start - Regalino -Lively Style","isPartOf":{"@id":"https:\/\/Regalino-Shop.de\/#website"},"primaryImageOfPage":{"@id":"https:\/\/Regalino-Shop.de\/?product=brotdose-michel-aus-loennerberga-von-raett-start#primaryimage"},"image":{"@id":"https:\/\/Regalino-Shop.de\/?product=brotdose-michel-aus-loennerberga-von-raett-start#primaryimage"},"thumbnailUrl":"https:\/\/Regalino-Shop.de\/wp-content\/uploads\/2023\/10\/Brotdose-Michel-aus-Loenneberga-Raett-Start-Astrid-Lindgren.jpg","datePublished":"2023-10-04T09:01:29+00:00","dateModified":"2026-03-11T15:29:13+00:00","description":"Brotdose mit Zwischeneinsatz mit zwei Fächern & Clip-Verschluss - Motiv: Michel aus Lönnerberga, der im Original Emil in Lönneberga heisst","breadcrumb":{"@id":"https:\/\/Regalino-Shop.de\/?product=brotdose-michel-aus-loennerberga-von-raett-start#breadcrumb"},"inLanguage":"de","potentialAction":[{"@type":"ReadAction","target":["https:\/\/Regalino-Shop.de\/?product=brotdose-michel-aus-loennerberga-von-raett-start"]}]},{"@type":"ImageObject","inLanguage":"de","@id":"https:\/\/Regalino-Shop.de\/?product=brotdose-michel-aus-loennerberga-von-raett-start#primaryimage","url":"https:\/\/Regalino-Shop.de\/wp-content\/uploads\/2023\/10\/Brotdose-Michel-aus-Loenneberga-Raett-Start-Astrid-Lindgren.jpg","contentUrl":"https:\/\/Regalino-Shop.de\/wp-content\/uploads\/2023\/10\/Brotdose-Michel-aus-Loenneberga-Raett-Start-Astrid-Lindgren.jpg","width":497,"height":449},{"@type":"BreadcrumbList","@id":"https:\/\/Regalino-Shop.de\/?product=brotdose-michel-aus-loennerberga-von-raett-start#breadcrumb","itemListElement":[{"@type":"ListItem","position":1,"name":"Startseite","item":"https:\/\/Regalino-Shop.de\/"},{"@type":"ListItem","position":2,"name":"Shop","item":"https:\/\/Regalino-Shop.de\/?page_id=40"},{"@type":"ListItem","position":3,"name":"Brotdose *Michel aus Lönnerberga* von Rätt Start"}]},{"@type":"WebSite","@id":"https:\/\/Regalino-Shop.de\/#website","url":"https:\/\/Regalino-Shop.de\/","name":"Regalino -Lively Style","description":"gelebtes Zuhause","potentialAction":[{"@type":"SearchAction","target":{"@type":"EntryPoint","urlTemplate":"https:\/\/Regalino-Shop.de\/?s={search_term_string}"},"query-input":{"@type":"PropertyValueSpecification","valueRequired":true,"valueName":"search_term_string"}}],"inLanguage":"de"}]}</script>
<!-- / Yoast SEO plugin. -->

Brotdose *Michel aus Lönnerberga* von Rätt Start - Regalino -Lively Style

Brotdose mit Zwischeneinsatz mit zwei Fächern & Clip-Verschluss - Motiv: Michel aus Lönnerberga, der im Original Emil in Lönneberga heisst
