{"id":12140,"date":"2023-10-04T12:38:58","date_gmt":"2023-10-04T12:38:58","guid":{"rendered":"https:\/\/Regalino-Shop.de\/?post_type=product&#038;p=12140"},"modified":"2025-03-25T14:58:20","modified_gmt":"2025-03-25T14:58:20","slug":"trinkflasche-mumin-von-raett-start","status":"publish","type":"product","link":"https:\/\/Regalino-Shop.de\/?product=trinkflasche-mumin-von-raett-start","title":{"rendered":"Trinkflasche *Mumin* von R\u00e4tt Start"},"content":{"rendered":"","protected":false},"excerpt":{"rendered":"<div class=\"product--description block\">\n<h3>mit Thermofunktion<\/h3>\n<ul>\n<li>Material: Edelstahl<\/li>\n<li>auswechselbarer Trinkhalm aus Kunststoff, dicht schlie\u00dfend<\/li>\n<li>Fassungsverm\u00f6gen: 340 ml<\/li>\n<\/ul>\n<p>Lieferumfang: 1 Flasche<\/p>\n<\/div>\n","protected":false},"featured_media":12141,"template":"","meta":{"_et_pb_use_builder":"","_et_pb_old_content":"","_et_gb_content_width":""},"product_brand":[],"product_cat":[845,82],"product_tag":[1433,1434,1457,1458,381],"class_list":{"0":"post-12140","1":"product","2":"type-product","3":"status-publish","4":"has-post-thumbnail","6":"product_cat-kindergeschirr-mit-nordischem-charme-regalino","7":"product_cat-unterwegs-picknick-praktische-lieblingsstuecke-regalino","8":"product_tag-astrid-lindgren","9":"product_tag-ilon-wikland","10":"product_tag-moomin","11":"product_tag-mumin","12":"product_tag-trinkflasche","14":"first","15":"instock","16":"taxable","17":"shipping-taxable","18":"purchasable","19":"product-type-simple"},"yoast_head":"<!-- This site is optimized with the Yoast SEO plugin v27.5 - https:\/\/yoast.com\/product\/yoast-seo-wordpress\/ -->\n<title>Trinkflasche *Mumin* von R\u00e4tt Start - Regalino -Lively Style<\/title>\n<meta name=\"description\" content=\"so zauberhaft -graphisches Motiv *Mumin* von R\u00e4tt Start Schweden -praktische Trinkflasche mit Thermofunktion - 340 ml Fassungsverm\u00f6gen\" \/>\n<meta name=\"robots\" content=\"index, follow, max-snippet:-1, max-image-preview:large, max-video-preview:-1\" \/>\n<link rel=\"canonical\" href=\"https:\/\/Regalino-Shop.de\/?product=trinkflasche-mumin-von-raett-start\" \/>\n<meta property=\"og:locale\" content=\"de_DE\" \/>\n<meta property=\"og:type\" content=\"article\" \/>\n<meta property=\"og:title\" content=\"Trinkflasche *Mumin* von R\u00e4tt Start - Regalino -Lively Style\" \/>\n<meta property=\"og:description\" content=\"so zauberhaft -graphisches Motiv *Mumin* von R\u00e4tt Start Schweden -praktische Trinkflasche mit Thermofunktion - 340 ml Fassungsverm\u00f6gen\" \/>\n<meta property=\"og:url\" content=\"https:\/\/Regalino-Shop.de\/?product=trinkflasche-mumin-von-raett-start\" \/>\n<meta property=\"og:site_name\" content=\"Regalino -Lively Style\" \/>\n<meta property=\"article:modified_time\" content=\"2025-03-25T14:58:20+00:00\" \/>\n<meta property=\"og:image\" content=\"https:\/\/Regalino-Shop.de\/wp-content\/uploads\/2023\/10\/Trinkflasche-Mumin-Moomin-Raett-Start.jpg\" \/>\n\t<meta property=\"og:image:width\" content=\"2560\" \/>\n\t<meta property=\"og:image:height\" content=\"2560\" \/>\n\t<meta property=\"og:image:type\" content=\"image\/jpeg\" \/>\n<meta name=\"twitter:card\" content=\"summary_large_image\" \/>\n<script type=\"application\/ld+json\" class=\"yoast-schema-graph\">{\"@context\":\"https:\\\/\\\/schema.org\",\"@graph\":[{\"@type\":\"WebPage\",\"@id\":\"https:\\\/\\\/Regalino-Shop.de\\\/?product=trinkflasche-mumin-von-raett-start\",\"url\":\"https:\\\/\\\/Regalino-Shop.de\\\/?product=trinkflasche-mumin-von-raett-start\",\"name\":\"Trinkflasche *Mumin* von R\u00e4tt Start - Regalino -Lively Style\",\"isPartOf\":{\"@id\":\"https:\\\/\\\/Regalino-Shop.de\\\/#website\"},\"primaryImageOfPage\":{\"@id\":\"https:\\\/\\\/Regalino-Shop.de\\\/?product=trinkflasche-mumin-von-raett-start#primaryimage\"},\"image\":{\"@id\":\"https:\\\/\\\/Regalino-Shop.de\\\/?product=trinkflasche-mumin-von-raett-start#primaryimage\"},\"thumbnailUrl\":\"https:\\\/\\\/Regalino-Shop.de\\\/wp-content\\\/uploads\\\/2023\\\/10\\\/Trinkflasche-Mumin-Moomin-Raett-Start.jpg\",\"datePublished\":\"2023-10-04T12:38:58+00:00\",\"dateModified\":\"2025-03-25T14:58:20+00:00\",\"description\":\"so zauberhaft -graphisches Motiv *Mumin* von R\u00e4tt Start Schweden -praktische Trinkflasche mit Thermofunktion - 340 ml Fassungsverm\u00f6gen\",\"breadcrumb\":{\"@id\":\"https:\\\/\\\/Regalino-Shop.de\\\/?product=trinkflasche-mumin-von-raett-start#breadcrumb\"},\"inLanguage\":\"de\",\"potentialAction\":[{\"@type\":\"ReadAction\",\"target\":[\"https:\\\/\\\/Regalino-Shop.de\\\/?product=trinkflasche-mumin-von-raett-start\"]}]},{\"@type\":\"ImageObject\",\"inLanguage\":\"de\",\"@id\":\"https:\\\/\\\/Regalino-Shop.de\\\/?product=trinkflasche-mumin-von-raett-start#primaryimage\",\"url\":\"https:\\\/\\\/Regalino-Shop.de\\\/wp-content\\\/uploads\\\/2023\\\/10\\\/Trinkflasche-Mumin-Moomin-Raett-Start.jpg\",\"contentUrl\":\"https:\\\/\\\/Regalino-Shop.de\\\/wp-content\\\/uploads\\\/2023\\\/10\\\/Trinkflasche-Mumin-Moomin-Raett-Start.jpg\",\"width\":2560,\"height\":2560},{\"@type\":\"BreadcrumbList\",\"@id\":\"https:\\\/\\\/Regalino-Shop.de\\\/?product=trinkflasche-mumin-von-raett-start#breadcrumb\",\"itemListElement\":[{\"@type\":\"ListItem\",\"position\":1,\"name\":\"Startseite\",\"item\":\"https:\\\/\\\/Regalino-Shop.de\\\/\"},{\"@type\":\"ListItem\",\"position\":2,\"name\":\"Shop\",\"item\":\"https:\\\/\\\/Regalino-Shop.de\\\/?page_id=40\"},{\"@type\":\"ListItem\",\"position\":3,\"name\":\"Trinkflasche *Mumin* von R\u00e4tt Start\"}]},{\"@type\":\"WebSite\",\"@id\":\"https:\\\/\\\/Regalino-Shop.de\\\/#website\",\"url\":\"https:\\\/\\\/Regalino-Shop.de\\\/\",\"name\":\"Regalino -Lively Style\",\"description\":\"gelebtes Zuhause\",\"potentialAction\":[{\"@type\":\"SearchAction\",\"target\":{\"@type\":\"EntryPoint\",\"urlTemplate\":\"https:\\\/\\\/Regalino-Shop.de\\\/?s={search_term_string}\"},\"query-input\":{\"@type\":\"PropertyValueSpecification\",\"valueRequired\":true,\"valueName\":\"search_term_string\"}}],\"inLanguage\":\"de\"}]}<\/script>\n<!-- \/ Yoast SEO plugin. -->","yoast_head_json":{"title":"Trinkflasche *Mumin* von R\u00e4tt Start - Regalino -Lively Style","description":"so zauberhaft -graphisches Motiv *Mumin* von R\u00e4tt Start Schweden -praktische Trinkflasche mit Thermofunktion - 340 ml Fassungsverm\u00f6gen","robots":{"index":"index","follow":"follow","max-snippet":"max-snippet:-1","max-image-preview":"max-image-preview:large","max-video-preview":"max-video-preview:-1"},"canonical":"https:\/\/Regalino-Shop.de\/?product=trinkflasche-mumin-von-raett-start","og_locale":"de_DE","og_type":"article","og_title":"Trinkflasche *Mumin* von R\u00e4tt Start - Regalino -Lively Style","og_description":"so zauberhaft -graphisches Motiv *Mumin* von R\u00e4tt Start Schweden -praktische Trinkflasche mit Thermofunktion - 340 ml Fassungsverm\u00f6gen","og_url":"https:\/\/Regalino-Shop.de\/?product=trinkflasche-mumin-von-raett-start","og_site_name":"Regalino -Lively Style","article_modified_time":"2025-03-25T14:58:20+00:00","og_image":[{"width":2560,"height":2560,"url":"https:\/\/Regalino-Shop.de\/wp-content\/uploads\/2023\/10\/Trinkflasche-Mumin-Moomin-Raett-Start.jpg","type":"image\/jpeg"}],"twitter_card":"summary_large_image","schema":{"@context":"https:\/\/schema.org","@graph":[{"@type":"WebPage","@id":"https:\/\/Regalino-Shop.de\/?product=trinkflasche-mumin-von-raett-start","url":"https:\/\/Regalino-Shop.de\/?product=trinkflasche-mumin-von-raett-start","name":"Trinkflasche *Mumin* von R\u00e4tt Start - Regalino -Lively Style","isPartOf":{"@id":"https:\/\/Regalino-Shop.de\/#website"},"primaryImageOfPage":{"@id":"https:\/\/Regalino-Shop.de\/?product=trinkflasche-mumin-von-raett-start#primaryimage"},"image":{"@id":"https:\/\/Regalino-Shop.de\/?product=trinkflasche-mumin-von-raett-start#primaryimage"},"thumbnailUrl":"https:\/\/Regalino-Shop.de\/wp-content\/uploads\/2023\/10\/Trinkflasche-Mumin-Moomin-Raett-Start.jpg","datePublished":"2023-10-04T12:38:58+00:00","dateModified":"2025-03-25T14:58:20+00:00","description":"so zauberhaft -graphisches Motiv *Mumin* von R\u00e4tt Start Schweden -praktische Trinkflasche mit Thermofunktion - 340 ml Fassungsverm\u00f6gen","breadcrumb":{"@id":"https:\/\/Regalino-Shop.de\/?product=trinkflasche-mumin-von-raett-start#breadcrumb"},"inLanguage":"de","potentialAction":[{"@type":"ReadAction","target":["https:\/\/Regalino-Shop.de\/?product=trinkflasche-mumin-von-raett-start"]}]},{"@type":"ImageObject","inLanguage":"de","@id":"https:\/\/Regalino-Shop.de\/?product=trinkflasche-mumin-von-raett-start#primaryimage","url":"https:\/\/Regalino-Shop.de\/wp-content\/uploads\/2023\/10\/Trinkflasche-Mumin-Moomin-Raett-Start.jpg","contentUrl":"https:\/\/Regalino-Shop.de\/wp-content\/uploads\/2023\/10\/Trinkflasche-Mumin-Moomin-Raett-Start.jpg","width":2560,"height":2560},{"@type":"BreadcrumbList","@id":"https:\/\/Regalino-Shop.de\/?product=trinkflasche-mumin-von-raett-start#breadcrumb","itemListElement":[{"@type":"ListItem","position":1,"name":"Startseite","item":"https:\/\/Regalino-Shop.de\/"},{"@type":"ListItem","position":2,"name":"Shop","item":"https:\/\/Regalino-Shop.de\/?page_id=40"},{"@type":"ListItem","position":3,"name":"Trinkflasche *Mumin* von R\u00e4tt Start"}]},{"@type":"WebSite","@id":"https:\/\/Regalino-Shop.de\/#website","url":"https:\/\/Regalino-Shop.de\/","name":"Regalino -Lively Style","description":"gelebtes Zuhause","potentialAction":[{"@type":"SearchAction","target":{"@type":"EntryPoint","urlTemplate":"https:\/\/Regalino-Shop.de\/?s={search_term_string}"},"query-input":{"@type":"PropertyValueSpecification","valueRequired":true,"valueName":"search_term_string"}}],"inLanguage":"de"}]}},"_links":{"self":[{"href":"https:\/\/Regalino-Shop.de\/index.php?rest_route=\/wp\/v2\/product\/12140","targetHints":{"allow":["GET"]}}],"collection":[{"href":"https:\/\/Regalino-Shop.de\/index.php?rest_route=\/wp\/v2\/product"}],"about":[{"href":"https:\/\/Regalino-Shop.de\/index.php?rest_route=\/wp\/v2\/types\/product"}],"wp:featuredmedia":[{"embeddable":true,"href":"https:\/\/Regalino-Shop.de\/index.php?rest_route=\/wp\/v2\/media\/12141"}],"wp:attachment":[{"href":"https:\/\/Regalino-Shop.de\/index.php?rest_route=%2Fwp%2Fv2%2Fmedia&parent=12140"}],"wp:term":[{"taxonomy":"product_brand","embeddable":true,"href":"https:\/\/Regalino-Shop.de\/index.php?rest_route=%2Fwp%2Fv2%2Fproduct_brand&post=12140"},{"taxonomy":"product_cat","embeddable":true,"href":"https:\/\/Regalino-Shop.de\/index.php?rest_route=%2Fwp%2Fv2%2Fproduct_cat&post=12140"},{"taxonomy":"product_tag","embeddable":true,"href":"https:\/\/Regalino-Shop.de\/index.php?rest_route=%2Fwp%2Fv2%2Fproduct_tag&post=12140"}],"curies":[{"name":"wp","href":"https:\/\/api.w.org\/{rel}","templated":true}]}}