{"id":12163,"date":"2023-10-05T12:13:59","date_gmt":"2023-10-05T12:13:59","guid":{"rendered":"https:\/\/Regalino-Shop.de\/?post_type=product&#038;p=12163"},"modified":"2026-03-11T15:28:24","modified_gmt":"2026-03-11T15:28:24","slug":"vorratsdose-pacifica-s-vanille-von-casafina","status":"publish","type":"product","link":"https:\/\/Regalino-Shop.de\/?product=vorratsdose-pacifica-s-vanille-von-casafina","title":{"rendered":"Vorratsdose *Pacifica* S vanille von Casafina"},"content":{"rendered":"","protected":false},"excerpt":{"rendered":"<h3><span data-mce-mark=\"1\">das perfekte Versteck f\u00fcr Schokolade!<br \/>\n<\/span><\/h3>\n<ul>\n<li><span data-mce-mark=\"1\">\u00a0Beh\u00e4lter: <\/span>bei hohen Temperaturen gebrannt &#8211; sp\u00fclmaschinenfest, mikrowellen- und backofenfest<\/li>\n<li>\u00a0Deckel Eichenholz mit Silikonring zum luftdichten Verschlie\u00dfen &#8211; feucht mit Lappen abwischen<\/li>\n<li><span data-mce-mark=\"1\">Material: Steinzeug<\/span><\/li>\n<li><span data-mce-mark=\"1\">Farbe: vanille<\/span><\/li>\n<li><span data-mce-mark=\"1\">Ma\u00dfe: \u00d8 12,3 cm &#8211; H\u00f6he 11,5 cm<\/span><\/li>\n<li>Fassungsverm\u00f6gen: 700 ml<\/li>\n<\/ul>\n<p><strong>\u00a0<\/strong><\/p>\n<p>&nbsp;<\/p>\n","protected":false},"featured_media":12164,"template":"","meta":{"_et_pb_use_builder":"","_et_pb_old_content":"","_et_gb_content_width":""},"product_brand":[],"product_cat":[80,57],"product_tag":[731,1462,351,1078,1461,1271],"class_list":{"0":"post-12163","1":"product","2":"type-product","3":"status-publish","4":"has-post-thumbnail","6":"product_cat-kueche-servieren-im-scandi-breton-stil-regalino","7":"product_cat-neu-eingetroffen-neue-lieblingsstuecke-bei-regalino","8":"product_tag-handmade","9":"product_tag-keksdose","10":"product_tag-keramik","11":"product_tag-portugal","12":"product_tag-vorratsbehaeter","13":"product_tag-vorratsdose","15":"first","16":"instock","17":"taxable","18":"shipping-taxable","19":"purchasable","20":"product-type-simple"},"yoast_head":"<!-- This site is optimized with the Yoast SEO plugin v27.5 - https:\/\/yoast.com\/product\/yoast-seo-wordpress\/ -->\n<title>Vorratsdose *Pacifica* S vanille von Casafina - Regalino -Lively Style<\/title>\n<meta name=\"description\" content=\"Aus hochwertigem Steinzeug mit Holzdeckel - perfektes Versteck f\u00fcr Schokolade ! temperaturbest\u00e4ndig, mikrowellenfest &amp; sp\u00fclmaschinengeeignet (Beh\u00e4lter)\" \/>\n<meta name=\"robots\" content=\"index, follow, max-snippet:-1, max-image-preview:large, max-video-preview:-1\" \/>\n<link rel=\"canonical\" href=\"https:\/\/Regalino-Shop.de\/?product=vorratsdose-pacifica-s-vanille-von-casafina\" \/>\n<meta property=\"og:locale\" content=\"de_DE\" \/>\n<meta property=\"og:type\" content=\"article\" \/>\n<meta property=\"og:title\" content=\"Vorratsdose *Pacifica* S vanille von Casafina - Regalino -Lively Style\" \/>\n<meta property=\"og:description\" content=\"Aus hochwertigem Steinzeug mit Holzdeckel - perfektes Versteck f\u00fcr Schokolade ! temperaturbest\u00e4ndig, mikrowellenfest &amp; sp\u00fclmaschinengeeignet (Beh\u00e4lter)\" \/>\n<meta property=\"og:url\" content=\"https:\/\/Regalino-Shop.de\/?product=vorratsdose-pacifica-s-vanille-von-casafina\" \/>\n<meta property=\"og:site_name\" content=\"Regalino -Lively Style\" \/>\n<meta property=\"article:modified_time\" content=\"2026-03-11T15:28:24+00:00\" \/>\n<meta property=\"og:image\" content=\"https:\/\/Regalino-Shop.de\/wp-content\/uploads\/2023\/10\/Vorratsbehaelter-canister-vanille-casafina-holzdeckel.jpg\" \/>\n\t<meta property=\"og:image:width\" content=\"1000\" \/>\n\t<meta property=\"og:image:height\" content=\"1000\" \/>\n\t<meta property=\"og:image:type\" content=\"image\/jpeg\" \/>\n<meta name=\"twitter:card\" content=\"summary_large_image\" \/>\n<script type=\"application\/ld+json\" class=\"yoast-schema-graph\">{\"@context\":\"https:\\\/\\\/schema.org\",\"@graph\":[{\"@type\":\"WebPage\",\"@id\":\"https:\\\/\\\/Regalino-Shop.de\\\/?product=vorratsdose-pacifica-s-vanille-von-casafina\",\"url\":\"https:\\\/\\\/Regalino-Shop.de\\\/?product=vorratsdose-pacifica-s-vanille-von-casafina\",\"name\":\"Vorratsdose *Pacifica* S vanille von Casafina - Regalino -Lively Style\",\"isPartOf\":{\"@id\":\"https:\\\/\\\/Regalino-Shop.de\\\/#website\"},\"primaryImageOfPage\":{\"@id\":\"https:\\\/\\\/Regalino-Shop.de\\\/?product=vorratsdose-pacifica-s-vanille-von-casafina#primaryimage\"},\"image\":{\"@id\":\"https:\\\/\\\/Regalino-Shop.de\\\/?product=vorratsdose-pacifica-s-vanille-von-casafina#primaryimage\"},\"thumbnailUrl\":\"https:\\\/\\\/Regalino-Shop.de\\\/wp-content\\\/uploads\\\/2023\\\/10\\\/Vorratsbehaelter-canister-vanille-casafina-holzdeckel.jpg\",\"datePublished\":\"2023-10-05T12:13:59+00:00\",\"dateModified\":\"2026-03-11T15:28:24+00:00\",\"description\":\"Aus hochwertigem Steinzeug mit Holzdeckel - perfektes Versteck f\u00fcr Schokolade ! temperaturbest\u00e4ndig, mikrowellenfest & sp\u00fclmaschinengeeignet (Beh\u00e4lter)\",\"breadcrumb\":{\"@id\":\"https:\\\/\\\/Regalino-Shop.de\\\/?product=vorratsdose-pacifica-s-vanille-von-casafina#breadcrumb\"},\"inLanguage\":\"de\",\"potentialAction\":[{\"@type\":\"ReadAction\",\"target\":[\"https:\\\/\\\/Regalino-Shop.de\\\/?product=vorratsdose-pacifica-s-vanille-von-casafina\"]}]},{\"@type\":\"ImageObject\",\"inLanguage\":\"de\",\"@id\":\"https:\\\/\\\/Regalino-Shop.de\\\/?product=vorratsdose-pacifica-s-vanille-von-casafina#primaryimage\",\"url\":\"https:\\\/\\\/Regalino-Shop.de\\\/wp-content\\\/uploads\\\/2023\\\/10\\\/Vorratsbehaelter-canister-vanille-casafina-holzdeckel.jpg\",\"contentUrl\":\"https:\\\/\\\/Regalino-Shop.de\\\/wp-content\\\/uploads\\\/2023\\\/10\\\/Vorratsbehaelter-canister-vanille-casafina-holzdeckel.jpg\",\"width\":1000,\"height\":1000},{\"@type\":\"BreadcrumbList\",\"@id\":\"https:\\\/\\\/Regalino-Shop.de\\\/?product=vorratsdose-pacifica-s-vanille-von-casafina#breadcrumb\",\"itemListElement\":[{\"@type\":\"ListItem\",\"position\":1,\"name\":\"Startseite\",\"item\":\"https:\\\/\\\/Regalino-Shop.de\\\/\"},{\"@type\":\"ListItem\",\"position\":2,\"name\":\"Shop\",\"item\":\"https:\\\/\\\/Regalino-Shop.de\\\/?page_id=40\"},{\"@type\":\"ListItem\",\"position\":3,\"name\":\"Vorratsdose *Pacifica* S vanille von Casafina\"}]},{\"@type\":\"WebSite\",\"@id\":\"https:\\\/\\\/Regalino-Shop.de\\\/#website\",\"url\":\"https:\\\/\\\/Regalino-Shop.de\\\/\",\"name\":\"Regalino -Lively Style\",\"description\":\"gelebtes Zuhause\",\"potentialAction\":[{\"@type\":\"SearchAction\",\"target\":{\"@type\":\"EntryPoint\",\"urlTemplate\":\"https:\\\/\\\/Regalino-Shop.de\\\/?s={search_term_string}\"},\"query-input\":{\"@type\":\"PropertyValueSpecification\",\"valueRequired\":true,\"valueName\":\"search_term_string\"}}],\"inLanguage\":\"de\"}]}<\/script>\n<!-- \/ Yoast SEO plugin. -->","yoast_head_json":{"title":"Vorratsdose *Pacifica* S vanille von Casafina - Regalino -Lively Style","description":"Aus hochwertigem Steinzeug mit Holzdeckel - perfektes Versteck f\u00fcr Schokolade ! temperaturbest\u00e4ndig, mikrowellenfest & sp\u00fclmaschinengeeignet (Beh\u00e4lter)","robots":{"index":"index","follow":"follow","max-snippet":"max-snippet:-1","max-image-preview":"max-image-preview:large","max-video-preview":"max-video-preview:-1"},"canonical":"https:\/\/Regalino-Shop.de\/?product=vorratsdose-pacifica-s-vanille-von-casafina","og_locale":"de_DE","og_type":"article","og_title":"Vorratsdose *Pacifica* S vanille von Casafina - Regalino -Lively Style","og_description":"Aus hochwertigem Steinzeug mit Holzdeckel - perfektes Versteck f\u00fcr Schokolade ! temperaturbest\u00e4ndig, mikrowellenfest & sp\u00fclmaschinengeeignet (Beh\u00e4lter)","og_url":"https:\/\/Regalino-Shop.de\/?product=vorratsdose-pacifica-s-vanille-von-casafina","og_site_name":"Regalino -Lively Style","article_modified_time":"2026-03-11T15:28:24+00:00","og_image":[{"width":1000,"height":1000,"url":"https:\/\/Regalino-Shop.de\/wp-content\/uploads\/2023\/10\/Vorratsbehaelter-canister-vanille-casafina-holzdeckel.jpg","type":"image\/jpeg"}],"twitter_card":"summary_large_image","schema":{"@context":"https:\/\/schema.org","@graph":[{"@type":"WebPage","@id":"https:\/\/Regalino-Shop.de\/?product=vorratsdose-pacifica-s-vanille-von-casafina","url":"https:\/\/Regalino-Shop.de\/?product=vorratsdose-pacifica-s-vanille-von-casafina","name":"Vorratsdose *Pacifica* S vanille von Casafina - Regalino -Lively Style","isPartOf":{"@id":"https:\/\/Regalino-Shop.de\/#website"},"primaryImageOfPage":{"@id":"https:\/\/Regalino-Shop.de\/?product=vorratsdose-pacifica-s-vanille-von-casafina#primaryimage"},"image":{"@id":"https:\/\/Regalino-Shop.de\/?product=vorratsdose-pacifica-s-vanille-von-casafina#primaryimage"},"thumbnailUrl":"https:\/\/Regalino-Shop.de\/wp-content\/uploads\/2023\/10\/Vorratsbehaelter-canister-vanille-casafina-holzdeckel.jpg","datePublished":"2023-10-05T12:13:59+00:00","dateModified":"2026-03-11T15:28:24+00:00","description":"Aus hochwertigem Steinzeug mit Holzdeckel - perfektes Versteck f\u00fcr Schokolade ! temperaturbest\u00e4ndig, mikrowellenfest & sp\u00fclmaschinengeeignet (Beh\u00e4lter)","breadcrumb":{"@id":"https:\/\/Regalino-Shop.de\/?product=vorratsdose-pacifica-s-vanille-von-casafina#breadcrumb"},"inLanguage":"de","potentialAction":[{"@type":"ReadAction","target":["https:\/\/Regalino-Shop.de\/?product=vorratsdose-pacifica-s-vanille-von-casafina"]}]},{"@type":"ImageObject","inLanguage":"de","@id":"https:\/\/Regalino-Shop.de\/?product=vorratsdose-pacifica-s-vanille-von-casafina#primaryimage","url":"https:\/\/Regalino-Shop.de\/wp-content\/uploads\/2023\/10\/Vorratsbehaelter-canister-vanille-casafina-holzdeckel.jpg","contentUrl":"https:\/\/Regalino-Shop.de\/wp-content\/uploads\/2023\/10\/Vorratsbehaelter-canister-vanille-casafina-holzdeckel.jpg","width":1000,"height":1000},{"@type":"BreadcrumbList","@id":"https:\/\/Regalino-Shop.de\/?product=vorratsdose-pacifica-s-vanille-von-casafina#breadcrumb","itemListElement":[{"@type":"ListItem","position":1,"name":"Startseite","item":"https:\/\/Regalino-Shop.de\/"},{"@type":"ListItem","position":2,"name":"Shop","item":"https:\/\/Regalino-Shop.de\/?page_id=40"},{"@type":"ListItem","position":3,"name":"Vorratsdose *Pacifica* S vanille von Casafina"}]},{"@type":"WebSite","@id":"https:\/\/Regalino-Shop.de\/#website","url":"https:\/\/Regalino-Shop.de\/","name":"Regalino -Lively Style","description":"gelebtes Zuhause","potentialAction":[{"@type":"SearchAction","target":{"@type":"EntryPoint","urlTemplate":"https:\/\/Regalino-Shop.de\/?s={search_term_string}"},"query-input":{"@type":"PropertyValueSpecification","valueRequired":true,"valueName":"search_term_string"}}],"inLanguage":"de"}]}},"_links":{"self":[{"href":"https:\/\/Regalino-Shop.de\/index.php?rest_route=\/wp\/v2\/product\/12163","targetHints":{"allow":["GET"]}}],"collection":[{"href":"https:\/\/Regalino-Shop.de\/index.php?rest_route=\/wp\/v2\/product"}],"about":[{"href":"https:\/\/Regalino-Shop.de\/index.php?rest_route=\/wp\/v2\/types\/product"}],"wp:featuredmedia":[{"embeddable":true,"href":"https:\/\/Regalino-Shop.de\/index.php?rest_route=\/wp\/v2\/media\/12164"}],"wp:attachment":[{"href":"https:\/\/Regalino-Shop.de\/index.php?rest_route=%2Fwp%2Fv2%2Fmedia&parent=12163"}],"wp:term":[{"taxonomy":"product_brand","embeddable":true,"href":"https:\/\/Regalino-Shop.de\/index.php?rest_route=%2Fwp%2Fv2%2Fproduct_brand&post=12163"},{"taxonomy":"product_cat","embeddable":true,"href":"https:\/\/Regalino-Shop.de\/index.php?rest_route=%2Fwp%2Fv2%2Fproduct_cat&post=12163"},{"taxonomy":"product_tag","embeddable":true,"href":"https:\/\/Regalino-Shop.de\/index.php?rest_route=%2Fwp%2Fv2%2Fproduct_tag&post=12163"}],"curies":[{"name":"wp","href":"https:\/\/api.w.org\/{rel}","templated":true}]}}

<h3><span data-mce-mark="1">das perfekte Versteck für Schokolade!<br />
</span></h3>
<ul>
<li><span data-mce-mark="1"> Behälter: </span>bei hohen Temperaturen gebrannt &#8211; spülmaschinenfest, mikrowellen- und backofenfest</li>
<li> Deckel Eichenholz mit Silikonring zum luftdichten Verschließen &#8211; feucht mit Lappen abwischen</li>
<li><span data-mce-mark="1">Material: Steinzeug</span></li>
<li><span data-mce-mark="1">Farbe: vanille</span></li>
<li><span data-mce-mark="1">Maße: Ø 12,3 cm &#8211; Höhe 11,5 cm</span></li>
<li>Fassungsvermögen: 700 ml</li>
</ul>
<p><strong> </strong></p>
<p>&nbsp;</p>

<!-- This site is optimized with the Yoast SEO plugin v27.5 - https://yoast.com/product/yoast-seo-wordpress/ -->
<title>Vorratsdose *Pacifica* S vanille von Casafina - Regalino -Lively Style</title>
<meta name="description" content="Aus hochwertigem Steinzeug mit Holzdeckel - perfektes Versteck für Schokolade ! temperaturbeständig, mikrowellenfest &amp; spülmaschinengeeignet (Behälter)" />
<meta name="robots" content="index, follow, max-snippet:-1, max-image-preview:large, max-video-preview:-1" />
<link rel="canonical" href="https://Regalino-Shop.de/?product=vorratsdose-pacifica-s-vanille-von-casafina" />
<meta property="og:locale" content="de_DE" />
<meta property="og:type" content="article" />
<meta property="og:title" content="Vorratsdose *Pacifica* S vanille von Casafina - Regalino -Lively Style" />
<meta property="og:description" content="Aus hochwertigem Steinzeug mit Holzdeckel - perfektes Versteck für Schokolade ! temperaturbeständig, mikrowellenfest &amp; spülmaschinengeeignet (Behälter)" />
<meta property="og:url" content="https://Regalino-Shop.de/?product=vorratsdose-pacifica-s-vanille-von-casafina" />
<meta property="og:site_name" content="Regalino -Lively Style" />
<meta property="article:modified_time" content="2026-03-11T15:28:24+00:00" />
<meta property="og:image" content="https://Regalino-Shop.de/wp-content/uploads/2023/10/Vorratsbehaelter-canister-vanille-casafina-holzdeckel.jpg" />
	<meta property="og:image:width" content="1000" />
	<meta property="og:image:height" content="1000" />
	<meta property="og:image:type" content="image/jpeg" />
<meta name="twitter:card" content="summary_large_image" />
<script type="application/ld+json" class="yoast-schema-graph">{"@context":"https:\/\/schema.org","@graph":[{"@type":"WebPage","@id":"https:\/\/Regalino-Shop.de\/?product=vorratsdose-pacifica-s-vanille-von-casafina","url":"https:\/\/Regalino-Shop.de\/?product=vorratsdose-pacifica-s-vanille-von-casafina","name":"Vorratsdose *Pacifica* S vanille von Casafina - Regalino -Lively Style","isPartOf":{"@id":"https:\/\/Regalino-Shop.de\/#website"},"primaryImageOfPage":{"@id":"https:\/\/Regalino-Shop.de\/?product=vorratsdose-pacifica-s-vanille-von-casafina#primaryimage"},"image":{"@id":"https:\/\/Regalino-Shop.de\/?product=vorratsdose-pacifica-s-vanille-von-casafina#primaryimage"},"thumbnailUrl":"https:\/\/Regalino-Shop.de\/wp-content\/uploads\/2023\/10\/Vorratsbehaelter-canister-vanille-casafina-holzdeckel.jpg","datePublished":"2023-10-05T12:13:59+00:00","dateModified":"2026-03-11T15:28:24+00:00","description":"Aus hochwertigem Steinzeug mit Holzdeckel - perfektes Versteck für Schokolade ! temperaturbeständig, mikrowellenfest & spülmaschinengeeignet (Behälter)","breadcrumb":{"@id":"https:\/\/Regalino-Shop.de\/?product=vorratsdose-pacifica-s-vanille-von-casafina#breadcrumb"},"inLanguage":"de","potentialAction":[{"@type":"ReadAction","target":["https:\/\/Regalino-Shop.de\/?product=vorratsdose-pacifica-s-vanille-von-casafina"]}]},{"@type":"ImageObject","inLanguage":"de","@id":"https:\/\/Regalino-Shop.de\/?product=vorratsdose-pacifica-s-vanille-von-casafina#primaryimage","url":"https:\/\/Regalino-Shop.de\/wp-content\/uploads\/2023\/10\/Vorratsbehaelter-canister-vanille-casafina-holzdeckel.jpg","contentUrl":"https:\/\/Regalino-Shop.de\/wp-content\/uploads\/2023\/10\/Vorratsbehaelter-canister-vanille-casafina-holzdeckel.jpg","width":1000,"height":1000},{"@type":"BreadcrumbList","@id":"https:\/\/Regalino-Shop.de\/?product=vorratsdose-pacifica-s-vanille-von-casafina#breadcrumb","itemListElement":[{"@type":"ListItem","position":1,"name":"Startseite","item":"https:\/\/Regalino-Shop.de\/"},{"@type":"ListItem","position":2,"name":"Shop","item":"https:\/\/Regalino-Shop.de\/?page_id=40"},{"@type":"ListItem","position":3,"name":"Vorratsdose *Pacifica* S vanille von Casafina"}]},{"@type":"WebSite","@id":"https:\/\/Regalino-Shop.de\/#website","url":"https:\/\/Regalino-Shop.de\/","name":"Regalino -Lively Style","description":"gelebtes Zuhause","potentialAction":[{"@type":"SearchAction","target":{"@type":"EntryPoint","urlTemplate":"https:\/\/Regalino-Shop.de\/?s={search_term_string}"},"query-input":{"@type":"PropertyValueSpecification","valueRequired":true,"valueName":"search_term_string"}}],"inLanguage":"de"}]}</script>
<!-- / Yoast SEO plugin. -->

Aus hochwertigem Steinzeug mit Holzdeckel - perfektes Versteck für Schokolade ! temperaturbeständig, mikrowellenfest & spülmaschinengeeignet (Behälter)
