{"id":12654,"date":"2023-10-25T10:33:55","date_gmt":"2023-10-25T10:33:55","guid":{"rendered":"https:\/\/Regalino-Shop.de\/?post_type=product&#038;p=12654"},"modified":"2026-02-20T09:58:12","modified_gmt":"2026-02-20T09:58:12","slug":"kerzenhalter-gluecksschwein-von-ib-laursen","status":"publish","type":"product","link":"https:\/\/Regalino-Shop.de\/?product=kerzenhalter-gluecksschwein-von-ib-laursen","title":{"rendered":"Kerzenhalter *Gl\u00fccksschwein* von Ib Laursen"},"content":{"rendered":"","protected":false},"excerpt":{"rendered":"<h3>Kerzenhalter f\u00fcr Stabkerzen \u00d8 2,2 cm<\/h3>\n<ul>\n<li>Material: Steingut<\/li>\n<li>Farbe: hellgrau gesprenkelt<\/li>\n<li>Ma\u00dfe:\u00a0 B: 6,8 H: 6 L: 10 cm<\/li>\n<\/ul>\n<p>Lieferumfang: 1 Kerzenhalter<\/p>\n","protected":false},"featured_media":12656,"template":"","meta":{"_et_pb_use_builder":"","_et_pb_old_content":"","_et_gb_content_width":""},"product_brand":[],"product_cat":[62,57],"product_tag":[208,1460,1517,245,216,1518,237,1515],"class_list":{"0":"post-12654","1":"product","2":"type-product","3":"status-publish","4":"has-post-thumbnail","6":"product_cat-licht-lampen-kerzen-im-scandi-breton-stil-regalino","7":"product_cat-neu-eingetroffen-neue-lieblingsstuecke-bei-regalino","8":"product_tag-advent","9":"product_tag-adventskerze","10":"product_tag-gluecksschwein","11":"product_tag-ib-laursen","12":"product_tag-kerzenhalter","13":"product_tag-silvester","14":"product_tag-weihnachtsdeko","15":"product_tag-weihnachtskerze","17":"first","18":"instock","19":"taxable","20":"shipping-taxable","21":"purchasable","22":"product-type-simple"},"yoast_head":"<!-- This site is optimized with the Yoast SEO plugin v27.5 - https:\/\/yoast.com\/product\/yoast-seo-wordpress\/ -->\n<title>Kerzenhalter *Gl\u00fccksschwein* von Ib Laursen - Regalino -Lively Style<\/title>\n<meta name=\"description\" content=\"s\u00fcsser kleiner Gl\u00fccksbringer- Kerzenhalter f\u00fcr Stabkerzen- hellgrau gesprenkelt- von Ib Laursen\" \/>\n<meta name=\"robots\" content=\"index, follow, max-snippet:-1, max-image-preview:large, max-video-preview:-1\" \/>\n<link rel=\"canonical\" href=\"https:\/\/Regalino-Shop.de\/?product=kerzenhalter-gluecksschwein-von-ib-laursen\" \/>\n<meta property=\"og:locale\" content=\"de_DE\" \/>\n<meta property=\"og:type\" content=\"article\" \/>\n<meta property=\"og:title\" content=\"Kerzenhalter *Gl\u00fccksschwein* von Ib Laursen - Regalino -Lively Style\" \/>\n<meta property=\"og:description\" content=\"s\u00fcsser kleiner Gl\u00fccksbringer- Kerzenhalter f\u00fcr Stabkerzen- hellgrau gesprenkelt- von Ib Laursen\" \/>\n<meta property=\"og:url\" content=\"https:\/\/Regalino-Shop.de\/?product=kerzenhalter-gluecksschwein-von-ib-laursen\" \/>\n<meta property=\"og:site_name\" content=\"Regalino -Lively Style\" \/>\n<meta property=\"article:modified_time\" content=\"2026-02-20T09:58:12+00:00\" \/>\n<meta property=\"og:image\" content=\"https:\/\/Regalino-Shop.de\/wp-content\/uploads\/2023\/10\/Trend252_92156-74_4171-01_7211-12_trend001.jpg\" \/>\n\t<meta property=\"og:image:width\" content=\"933\" \/>\n\t<meta property=\"og:image:height\" content=\"1400\" \/>\n\t<meta property=\"og:image:type\" content=\"image\/jpeg\" \/>\n<meta name=\"twitter:card\" content=\"summary_large_image\" \/>\n<script type=\"application\/ld+json\" class=\"yoast-schema-graph\">{\"@context\":\"https:\\\/\\\/schema.org\",\"@graph\":[{\"@type\":\"WebPage\",\"@id\":\"https:\\\/\\\/Regalino-Shop.de\\\/?product=kerzenhalter-gluecksschwein-von-ib-laursen\",\"url\":\"https:\\\/\\\/Regalino-Shop.de\\\/?product=kerzenhalter-gluecksschwein-von-ib-laursen\",\"name\":\"Kerzenhalter *Gl\u00fccksschwein* von Ib Laursen - Regalino -Lively Style\",\"isPartOf\":{\"@id\":\"https:\\\/\\\/Regalino-Shop.de\\\/#website\"},\"primaryImageOfPage\":{\"@id\":\"https:\\\/\\\/Regalino-Shop.de\\\/?product=kerzenhalter-gluecksschwein-von-ib-laursen#primaryimage\"},\"image\":{\"@id\":\"https:\\\/\\\/Regalino-Shop.de\\\/?product=kerzenhalter-gluecksschwein-von-ib-laursen#primaryimage\"},\"thumbnailUrl\":\"https:\\\/\\\/Regalino-Shop.de\\\/wp-content\\\/uploads\\\/2023\\\/10\\\/Trend252_92156-74_4171-01_7211-12_trend001.jpg\",\"datePublished\":\"2023-10-25T10:33:55+00:00\",\"dateModified\":\"2026-02-20T09:58:12+00:00\",\"description\":\"s\u00fcsser kleiner Gl\u00fccksbringer- Kerzenhalter f\u00fcr Stabkerzen- hellgrau gesprenkelt- von Ib Laursen\",\"breadcrumb\":{\"@id\":\"https:\\\/\\\/Regalino-Shop.de\\\/?product=kerzenhalter-gluecksschwein-von-ib-laursen#breadcrumb\"},\"inLanguage\":\"de\",\"potentialAction\":[{\"@type\":\"ReadAction\",\"target\":[\"https:\\\/\\\/Regalino-Shop.de\\\/?product=kerzenhalter-gluecksschwein-von-ib-laursen\"]}]},{\"@type\":\"ImageObject\",\"inLanguage\":\"de\",\"@id\":\"https:\\\/\\\/Regalino-Shop.de\\\/?product=kerzenhalter-gluecksschwein-von-ib-laursen#primaryimage\",\"url\":\"https:\\\/\\\/Regalino-Shop.de\\\/wp-content\\\/uploads\\\/2023\\\/10\\\/Trend252_92156-74_4171-01_7211-12_trend001.jpg\",\"contentUrl\":\"https:\\\/\\\/Regalino-Shop.de\\\/wp-content\\\/uploads\\\/2023\\\/10\\\/Trend252_92156-74_4171-01_7211-12_trend001.jpg\",\"width\":933,\"height\":1400,\"caption\":\"Gl\u00fccksschwein-kerzenhalter-schwein-Ib-Laursen\"},{\"@type\":\"BreadcrumbList\",\"@id\":\"https:\\\/\\\/Regalino-Shop.de\\\/?product=kerzenhalter-gluecksschwein-von-ib-laursen#breadcrumb\",\"itemListElement\":[{\"@type\":\"ListItem\",\"position\":1,\"name\":\"Startseite\",\"item\":\"https:\\\/\\\/Regalino-Shop.de\\\/\"},{\"@type\":\"ListItem\",\"position\":2,\"name\":\"Shop\",\"item\":\"https:\\\/\\\/Regalino-Shop.de\\\/?page_id=40\"},{\"@type\":\"ListItem\",\"position\":3,\"name\":\"Kerzenhalter *Gl\u00fccksschwein* von Ib Laursen\"}]},{\"@type\":\"WebSite\",\"@id\":\"https:\\\/\\\/Regalino-Shop.de\\\/#website\",\"url\":\"https:\\\/\\\/Regalino-Shop.de\\\/\",\"name\":\"Regalino -Lively Style\",\"description\":\"gelebtes Zuhause\",\"potentialAction\":[{\"@type\":\"SearchAction\",\"target\":{\"@type\":\"EntryPoint\",\"urlTemplate\":\"https:\\\/\\\/Regalino-Shop.de\\\/?s={search_term_string}\"},\"query-input\":{\"@type\":\"PropertyValueSpecification\",\"valueRequired\":true,\"valueName\":\"search_term_string\"}}],\"inLanguage\":\"de\"}]}<\/script>\n<!-- \/ Yoast SEO plugin. -->","yoast_head_json":{"title":"Kerzenhalter *Gl\u00fccksschwein* von Ib Laursen - Regalino -Lively Style","description":"s\u00fcsser kleiner Gl\u00fccksbringer- Kerzenhalter f\u00fcr Stabkerzen- hellgrau gesprenkelt- von Ib Laursen","robots":{"index":"index","follow":"follow","max-snippet":"max-snippet:-1","max-image-preview":"max-image-preview:large","max-video-preview":"max-video-preview:-1"},"canonical":"https:\/\/Regalino-Shop.de\/?product=kerzenhalter-gluecksschwein-von-ib-laursen","og_locale":"de_DE","og_type":"article","og_title":"Kerzenhalter *Gl\u00fccksschwein* von Ib Laursen - Regalino -Lively Style","og_description":"s\u00fcsser kleiner Gl\u00fccksbringer- Kerzenhalter f\u00fcr Stabkerzen- hellgrau gesprenkelt- von Ib Laursen","og_url":"https:\/\/Regalino-Shop.de\/?product=kerzenhalter-gluecksschwein-von-ib-laursen","og_site_name":"Regalino -Lively Style","article_modified_time":"2026-02-20T09:58:12+00:00","og_image":[{"width":933,"height":1400,"url":"https:\/\/Regalino-Shop.de\/wp-content\/uploads\/2023\/10\/Trend252_92156-74_4171-01_7211-12_trend001.jpg","type":"image\/jpeg"}],"twitter_card":"summary_large_image","schema":{"@context":"https:\/\/schema.org","@graph":[{"@type":"WebPage","@id":"https:\/\/Regalino-Shop.de\/?product=kerzenhalter-gluecksschwein-von-ib-laursen","url":"https:\/\/Regalino-Shop.de\/?product=kerzenhalter-gluecksschwein-von-ib-laursen","name":"Kerzenhalter *Gl\u00fccksschwein* von Ib Laursen - Regalino -Lively Style","isPartOf":{"@id":"https:\/\/Regalino-Shop.de\/#website"},"primaryImageOfPage":{"@id":"https:\/\/Regalino-Shop.de\/?product=kerzenhalter-gluecksschwein-von-ib-laursen#primaryimage"},"image":{"@id":"https:\/\/Regalino-Shop.de\/?product=kerzenhalter-gluecksschwein-von-ib-laursen#primaryimage"},"thumbnailUrl":"https:\/\/Regalino-Shop.de\/wp-content\/uploads\/2023\/10\/Trend252_92156-74_4171-01_7211-12_trend001.jpg","datePublished":"2023-10-25T10:33:55+00:00","dateModified":"2026-02-20T09:58:12+00:00","description":"s\u00fcsser kleiner Gl\u00fccksbringer- Kerzenhalter f\u00fcr Stabkerzen- hellgrau gesprenkelt- von Ib Laursen","breadcrumb":{"@id":"https:\/\/Regalino-Shop.de\/?product=kerzenhalter-gluecksschwein-von-ib-laursen#breadcrumb"},"inLanguage":"de","potentialAction":[{"@type":"ReadAction","target":["https:\/\/Regalino-Shop.de\/?product=kerzenhalter-gluecksschwein-von-ib-laursen"]}]},{"@type":"ImageObject","inLanguage":"de","@id":"https:\/\/Regalino-Shop.de\/?product=kerzenhalter-gluecksschwein-von-ib-laursen#primaryimage","url":"https:\/\/Regalino-Shop.de\/wp-content\/uploads\/2023\/10\/Trend252_92156-74_4171-01_7211-12_trend001.jpg","contentUrl":"https:\/\/Regalino-Shop.de\/wp-content\/uploads\/2023\/10\/Trend252_92156-74_4171-01_7211-12_trend001.jpg","width":933,"height":1400,"caption":"Gl\u00fccksschwein-kerzenhalter-schwein-Ib-Laursen"},{"@type":"BreadcrumbList","@id":"https:\/\/Regalino-Shop.de\/?product=kerzenhalter-gluecksschwein-von-ib-laursen#breadcrumb","itemListElement":[{"@type":"ListItem","position":1,"name":"Startseite","item":"https:\/\/Regalino-Shop.de\/"},{"@type":"ListItem","position":2,"name":"Shop","item":"https:\/\/Regalino-Shop.de\/?page_id=40"},{"@type":"ListItem","position":3,"name":"Kerzenhalter *Gl\u00fccksschwein* von Ib Laursen"}]},{"@type":"WebSite","@id":"https:\/\/Regalino-Shop.de\/#website","url":"https:\/\/Regalino-Shop.de\/","name":"Regalino -Lively Style","description":"gelebtes Zuhause","potentialAction":[{"@type":"SearchAction","target":{"@type":"EntryPoint","urlTemplate":"https:\/\/Regalino-Shop.de\/?s={search_term_string}"},"query-input":{"@type":"PropertyValueSpecification","valueRequired":true,"valueName":"search_term_string"}}],"inLanguage":"de"}]}},"_links":{"self":[{"href":"https:\/\/Regalino-Shop.de\/index.php?rest_route=\/wp\/v2\/product\/12654","targetHints":{"allow":["GET"]}}],"collection":[{"href":"https:\/\/Regalino-Shop.de\/index.php?rest_route=\/wp\/v2\/product"}],"about":[{"href":"https:\/\/Regalino-Shop.de\/index.php?rest_route=\/wp\/v2\/types\/product"}],"wp:featuredmedia":[{"embeddable":true,"href":"https:\/\/Regalino-Shop.de\/index.php?rest_route=\/wp\/v2\/media\/12656"}],"wp:attachment":[{"href":"https:\/\/Regalino-Shop.de\/index.php?rest_route=%2Fwp%2Fv2%2Fmedia&parent=12654"}],"wp:term":[{"taxonomy":"product_brand","embeddable":true,"href":"https:\/\/Regalino-Shop.de\/index.php?rest_route=%2Fwp%2Fv2%2Fproduct_brand&post=12654"},{"taxonomy":"product_cat","embeddable":true,"href":"https:\/\/Regalino-Shop.de\/index.php?rest_route=%2Fwp%2Fv2%2Fproduct_cat&post=12654"},{"taxonomy":"product_tag","embeddable":true,"href":"https:\/\/Regalino-Shop.de\/index.php?rest_route=%2Fwp%2Fv2%2Fproduct_tag&post=12654"}],"curies":[{"name":"wp","href":"https:\/\/api.w.org\/{rel}","templated":true}]}}