{"id":12817,"date":"2023-11-03T13:00:21","date_gmt":"2023-11-03T13:00:21","guid":{"rendered":"https:\/\/Regalino-Shop.de\/?post_type=product&#038;p=12817"},"modified":"2026-02-24T15:32:01","modified_gmt":"2026-02-24T15:32:01","slug":"doppelwandiges-glas-thermoglas-eulenschnitt","status":"publish","type":"product","link":"https:\/\/Regalino-Shop.de\/?product=doppelwandiges-glas-thermoglas-eulenschnitt","title":{"rendered":"doppelwandiges Glas *Herz* wei\u00df 450 ml von Bake Affair"},"content":{"rendered":"","protected":false},"excerpt":{"rendered":"<div class=\"spacing__Spacer-sc-w504b2-0 gCtlJx\"><\/div>\n<h3 data-sanitized-data-mce-fragment=\"1\"><span class=\"Styles__Span-sc-4zz2i3-1 AccordionContainer__AccordionTextSpan-sc-10ikm52-3 fUEVZU jAkFaF\" data-test-id=\"accordion-text\">Thermoglas mit eingraviertem Herz &#8222;\u2661&#8220; <\/span><\/h3>\n<p data-sanitized-data-mce-fragment=\"1\"><span class=\"Styles__Span-sc-4zz2i3-1 AccordionContainer__AccordionTextSpan-sc-10ikm52-3 fUEVZU jAkFaF\" data-test-id=\"accordion-text\">Genie\u00dfe deinen Latte Macchiatio oder Tee im Glas. Das Herz-Thermoglas macht den morgendlichen Kaffee oder Tee zu etwas ganz Besonderem! Das h\u00fcbsche Thermoglas ist auch ideal als liebevolles Geschenk geeignet. <\/span><\/p>\n<ul>\n<li><strong>Material<\/strong>: Borosilikatglas mit Lasergravur<\/li>\n<li><strong>Fassungsverm\u00f6gen:<\/strong> 450 ml<\/li>\n<li><strong>Pflegehinweis<\/strong>: sp\u00fclmaschinenfest, k\u00e4lte-und hitzebest\u00e4ndig<\/li>\n<\/ul>\n<p data-sanitized-data-mce-fragment=\"1\">Deko nicht im Lieferumfang enthalten<\/p>\n","protected":false},"featured_media":12821,"template":"","meta":{"_et_pb_use_builder":"","_et_pb_old_content":"","_et_gb_content_width":""},"product_brand":[],"product_cat":[76,57],"product_tag":[1545,210,890,1543,1546,1544,889],"class_list":{"0":"post-12817","1":"product","2":"type-product","3":"status-publish","4":"has-post-thumbnail","6":"product_cat-geschirr-fuer-stilvolle-genussmomente-regalino","7":"product_cat-neu-eingetroffen-neue-lieblingsstuecke-bei-regalino","8":"product_tag-doppelwandiges-glas","9":"product_tag-eulenschnitt","10":"product_tag-glas","11":"product_tag-latte-macchiato","12":"product_tag-punschglas","13":"product_tag-thermoglas","14":"product_tag-trinkglas","16":"first","17":"instock","18":"taxable","19":"shipping-taxable","20":"purchasable","21":"product-type-simple"},"yoast_head":"<!-- This site is optimized with the Yoast SEO plugin v27.3 - https:\/\/yoast.com\/product\/yoast-seo-wordpress\/ -->\n<title>doppelwandiges Glas *Herz* wei\u00df 450 ml von Bake Affair - Regalino -Lively Style<\/title>\n<meta name=\"description\" content=\"Genie\u00dfe deinen Latte Macchiatio oder Tee im Glas. Das Herz-Thermoglas macht den morgendlichen Kaffee oder Tee zu etwas ganz Besonderem!\" \/>\n<meta name=\"robots\" content=\"index, follow, max-snippet:-1, max-image-preview:large, max-video-preview:-1\" \/>\n<link rel=\"canonical\" href=\"https:\/\/Regalino-Shop.de\/?product=doppelwandiges-glas-thermoglas-eulenschnitt\" \/>\n<meta property=\"og:locale\" content=\"de_DE\" \/>\n<meta property=\"og:type\" content=\"article\" \/>\n<meta property=\"og:title\" content=\"doppelwandiges Glas *Herz* wei\u00df 450 ml von Bake Affair - Regalino -Lively Style\" \/>\n<meta property=\"og:description\" content=\"Genie\u00dfe deinen Latte Macchiatio oder Tee im Glas. Das Herz-Thermoglas macht den morgendlichen Kaffee oder Tee zu etwas ganz Besonderem!\" \/>\n<meta property=\"og:url\" content=\"https:\/\/Regalino-Shop.de\/?product=doppelwandiges-glas-thermoglas-eulenschnitt\" \/>\n<meta property=\"og:site_name\" content=\"Regalino -Lively Style\" \/>\n<meta property=\"article:modified_time\" content=\"2026-02-24T15:32:01+00:00\" \/>\n<meta property=\"og:image\" content=\"https:\/\/Regalino-Shop.de\/wp-content\/uploads\/2023\/11\/Thermoglas-doppelwandiges-Glas-Latte-Macchiato.png\" \/>\n\t<meta property=\"og:image:width\" content=\"1000\" \/>\n\t<meta property=\"og:image:height\" content=\"1000\" \/>\n\t<meta property=\"og:image:type\" content=\"image\/png\" \/>\n<meta name=\"twitter:card\" content=\"summary_large_image\" \/>\n<script type=\"application\/ld+json\" class=\"yoast-schema-graph\">{\"@context\":\"https:\\\/\\\/schema.org\",\"@graph\":[{\"@type\":\"WebPage\",\"@id\":\"https:\\\/\\\/Regalino-Shop.de\\\/?product=doppelwandiges-glas-thermoglas-eulenschnitt\",\"url\":\"https:\\\/\\\/Regalino-Shop.de\\\/?product=doppelwandiges-glas-thermoglas-eulenschnitt\",\"name\":\"doppelwandiges Glas *Herz* wei\u00df 450 ml von Bake Affair - Regalino -Lively Style\",\"isPartOf\":{\"@id\":\"https:\\\/\\\/Regalino-Shop.de\\\/#website\"},\"primaryImageOfPage\":{\"@id\":\"https:\\\/\\\/Regalino-Shop.de\\\/?product=doppelwandiges-glas-thermoglas-eulenschnitt#primaryimage\"},\"image\":{\"@id\":\"https:\\\/\\\/Regalino-Shop.de\\\/?product=doppelwandiges-glas-thermoglas-eulenschnitt#primaryimage\"},\"thumbnailUrl\":\"https:\\\/\\\/Regalino-Shop.de\\\/wp-content\\\/uploads\\\/2023\\\/11\\\/Thermoglas-doppelwandiges-Glas-Latte-Macchiato.png\",\"datePublished\":\"2023-11-03T13:00:21+00:00\",\"dateModified\":\"2026-02-24T15:32:01+00:00\",\"description\":\"Genie\u00dfe deinen Latte Macchiatio oder Tee im Glas. Das Herz-Thermoglas macht den morgendlichen Kaffee oder Tee zu etwas ganz Besonderem!\",\"breadcrumb\":{\"@id\":\"https:\\\/\\\/Regalino-Shop.de\\\/?product=doppelwandiges-glas-thermoglas-eulenschnitt#breadcrumb\"},\"inLanguage\":\"de\",\"potentialAction\":[{\"@type\":\"ReadAction\",\"target\":[\"https:\\\/\\\/Regalino-Shop.de\\\/?product=doppelwandiges-glas-thermoglas-eulenschnitt\"]}]},{\"@type\":\"ImageObject\",\"inLanguage\":\"de\",\"@id\":\"https:\\\/\\\/Regalino-Shop.de\\\/?product=doppelwandiges-glas-thermoglas-eulenschnitt#primaryimage\",\"url\":\"https:\\\/\\\/Regalino-Shop.de\\\/wp-content\\\/uploads\\\/2023\\\/11\\\/Thermoglas-doppelwandiges-Glas-Latte-Macchiato.png\",\"contentUrl\":\"https:\\\/\\\/Regalino-Shop.de\\\/wp-content\\\/uploads\\\/2023\\\/11\\\/Thermoglas-doppelwandiges-Glas-Latte-Macchiato.png\",\"width\":1000,\"height\":1000},{\"@type\":\"BreadcrumbList\",\"@id\":\"https:\\\/\\\/Regalino-Shop.de\\\/?product=doppelwandiges-glas-thermoglas-eulenschnitt#breadcrumb\",\"itemListElement\":[{\"@type\":\"ListItem\",\"position\":1,\"name\":\"Startseite\",\"item\":\"https:\\\/\\\/Regalino-Shop.de\\\/\"},{\"@type\":\"ListItem\",\"position\":2,\"name\":\"Shop\",\"item\":\"https:\\\/\\\/Regalino-Shop.de\\\/?page_id=40\"},{\"@type\":\"ListItem\",\"position\":3,\"name\":\"doppelwandiges Glas *Herz* wei\u00df 450 ml von Bake Affair\"}]},{\"@type\":\"WebSite\",\"@id\":\"https:\\\/\\\/Regalino-Shop.de\\\/#website\",\"url\":\"https:\\\/\\\/Regalino-Shop.de\\\/\",\"name\":\"Regalino -Lively Style\",\"description\":\"gelebtes Zuhause\",\"potentialAction\":[{\"@type\":\"SearchAction\",\"target\":{\"@type\":\"EntryPoint\",\"urlTemplate\":\"https:\\\/\\\/Regalino-Shop.de\\\/?s={search_term_string}\"},\"query-input\":{\"@type\":\"PropertyValueSpecification\",\"valueRequired\":true,\"valueName\":\"search_term_string\"}}],\"inLanguage\":\"de\"}]}<\/script>\n<!-- \/ Yoast SEO plugin. -->","yoast_head_json":{"title":"doppelwandiges Glas *Herz* wei\u00df 450 ml von Bake Affair - Regalino -Lively Style","description":"Genie\u00dfe deinen Latte Macchiatio oder Tee im Glas. Das Herz-Thermoglas macht den morgendlichen Kaffee oder Tee zu etwas ganz Besonderem!","robots":{"index":"index","follow":"follow","max-snippet":"max-snippet:-1","max-image-preview":"max-image-preview:large","max-video-preview":"max-video-preview:-1"},"canonical":"https:\/\/Regalino-Shop.de\/?product=doppelwandiges-glas-thermoglas-eulenschnitt","og_locale":"de_DE","og_type":"article","og_title":"doppelwandiges Glas *Herz* wei\u00df 450 ml von Bake Affair - Regalino -Lively Style","og_description":"Genie\u00dfe deinen Latte Macchiatio oder Tee im Glas. Das Herz-Thermoglas macht den morgendlichen Kaffee oder Tee zu etwas ganz Besonderem!","og_url":"https:\/\/Regalino-Shop.de\/?product=doppelwandiges-glas-thermoglas-eulenschnitt","og_site_name":"Regalino -Lively Style","article_modified_time":"2026-02-24T15:32:01+00:00","og_image":[{"width":1000,"height":1000,"url":"https:\/\/Regalino-Shop.de\/wp-content\/uploads\/2023\/11\/Thermoglas-doppelwandiges-Glas-Latte-Macchiato.png","type":"image\/png"}],"twitter_card":"summary_large_image","schema":{"@context":"https:\/\/schema.org","@graph":[{"@type":"WebPage","@id":"https:\/\/Regalino-Shop.de\/?product=doppelwandiges-glas-thermoglas-eulenschnitt","url":"https:\/\/Regalino-Shop.de\/?product=doppelwandiges-glas-thermoglas-eulenschnitt","name":"doppelwandiges Glas *Herz* wei\u00df 450 ml von Bake Affair - Regalino -Lively Style","isPartOf":{"@id":"https:\/\/Regalino-Shop.de\/#website"},"primaryImageOfPage":{"@id":"https:\/\/Regalino-Shop.de\/?product=doppelwandiges-glas-thermoglas-eulenschnitt#primaryimage"},"image":{"@id":"https:\/\/Regalino-Shop.de\/?product=doppelwandiges-glas-thermoglas-eulenschnitt#primaryimage"},"thumbnailUrl":"https:\/\/Regalino-Shop.de\/wp-content\/uploads\/2023\/11\/Thermoglas-doppelwandiges-Glas-Latte-Macchiato.png","datePublished":"2023-11-03T13:00:21+00:00","dateModified":"2026-02-24T15:32:01+00:00","description":"Genie\u00dfe deinen Latte Macchiatio oder Tee im Glas. Das Herz-Thermoglas macht den morgendlichen Kaffee oder Tee zu etwas ganz Besonderem!","breadcrumb":{"@id":"https:\/\/Regalino-Shop.de\/?product=doppelwandiges-glas-thermoglas-eulenschnitt#breadcrumb"},"inLanguage":"de","potentialAction":[{"@type":"ReadAction","target":["https:\/\/Regalino-Shop.de\/?product=doppelwandiges-glas-thermoglas-eulenschnitt"]}]},{"@type":"ImageObject","inLanguage":"de","@id":"https:\/\/Regalino-Shop.de\/?product=doppelwandiges-glas-thermoglas-eulenschnitt#primaryimage","url":"https:\/\/Regalino-Shop.de\/wp-content\/uploads\/2023\/11\/Thermoglas-doppelwandiges-Glas-Latte-Macchiato.png","contentUrl":"https:\/\/Regalino-Shop.de\/wp-content\/uploads\/2023\/11\/Thermoglas-doppelwandiges-Glas-Latte-Macchiato.png","width":1000,"height":1000},{"@type":"BreadcrumbList","@id":"https:\/\/Regalino-Shop.de\/?product=doppelwandiges-glas-thermoglas-eulenschnitt#breadcrumb","itemListElement":[{"@type":"ListItem","position":1,"name":"Startseite","item":"https:\/\/Regalino-Shop.de\/"},{"@type":"ListItem","position":2,"name":"Shop","item":"https:\/\/Regalino-Shop.de\/?page_id=40"},{"@type":"ListItem","position":3,"name":"doppelwandiges Glas *Herz* wei\u00df 450 ml von Bake Affair"}]},{"@type":"WebSite","@id":"https:\/\/Regalino-Shop.de\/#website","url":"https:\/\/Regalino-Shop.de\/","name":"Regalino -Lively Style","description":"gelebtes Zuhause","potentialAction":[{"@type":"SearchAction","target":{"@type":"EntryPoint","urlTemplate":"https:\/\/Regalino-Shop.de\/?s={search_term_string}"},"query-input":{"@type":"PropertyValueSpecification","valueRequired":true,"valueName":"search_term_string"}}],"inLanguage":"de"}]}},"_links":{"self":[{"href":"https:\/\/Regalino-Shop.de\/index.php?rest_route=\/wp\/v2\/product\/12817","targetHints":{"allow":["GET"]}}],"collection":[{"href":"https:\/\/Regalino-Shop.de\/index.php?rest_route=\/wp\/v2\/product"}],"about":[{"href":"https:\/\/Regalino-Shop.de\/index.php?rest_route=\/wp\/v2\/types\/product"}],"wp:featuredmedia":[{"embeddable":true,"href":"https:\/\/Regalino-Shop.de\/index.php?rest_route=\/wp\/v2\/media\/12821"}],"wp:attachment":[{"href":"https:\/\/Regalino-Shop.de\/index.php?rest_route=%2Fwp%2Fv2%2Fmedia&parent=12817"}],"wp:term":[{"taxonomy":"product_brand","embeddable":true,"href":"https:\/\/Regalino-Shop.de\/index.php?rest_route=%2Fwp%2Fv2%2Fproduct_brand&post=12817"},{"taxonomy":"product_cat","embeddable":true,"href":"https:\/\/Regalino-Shop.de\/index.php?rest_route=%2Fwp%2Fv2%2Fproduct_cat&post=12817"},{"taxonomy":"product_tag","embeddable":true,"href":"https:\/\/Regalino-Shop.de\/index.php?rest_route=%2Fwp%2Fv2%2Fproduct_tag&post=12817"}],"curies":[{"name":"wp","href":"https:\/\/api.w.org\/{rel}","templated":true}]}}