{"id":13113,"date":"2023-11-24T15:19:41","date_gmt":"2023-11-24T15:19:41","guid":{"rendered":"https:\/\/Regalino-Shop.de\/?post_type=product&#038;p=13113"},"modified":"2026-03-11T15:25:00","modified_gmt":"2026-03-11T15:25:00","slug":"krug-white-ruffle-von-bastion-collections-bc","status":"publish","type":"product","link":"https:\/\/Regalino-Shop.de\/?product=krug-white-ruffle-von-bastion-collections-bc","title":{"rendered":"Krug *White Ruffle* von Bastion Collections (BC)"},"content":{"rendered":"","protected":false},"excerpt":{"rendered":"<h3><span class=\"entry--content block\">wundersch\u00f6ner Krug<br \/>\n<\/span><\/h3>\n<ul>\n<li><span data-mce-mark=\"1\">Material: Keramik<br \/>\n<\/span><\/li>\n<li><span data-mce-mark=\"1\">Farbe: weiss mit kleinem schwarzen Herz<br \/>\n<\/span><\/li>\n<li><span data-mce-mark=\"1\">Ma\u00dfe: \u00d8 16 cm, H\u00f6he 18 cm<br \/>\n<\/span><\/li>\n<li>sp\u00fclmaschinenfest<\/li>\n<\/ul>\n<p>Lieferumfang: 1 Krug<\/p>\n","protected":false},"featured_media":13114,"template":"","meta":{"_et_pb_use_builder":"","_et_pb_old_content":"","_et_gb_content_width":""},"product_brand":[],"product_cat":[79,57],"product_tag":[1564,367,429,423],"class_list":{"0":"post-13113","1":"product","2":"type-product","3":"status-publish","4":"has-post-thumbnail","6":"product_cat-kruege-kannen-im-scandi-breton-stil-regalino","7":"product_cat-neu-eingetroffen-neue-lieblingsstuecke-bei-regalino","8":"product_tag-bastion-collections","9":"product_tag-krug","10":"product_tag-milchkrug","11":"product_tag-vase","13":"first","14":"instock","15":"taxable","16":"shipping-taxable","17":"purchasable","18":"product-type-simple"},"yoast_head":"<!-- This site is optimized with the Yoast SEO plugin v27.5 - https:\/\/yoast.com\/product\/yoast-seo-wordpress\/ -->\n<title>Krug *White Ruffle* von Bastion Collections (BC) - Regalino -Lively Style<\/title>\n<meta name=\"description\" content=\"wundersch\u00f6ner Krug, nicht nur f\u00fcr Milch oder Saft- auch als Vase sch\u00f6n - Material: Keramik - H\u00f6he- 18 cm - von Bastion Collections\" \/>\n<meta name=\"robots\" content=\"index, follow, max-snippet:-1, max-image-preview:large, max-video-preview:-1\" \/>\n<link rel=\"canonical\" href=\"https:\/\/Regalino-Shop.de\/?product=krug-white-ruffle-von-bastion-collections-bc\" \/>\n<meta property=\"og:locale\" content=\"de_DE\" \/>\n<meta property=\"og:type\" content=\"article\" \/>\n<meta property=\"og:title\" content=\"Krug *White Ruffle* von Bastion Collections (BC) - Regalino -Lively Style\" \/>\n<meta property=\"og:description\" content=\"wundersch\u00f6ner Krug, nicht nur f\u00fcr Milch oder Saft- auch als Vase sch\u00f6n - Material: Keramik - H\u00f6he- 18 cm - von Bastion Collections\" \/>\n<meta property=\"og:url\" content=\"https:\/\/Regalino-Shop.de\/?product=krug-white-ruffle-von-bastion-collections-bc\" \/>\n<meta property=\"og:site_name\" content=\"Regalino -Lively Style\" \/>\n<meta property=\"article:modified_time\" content=\"2026-03-11T15:25:00+00:00\" \/>\n<meta property=\"og:image\" content=\"https:\/\/Regalino-Shop.de\/wp-content\/uploads\/2023\/11\/Jug-Krug-white-ruffle-bastion-collections-1.jpg\" \/>\n\t<meta property=\"og:image:width\" content=\"653\" \/>\n\t<meta property=\"og:image:height\" content=\"653\" \/>\n\t<meta property=\"og:image:type\" content=\"image\/jpeg\" \/>\n<meta name=\"twitter:card\" content=\"summary_large_image\" \/>\n<script type=\"application\/ld+json\" class=\"yoast-schema-graph\">{\"@context\":\"https:\\\/\\\/schema.org\",\"@graph\":[{\"@type\":\"WebPage\",\"@id\":\"https:\\\/\\\/Regalino-Shop.de\\\/?product=krug-white-ruffle-von-bastion-collections-bc\",\"url\":\"https:\\\/\\\/Regalino-Shop.de\\\/?product=krug-white-ruffle-von-bastion-collections-bc\",\"name\":\"Krug *White Ruffle* von Bastion Collections (BC) - Regalino -Lively Style\",\"isPartOf\":{\"@id\":\"https:\\\/\\\/Regalino-Shop.de\\\/#website\"},\"primaryImageOfPage\":{\"@id\":\"https:\\\/\\\/Regalino-Shop.de\\\/?product=krug-white-ruffle-von-bastion-collections-bc#primaryimage\"},\"image\":{\"@id\":\"https:\\\/\\\/Regalino-Shop.de\\\/?product=krug-white-ruffle-von-bastion-collections-bc#primaryimage\"},\"thumbnailUrl\":\"https:\\\/\\\/Regalino-Shop.de\\\/wp-content\\\/uploads\\\/2023\\\/11\\\/Jug-Krug-white-ruffle-bastion-collections-1.jpg\",\"datePublished\":\"2023-11-24T15:19:41+00:00\",\"dateModified\":\"2026-03-11T15:25:00+00:00\",\"description\":\"wundersch\u00f6ner Krug, nicht nur f\u00fcr Milch oder Saft- auch als Vase sch\u00f6n - Material: Keramik - H\u00f6he- 18 cm - von Bastion Collections\",\"breadcrumb\":{\"@id\":\"https:\\\/\\\/Regalino-Shop.de\\\/?product=krug-white-ruffle-von-bastion-collections-bc#breadcrumb\"},\"inLanguage\":\"de\",\"potentialAction\":[{\"@type\":\"ReadAction\",\"target\":[\"https:\\\/\\\/Regalino-Shop.de\\\/?product=krug-white-ruffle-von-bastion-collections-bc\"]}]},{\"@type\":\"ImageObject\",\"inLanguage\":\"de\",\"@id\":\"https:\\\/\\\/Regalino-Shop.de\\\/?product=krug-white-ruffle-von-bastion-collections-bc#primaryimage\",\"url\":\"https:\\\/\\\/Regalino-Shop.de\\\/wp-content\\\/uploads\\\/2023\\\/11\\\/Jug-Krug-white-ruffle-bastion-collections-1.jpg\",\"contentUrl\":\"https:\\\/\\\/Regalino-Shop.de\\\/wp-content\\\/uploads\\\/2023\\\/11\\\/Jug-Krug-white-ruffle-bastion-collections-1.jpg\",\"width\":653,\"height\":653},{\"@type\":\"BreadcrumbList\",\"@id\":\"https:\\\/\\\/Regalino-Shop.de\\\/?product=krug-white-ruffle-von-bastion-collections-bc#breadcrumb\",\"itemListElement\":[{\"@type\":\"ListItem\",\"position\":1,\"name\":\"Startseite\",\"item\":\"https:\\\/\\\/Regalino-Shop.de\\\/\"},{\"@type\":\"ListItem\",\"position\":2,\"name\":\"Shop\",\"item\":\"https:\\\/\\\/Regalino-Shop.de\\\/?page_id=40\"},{\"@type\":\"ListItem\",\"position\":3,\"name\":\"Krug *White Ruffle* von Bastion Collections (BC)\"}]},{\"@type\":\"WebSite\",\"@id\":\"https:\\\/\\\/Regalino-Shop.de\\\/#website\",\"url\":\"https:\\\/\\\/Regalino-Shop.de\\\/\",\"name\":\"Regalino -Lively Style\",\"description\":\"gelebtes Zuhause\",\"potentialAction\":[{\"@type\":\"SearchAction\",\"target\":{\"@type\":\"EntryPoint\",\"urlTemplate\":\"https:\\\/\\\/Regalino-Shop.de\\\/?s={search_term_string}\"},\"query-input\":{\"@type\":\"PropertyValueSpecification\",\"valueRequired\":true,\"valueName\":\"search_term_string\"}}],\"inLanguage\":\"de\"}]}<\/script>\n<!-- \/ Yoast SEO plugin. -->","yoast_head_json":{"title":"Krug *White Ruffle* von Bastion Collections (BC) - Regalino -Lively Style","description":"wundersch\u00f6ner Krug, nicht nur f\u00fcr Milch oder Saft- auch als Vase sch\u00f6n - Material: Keramik - H\u00f6he- 18 cm - von Bastion Collections","robots":{"index":"index","follow":"follow","max-snippet":"max-snippet:-1","max-image-preview":"max-image-preview:large","max-video-preview":"max-video-preview:-1"},"canonical":"https:\/\/Regalino-Shop.de\/?product=krug-white-ruffle-von-bastion-collections-bc","og_locale":"de_DE","og_type":"article","og_title":"Krug *White Ruffle* von Bastion Collections (BC) - Regalino -Lively Style","og_description":"wundersch\u00f6ner Krug, nicht nur f\u00fcr Milch oder Saft- auch als Vase sch\u00f6n - Material: Keramik - H\u00f6he- 18 cm - von Bastion Collections","og_url":"https:\/\/Regalino-Shop.de\/?product=krug-white-ruffle-von-bastion-collections-bc","og_site_name":"Regalino -Lively Style","article_modified_time":"2026-03-11T15:25:00+00:00","og_image":[{"width":653,"height":653,"url":"https:\/\/Regalino-Shop.de\/wp-content\/uploads\/2023\/11\/Jug-Krug-white-ruffle-bastion-collections-1.jpg","type":"image\/jpeg"}],"twitter_card":"summary_large_image","schema":{"@context":"https:\/\/schema.org","@graph":[{"@type":"WebPage","@id":"https:\/\/Regalino-Shop.de\/?product=krug-white-ruffle-von-bastion-collections-bc","url":"https:\/\/Regalino-Shop.de\/?product=krug-white-ruffle-von-bastion-collections-bc","name":"Krug *White Ruffle* von Bastion Collections (BC) - Regalino -Lively Style","isPartOf":{"@id":"https:\/\/Regalino-Shop.de\/#website"},"primaryImageOfPage":{"@id":"https:\/\/Regalino-Shop.de\/?product=krug-white-ruffle-von-bastion-collections-bc#primaryimage"},"image":{"@id":"https:\/\/Regalino-Shop.de\/?product=krug-white-ruffle-von-bastion-collections-bc#primaryimage"},"thumbnailUrl":"https:\/\/Regalino-Shop.de\/wp-content\/uploads\/2023\/11\/Jug-Krug-white-ruffle-bastion-collections-1.jpg","datePublished":"2023-11-24T15:19:41+00:00","dateModified":"2026-03-11T15:25:00+00:00","description":"wundersch\u00f6ner Krug, nicht nur f\u00fcr Milch oder Saft- auch als Vase sch\u00f6n - Material: Keramik - H\u00f6he- 18 cm - von Bastion Collections","breadcrumb":{"@id":"https:\/\/Regalino-Shop.de\/?product=krug-white-ruffle-von-bastion-collections-bc#breadcrumb"},"inLanguage":"de","potentialAction":[{"@type":"ReadAction","target":["https:\/\/Regalino-Shop.de\/?product=krug-white-ruffle-von-bastion-collections-bc"]}]},{"@type":"ImageObject","inLanguage":"de","@id":"https:\/\/Regalino-Shop.de\/?product=krug-white-ruffle-von-bastion-collections-bc#primaryimage","url":"https:\/\/Regalino-Shop.de\/wp-content\/uploads\/2023\/11\/Jug-Krug-white-ruffle-bastion-collections-1.jpg","contentUrl":"https:\/\/Regalino-Shop.de\/wp-content\/uploads\/2023\/11\/Jug-Krug-white-ruffle-bastion-collections-1.jpg","width":653,"height":653},{"@type":"BreadcrumbList","@id":"https:\/\/Regalino-Shop.de\/?product=krug-white-ruffle-von-bastion-collections-bc#breadcrumb","itemListElement":[{"@type":"ListItem","position":1,"name":"Startseite","item":"https:\/\/Regalino-Shop.de\/"},{"@type":"ListItem","position":2,"name":"Shop","item":"https:\/\/Regalino-Shop.de\/?page_id=40"},{"@type":"ListItem","position":3,"name":"Krug *White Ruffle* von Bastion Collections (BC)"}]},{"@type":"WebSite","@id":"https:\/\/Regalino-Shop.de\/#website","url":"https:\/\/Regalino-Shop.de\/","name":"Regalino -Lively Style","description":"gelebtes Zuhause","potentialAction":[{"@type":"SearchAction","target":{"@type":"EntryPoint","urlTemplate":"https:\/\/Regalino-Shop.de\/?s={search_term_string}"},"query-input":{"@type":"PropertyValueSpecification","valueRequired":true,"valueName":"search_term_string"}}],"inLanguage":"de"}]}},"_links":{"self":[{"href":"https:\/\/Regalino-Shop.de\/index.php?rest_route=\/wp\/v2\/product\/13113","targetHints":{"allow":["GET"]}}],"collection":[{"href":"https:\/\/Regalino-Shop.de\/index.php?rest_route=\/wp\/v2\/product"}],"about":[{"href":"https:\/\/Regalino-Shop.de\/index.php?rest_route=\/wp\/v2\/types\/product"}],"wp:featuredmedia":[{"embeddable":true,"href":"https:\/\/Regalino-Shop.de\/index.php?rest_route=\/wp\/v2\/media\/13114"}],"wp:attachment":[{"href":"https:\/\/Regalino-Shop.de\/index.php?rest_route=%2Fwp%2Fv2%2Fmedia&parent=13113"}],"wp:term":[{"taxonomy":"product_brand","embeddable":true,"href":"https:\/\/Regalino-Shop.de\/index.php?rest_route=%2Fwp%2Fv2%2Fproduct_brand&post=13113"},{"taxonomy":"product_cat","embeddable":true,"href":"https:\/\/Regalino-Shop.de\/index.php?rest_route=%2Fwp%2Fv2%2Fproduct_cat&post=13113"},{"taxonomy":"product_tag","embeddable":true,"href":"https:\/\/Regalino-Shop.de\/index.php?rest_route=%2Fwp%2Fv2%2Fproduct_tag&post=13113"}],"curies":[{"name":"wp","href":"https:\/\/api.w.org\/{rel}","templated":true}]}}