{"id":13855,"date":"2024-05-03T13:40:37","date_gmt":"2024-05-03T13:40:37","guid":{"rendered":"https:\/\/Regalino-Shop.de\/?post_type=product&#038;p=13855"},"modified":"2024-05-03T13:51:29","modified_gmt":"2024-05-03T13:51:29","slug":"obstschaelchen-pacifica-anthrazit-von-casafina","status":"publish","type":"product","link":"https:\/\/Regalino-Shop.de\/?product=obstschaelchen-pacifica-anthrazit-von-casafina","title":{"rendered":"Obstsch\u00e4lchen *Pacifica* anthrazit von Casafina"},"content":{"rendered":"","protected":false},"excerpt":{"rendered":"<h3><span data-mce-mark=\"1\">f\u00fcr Obst oder Snacks<br \/>\n<\/span><\/h3>\n<p><span data-mce-mark=\"1\">aus der Pacific Reihe von Casafina &#8211; handgefertigt in Portugal<br \/>\n<\/span><\/p>\n<ul>\n<li><span data-mce-mark=\"1\">temperaturbest\u00e4ndig, mikrowellenfest &amp; sp\u00fclmaschinengeeignet<\/span><\/li>\n<li><span data-mce-mark=\"1\">Material: Steinzeug<\/span><\/li>\n<li><span data-mce-mark=\"1\">Farbe: anthrazit<\/span><\/li>\n<li><span data-mce-mark=\"1\">Ma\u00dfe: <\/span>D 12 cm, H 6,2 cm<\/li>\n<li>Fassungsverm\u00f6gen: 320 ml<\/li>\n<\/ul>\n<p>Lieferumfang: 1 Sch\u00e4lchen<\/p>\n<p><strong>\u00a0<\/strong><\/p>\n<p>&nbsp;<\/p>\n","protected":false},"featured_media":13856,"template":"","meta":{"_et_pb_use_builder":"","_et_pb_old_content":"","_et_gb_content_width":""},"product_brand":[],"product_cat":[76,57],"product_tag":[566,731,351,564,399,1078],"class_list":{"0":"post-13855","1":"product","2":"type-product","3":"status-publish","4":"has-post-thumbnail","6":"product_cat-geschirr-fuer-stilvolle-genussmomente-regalino","7":"product_cat-neu-eingetroffen-neue-lieblingsstuecke-bei-regalino","8":"product_tag-bowl","9":"product_tag-handmade","10":"product_tag-keramik","11":"product_tag-mueslischale","12":"product_tag-obstschale","13":"product_tag-portugal","15":"first","16":"instock","17":"taxable","18":"shipping-taxable","19":"purchasable","20":"product-type-simple"},"yoast_head":"<!-- This site is optimized with the Yoast SEO plugin v27.5 - https:\/\/yoast.com\/product\/yoast-seo-wordpress\/ -->\n<title>Obstsch\u00e4lchen *Pacifica* anthrazit von Casafina - Regalino -Lively Style<\/title>\n<meta name=\"description\" content=\"Obstsch\u00e4lchen von Casafina - handmade in Portugal - Durchmesser 12 cm -Fassungsverm\u00e4gen 320 ml - sp\u00fclmaschinenfest - Farbe: anthrazit\" \/>\n<meta name=\"robots\" content=\"index, follow, max-snippet:-1, max-image-preview:large, max-video-preview:-1\" \/>\n<link rel=\"canonical\" href=\"https:\/\/Regalino-Shop.de\/?product=obstschaelchen-pacifica-anthrazit-von-casafina\" \/>\n<meta property=\"og:locale\" content=\"de_DE\" \/>\n<meta property=\"og:type\" content=\"article\" \/>\n<meta property=\"og:title\" content=\"Obstsch\u00e4lchen *Pacifica* anthrazit von Casafina - Regalino -Lively Style\" \/>\n<meta property=\"og:description\" content=\"Obstsch\u00e4lchen von Casafina - handmade in Portugal - Durchmesser 12 cm -Fassungsverm\u00e4gen 320 ml - sp\u00fclmaschinenfest - Farbe: anthrazit\" \/>\n<meta property=\"og:url\" content=\"https:\/\/Regalino-Shop.de\/?product=obstschaelchen-pacifica-anthrazit-von-casafina\" \/>\n<meta property=\"og:site_name\" content=\"Regalino -Lively Style\" \/>\n<meta property=\"article:modified_time\" content=\"2024-05-03T13:51:29+00:00\" \/>\n<meta property=\"og:image\" content=\"https:\/\/Regalino-Shop.de\/wp-content\/uploads\/2024\/05\/Obstschale-snackschale-casafina-pacifica-anthrazit.jpg\" \/>\n\t<meta property=\"og:image:width\" content=\"454\" \/>\n\t<meta property=\"og:image:height\" content=\"406\" \/>\n\t<meta property=\"og:image:type\" content=\"image\/jpeg\" \/>\n<meta name=\"twitter:card\" content=\"summary_large_image\" \/>\n<meta name=\"twitter:label1\" content=\"Gesch\u00e4tzte Lesezeit\" \/>\n\t<meta name=\"twitter:data1\" content=\"1\u00a0Minute\" \/>\n<script type=\"application\/ld+json\" class=\"yoast-schema-graph\">{\"@context\":\"https:\\\/\\\/schema.org\",\"@graph\":[{\"@type\":\"WebPage\",\"@id\":\"https:\\\/\\\/Regalino-Shop.de\\\/?product=obstschaelchen-pacifica-anthrazit-von-casafina\",\"url\":\"https:\\\/\\\/Regalino-Shop.de\\\/?product=obstschaelchen-pacifica-anthrazit-von-casafina\",\"name\":\"Obstsch\u00e4lchen *Pacifica* anthrazit von Casafina - Regalino -Lively Style\",\"isPartOf\":{\"@id\":\"https:\\\/\\\/Regalino-Shop.de\\\/#website\"},\"primaryImageOfPage\":{\"@id\":\"https:\\\/\\\/Regalino-Shop.de\\\/?product=obstschaelchen-pacifica-anthrazit-von-casafina#primaryimage\"},\"image\":{\"@id\":\"https:\\\/\\\/Regalino-Shop.de\\\/?product=obstschaelchen-pacifica-anthrazit-von-casafina#primaryimage\"},\"thumbnailUrl\":\"https:\\\/\\\/Regalino-Shop.de\\\/wp-content\\\/uploads\\\/2024\\\/05\\\/Obstschale-snackschale-casafina-pacifica-anthrazit.jpg\",\"datePublished\":\"2024-05-03T13:40:37+00:00\",\"dateModified\":\"2024-05-03T13:51:29+00:00\",\"description\":\"Obstsch\u00e4lchen von Casafina - handmade in Portugal - Durchmesser 12 cm -Fassungsverm\u00e4gen 320 ml - sp\u00fclmaschinenfest - Farbe: anthrazit\",\"breadcrumb\":{\"@id\":\"https:\\\/\\\/Regalino-Shop.de\\\/?product=obstschaelchen-pacifica-anthrazit-von-casafina#breadcrumb\"},\"inLanguage\":\"de\",\"potentialAction\":[{\"@type\":\"ReadAction\",\"target\":[\"https:\\\/\\\/Regalino-Shop.de\\\/?product=obstschaelchen-pacifica-anthrazit-von-casafina\"]}]},{\"@type\":\"ImageObject\",\"inLanguage\":\"de\",\"@id\":\"https:\\\/\\\/Regalino-Shop.de\\\/?product=obstschaelchen-pacifica-anthrazit-von-casafina#primaryimage\",\"url\":\"https:\\\/\\\/Regalino-Shop.de\\\/wp-content\\\/uploads\\\/2024\\\/05\\\/Obstschale-snackschale-casafina-pacifica-anthrazit.jpg\",\"contentUrl\":\"https:\\\/\\\/Regalino-Shop.de\\\/wp-content\\\/uploads\\\/2024\\\/05\\\/Obstschale-snackschale-casafina-pacifica-anthrazit.jpg\",\"width\":454,\"height\":406},{\"@type\":\"BreadcrumbList\",\"@id\":\"https:\\\/\\\/Regalino-Shop.de\\\/?product=obstschaelchen-pacifica-anthrazit-von-casafina#breadcrumb\",\"itemListElement\":[{\"@type\":\"ListItem\",\"position\":1,\"name\":\"Startseite\",\"item\":\"https:\\\/\\\/Regalino-Shop.de\\\/\"},{\"@type\":\"ListItem\",\"position\":2,\"name\":\"Shop\",\"item\":\"https:\\\/\\\/Regalino-Shop.de\\\/?page_id=40\"},{\"@type\":\"ListItem\",\"position\":3,\"name\":\"Obstsch\u00e4lchen *Pacifica* anthrazit von Casafina\"}]},{\"@type\":\"WebSite\",\"@id\":\"https:\\\/\\\/Regalino-Shop.de\\\/#website\",\"url\":\"https:\\\/\\\/Regalino-Shop.de\\\/\",\"name\":\"Regalino -Lively Style\",\"description\":\"gelebtes Zuhause\",\"potentialAction\":[{\"@type\":\"SearchAction\",\"target\":{\"@type\":\"EntryPoint\",\"urlTemplate\":\"https:\\\/\\\/Regalino-Shop.de\\\/?s={search_term_string}\"},\"query-input\":{\"@type\":\"PropertyValueSpecification\",\"valueRequired\":true,\"valueName\":\"search_term_string\"}}],\"inLanguage\":\"de\"}]}<\/script>\n<!-- \/ Yoast SEO plugin. -->","yoast_head_json":{"title":"Obstsch\u00e4lchen *Pacifica* anthrazit von Casafina - Regalino -Lively Style","description":"Obstsch\u00e4lchen von Casafina - handmade in Portugal - Durchmesser 12 cm -Fassungsverm\u00e4gen 320 ml - sp\u00fclmaschinenfest - Farbe: anthrazit","robots":{"index":"index","follow":"follow","max-snippet":"max-snippet:-1","max-image-preview":"max-image-preview:large","max-video-preview":"max-video-preview:-1"},"canonical":"https:\/\/Regalino-Shop.de\/?product=obstschaelchen-pacifica-anthrazit-von-casafina","og_locale":"de_DE","og_type":"article","og_title":"Obstsch\u00e4lchen *Pacifica* anthrazit von Casafina - Regalino -Lively Style","og_description":"Obstsch\u00e4lchen von Casafina - handmade in Portugal - Durchmesser 12 cm -Fassungsverm\u00e4gen 320 ml - sp\u00fclmaschinenfest - Farbe: anthrazit","og_url":"https:\/\/Regalino-Shop.de\/?product=obstschaelchen-pacifica-anthrazit-von-casafina","og_site_name":"Regalino -Lively Style","article_modified_time":"2024-05-03T13:51:29+00:00","og_image":[{"width":454,"height":406,"url":"https:\/\/Regalino-Shop.de\/wp-content\/uploads\/2024\/05\/Obstschale-snackschale-casafina-pacifica-anthrazit.jpg","type":"image\/jpeg"}],"twitter_card":"summary_large_image","twitter_misc":{"Gesch\u00e4tzte Lesezeit":"1\u00a0Minute"},"schema":{"@context":"https:\/\/schema.org","@graph":[{"@type":"WebPage","@id":"https:\/\/Regalino-Shop.de\/?product=obstschaelchen-pacifica-anthrazit-von-casafina","url":"https:\/\/Regalino-Shop.de\/?product=obstschaelchen-pacifica-anthrazit-von-casafina","name":"Obstsch\u00e4lchen *Pacifica* anthrazit von Casafina - Regalino -Lively Style","isPartOf":{"@id":"https:\/\/Regalino-Shop.de\/#website"},"primaryImageOfPage":{"@id":"https:\/\/Regalino-Shop.de\/?product=obstschaelchen-pacifica-anthrazit-von-casafina#primaryimage"},"image":{"@id":"https:\/\/Regalino-Shop.de\/?product=obstschaelchen-pacifica-anthrazit-von-casafina#primaryimage"},"thumbnailUrl":"https:\/\/Regalino-Shop.de\/wp-content\/uploads\/2024\/05\/Obstschale-snackschale-casafina-pacifica-anthrazit.jpg","datePublished":"2024-05-03T13:40:37+00:00","dateModified":"2024-05-03T13:51:29+00:00","description":"Obstsch\u00e4lchen von Casafina - handmade in Portugal - Durchmesser 12 cm -Fassungsverm\u00e4gen 320 ml - sp\u00fclmaschinenfest - Farbe: anthrazit","breadcrumb":{"@id":"https:\/\/Regalino-Shop.de\/?product=obstschaelchen-pacifica-anthrazit-von-casafina#breadcrumb"},"inLanguage":"de","potentialAction":[{"@type":"ReadAction","target":["https:\/\/Regalino-Shop.de\/?product=obstschaelchen-pacifica-anthrazit-von-casafina"]}]},{"@type":"ImageObject","inLanguage":"de","@id":"https:\/\/Regalino-Shop.de\/?product=obstschaelchen-pacifica-anthrazit-von-casafina#primaryimage","url":"https:\/\/Regalino-Shop.de\/wp-content\/uploads\/2024\/05\/Obstschale-snackschale-casafina-pacifica-anthrazit.jpg","contentUrl":"https:\/\/Regalino-Shop.de\/wp-content\/uploads\/2024\/05\/Obstschale-snackschale-casafina-pacifica-anthrazit.jpg","width":454,"height":406},{"@type":"BreadcrumbList","@id":"https:\/\/Regalino-Shop.de\/?product=obstschaelchen-pacifica-anthrazit-von-casafina#breadcrumb","itemListElement":[{"@type":"ListItem","position":1,"name":"Startseite","item":"https:\/\/Regalino-Shop.de\/"},{"@type":"ListItem","position":2,"name":"Shop","item":"https:\/\/Regalino-Shop.de\/?page_id=40"},{"@type":"ListItem","position":3,"name":"Obstsch\u00e4lchen *Pacifica* anthrazit von Casafina"}]},{"@type":"WebSite","@id":"https:\/\/Regalino-Shop.de\/#website","url":"https:\/\/Regalino-Shop.de\/","name":"Regalino -Lively Style","description":"gelebtes Zuhause","potentialAction":[{"@type":"SearchAction","target":{"@type":"EntryPoint","urlTemplate":"https:\/\/Regalino-Shop.de\/?s={search_term_string}"},"query-input":{"@type":"PropertyValueSpecification","valueRequired":true,"valueName":"search_term_string"}}],"inLanguage":"de"}]}},"_links":{"self":[{"href":"https:\/\/Regalino-Shop.de\/index.php?rest_route=\/wp\/v2\/product\/13855","targetHints":{"allow":["GET"]}}],"collection":[{"href":"https:\/\/Regalino-Shop.de\/index.php?rest_route=\/wp\/v2\/product"}],"about":[{"href":"https:\/\/Regalino-Shop.de\/index.php?rest_route=\/wp\/v2\/types\/product"}],"wp:featuredmedia":[{"embeddable":true,"href":"https:\/\/Regalino-Shop.de\/index.php?rest_route=\/wp\/v2\/media\/13856"}],"wp:attachment":[{"href":"https:\/\/Regalino-Shop.de\/index.php?rest_route=%2Fwp%2Fv2%2Fmedia&parent=13855"}],"wp:term":[{"taxonomy":"product_brand","embeddable":true,"href":"https:\/\/Regalino-Shop.de\/index.php?rest_route=%2Fwp%2Fv2%2Fproduct_brand&post=13855"},{"taxonomy":"product_cat","embeddable":true,"href":"https:\/\/Regalino-Shop.de\/index.php?rest_route=%2Fwp%2Fv2%2Fproduct_cat&post=13855"},{"taxonomy":"product_tag","embeddable":true,"href":"https:\/\/Regalino-Shop.de\/index.php?rest_route=%2Fwp%2Fv2%2Fproduct_tag&post=13855"}],"curies":[{"name":"wp","href":"https:\/\/api.w.org\/{rel}","templated":true}]}}

Obstschälchen *Pacifica* anthrazit von Casafina

<h3><span data-mce-mark="1">für Obst oder Snacks<br />
</span></h3>
<p><span data-mce-mark="1">aus der Pacific Reihe von Casafina &#8211; handgefertigt in Portugal<br />
</span></p>
<ul>
<li><span data-mce-mark="1">temperaturbeständig, mikrowellenfest &amp; spülmaschinengeeignet</span></li>
<li><span data-mce-mark="1">Material: Steinzeug</span></li>
<li><span data-mce-mark="1">Farbe: anthrazit</span></li>
<li><span data-mce-mark="1">Maße: </span>D 12 cm, H 6,2 cm</li>
<li>Fassungsvermögen: 320 ml</li>
</ul>
<p>Lieferumfang: 1 Schälchen</p>
<p><strong> </strong></p>
<p>&nbsp;</p>

<!-- This site is optimized with the Yoast SEO plugin v27.5 - https://yoast.com/product/yoast-seo-wordpress/ -->
<title>Obstschälchen *Pacifica* anthrazit von Casafina - Regalino -Lively Style</title>
<meta name="description" content="Obstschälchen von Casafina - handmade in Portugal - Durchmesser 12 cm -Fassungsvermägen 320 ml - spülmaschinenfest - Farbe: anthrazit" />
<meta name="robots" content="index, follow, max-snippet:-1, max-image-preview:large, max-video-preview:-1" />
<link rel="canonical" href="https://Regalino-Shop.de/?product=obstschaelchen-pacifica-anthrazit-von-casafina" />
<meta property="og:locale" content="de_DE" />
<meta property="og:type" content="article" />
<meta property="og:title" content="Obstschälchen *Pacifica* anthrazit von Casafina - Regalino -Lively Style" />
<meta property="og:description" content="Obstschälchen von Casafina - handmade in Portugal - Durchmesser 12 cm -Fassungsvermägen 320 ml - spülmaschinenfest - Farbe: anthrazit" />
<meta property="og:url" content="https://Regalino-Shop.de/?product=obstschaelchen-pacifica-anthrazit-von-casafina" />
<meta property="og:site_name" content="Regalino -Lively Style" />
<meta property="article:modified_time" content="2024-05-03T13:51:29+00:00" />
<meta property="og:image" content="https://Regalino-Shop.de/wp-content/uploads/2024/05/Obstschale-snackschale-casafina-pacifica-anthrazit.jpg" />
	<meta property="og:image:width" content="454" />
	<meta property="og:image:height" content="406" />
	<meta property="og:image:type" content="image/jpeg" />
<meta name="twitter:card" content="summary_large_image" />
<meta name="twitter:label1" content="Geschätzte Lesezeit" />
	<meta name="twitter:data1" content="1 Minute" />
<script type="application/ld+json" class="yoast-schema-graph">{"@context":"https:\/\/schema.org","@graph":[{"@type":"WebPage","@id":"https:\/\/Regalino-Shop.de\/?product=obstschaelchen-pacifica-anthrazit-von-casafina","url":"https:\/\/Regalino-Shop.de\/?product=obstschaelchen-pacifica-anthrazit-von-casafina","name":"Obstschälchen *Pacifica* anthrazit von Casafina - Regalino -Lively Style","isPartOf":{"@id":"https:\/\/Regalino-Shop.de\/#website"},"primaryImageOfPage":{"@id":"https:\/\/Regalino-Shop.de\/?product=obstschaelchen-pacifica-anthrazit-von-casafina#primaryimage"},"image":{"@id":"https:\/\/Regalino-Shop.de\/?product=obstschaelchen-pacifica-anthrazit-von-casafina#primaryimage"},"thumbnailUrl":"https:\/\/Regalino-Shop.de\/wp-content\/uploads\/2024\/05\/Obstschale-snackschale-casafina-pacifica-anthrazit.jpg","datePublished":"2024-05-03T13:40:37+00:00","dateModified":"2024-05-03T13:51:29+00:00","description":"Obstschälchen von Casafina - handmade in Portugal - Durchmesser 12 cm -Fassungsvermägen 320 ml - spülmaschinenfest - Farbe: anthrazit","breadcrumb":{"@id":"https:\/\/Regalino-Shop.de\/?product=obstschaelchen-pacifica-anthrazit-von-casafina#breadcrumb"},"inLanguage":"de","potentialAction":[{"@type":"ReadAction","target":["https:\/\/Regalino-Shop.de\/?product=obstschaelchen-pacifica-anthrazit-von-casafina"]}]},{"@type":"ImageObject","inLanguage":"de","@id":"https:\/\/Regalino-Shop.de\/?product=obstschaelchen-pacifica-anthrazit-von-casafina#primaryimage","url":"https:\/\/Regalino-Shop.de\/wp-content\/uploads\/2024\/05\/Obstschale-snackschale-casafina-pacifica-anthrazit.jpg","contentUrl":"https:\/\/Regalino-Shop.de\/wp-content\/uploads\/2024\/05\/Obstschale-snackschale-casafina-pacifica-anthrazit.jpg","width":454,"height":406},{"@type":"BreadcrumbList","@id":"https:\/\/Regalino-Shop.de\/?product=obstschaelchen-pacifica-anthrazit-von-casafina#breadcrumb","itemListElement":[{"@type":"ListItem","position":1,"name":"Startseite","item":"https:\/\/Regalino-Shop.de\/"},{"@type":"ListItem","position":2,"name":"Shop","item":"https:\/\/Regalino-Shop.de\/?page_id=40"},{"@type":"ListItem","position":3,"name":"Obstschälchen *Pacifica* anthrazit von Casafina"}]},{"@type":"WebSite","@id":"https:\/\/Regalino-Shop.de\/#website","url":"https:\/\/Regalino-Shop.de\/","name":"Regalino -Lively Style","description":"gelebtes Zuhause","potentialAction":[{"@type":"SearchAction","target":{"@type":"EntryPoint","urlTemplate":"https:\/\/Regalino-Shop.de\/?s={search_term_string}"},"query-input":{"@type":"PropertyValueSpecification","valueRequired":true,"valueName":"search_term_string"}}],"inLanguage":"de"}]}</script>
<!-- / Yoast SEO plugin. -->

Obstschälchen *Pacifica* anthrazit von Casafina - Regalino -Lively Style

Obstschälchen von Casafina - handmade in Portugal - Durchmesser 12 cm -Fassungsvermägen 320 ml - spülmaschinenfest - Farbe: anthrazit
