{"id":14027,"date":"2024-05-17T11:03:59","date_gmt":"2024-05-17T11:03:59","guid":{"rendered":"https:\/\/Regalino-Shop.de\/?post_type=product&#038;p=14027"},"modified":"2026-03-29T07:08:52","modified_gmt":"2026-03-29T07:08:52","slug":"good-hair-day-risotto-al-tartufo-von-greenomic","status":"publish","type":"product","link":"https:\/\/Regalino-Shop.de\/?product=good-hair-day-risotto-al-tartufo-von-greenomic","title":{"rendered":"Good Hair Day Risotto *al Tartufo* von Greenomic"},"content":{"rendered":"<p>[et_pb_section fb_built=&#8220;1&#8243; _builder_version=&#8220;4.16&#8243; custom_padding=&#8220;0px||||false|false&#8220; global_colors_info=&#8220;{}&#8220;][et_pb_row _builder_version=&#8220;4.16&#8243; background_size=&#8220;initial&#8220; background_position=&#8220;top_left&#8220; background_repeat=&#8220;repeat&#8220; width=&#8220;100%&#8220; custom_padding=&#8220;0px||0px||false|false&#8220; global_colors_info=&#8220;{}&#8220;][et_pb_column type=&#8220;4_4&#8243; _builder_version=&#8220;4.16&#8243; custom_padding=&#8220;|||&#8220; global_colors_info=&#8220;{}&#8220; custom_padding__hover=&#8220;|||&#8220;][et_pb_wc_breadcrumb _builder_version=&#8220;4.16&#8243; global_colors_info=&#8220;{}&#8220;][\/et_pb_wc_breadcrumb][et_pb_wc_cart_notice _builder_version=&#8220;4.16&#8243; global_colors_info=&#8220;{}&#8220;][\/et_pb_wc_cart_notice][\/et_pb_column][\/et_pb_row][et_pb_row column_structure=&#8220;1_2,1_2&#8243; _builder_version=&#8220;4.16&#8243; background_size=&#8220;initial&#8220; background_position=&#8220;top_left&#8220; background_repeat=&#8220;repeat&#8220; width=&#8220;100%&#8220; custom_padding=&#8220;0px||||false|false&#8220; global_colors_info=&#8220;{}&#8220;][et_pb_column type=&#8220;1_2&#8243; _builder_version=&#8220;4.16&#8243; custom_padding=&#8220;|||&#8220; global_colors_info=&#8220;{}&#8220; custom_padding__hover=&#8220;|||&#8220;][et_pb_wc_images _builder_version=&#8220;4.16&#8243; global_colors_info=&#8220;{}&#8220;][\/et_pb_wc_images][\/et_pb_column][et_pb_column type=&#8220;1_2&#8243; _builder_version=&#8220;4.16&#8243; custom_padding=&#8220;|||&#8220; global_colors_info=&#8220;{}&#8220; custom_padding__hover=&#8220;|||&#8220;][et_pb_wc_title _builder_version=&#8220;4.16&#8243; global_colors_info=&#8220;{}&#8220;][\/et_pb_wc_title][et_pb_wc_rating _builder_version=&#8220;4.16&#8243; global_colors_info=&#8220;{}&#8220;][\/et_pb_wc_rating][et_pb_wc_price _builder_version=&#8220;4.16&#8243; global_colors_info=&#8220;{}&#8220;][\/et_pb_wc_price][et_pb_wc_description _builder_version=&#8220;4.16&#8243; global_colors_info=&#8220;{}&#8220;][\/et_pb_wc_description][et_pb_wc_add_to_cart _builder_version=&#8220;4.16&#8243; global_colors_info=&#8220;{}&#8220;][\/et_pb_wc_add_to_cart][et_pb_wc_meta _builder_version=&#8220;4.16&#8243; global_colors_info=&#8220;{}&#8220;][\/et_pb_wc_meta][\/et_pb_column][\/et_pb_row][et_pb_row _builder_version=&#8220;4.16&#8243; background_size=&#8220;initial&#8220; background_position=&#8220;top_left&#8220; background_repeat=&#8220;repeat&#8220; width=&#8220;100%&#8220; global_colors_info=&#8220;{}&#8220;][et_pb_column type=&#8220;4_4&#8243; _builder_version=&#8220;4.16&#8243; custom_padding=&#8220;|||&#8220; global_colors_info=&#8220;{}&#8220; custom_padding__hover=&#8220;|||&#8220;][et_pb_wc_tabs _builder_version=&#8220;4.16&#8243; global_colors_info=&#8220;{}&#8220;]\t\t\t\t\t[\/et_pb_wc_tabs][et_pb_wc_upsells _builder_version=&#8220;4.16&#8243; global_colors_info=&#8220;{}&#8220;][\/et_pb_wc_upsells][et_pb_wc_related_products _builder_version=&#8220;4.16&#8243; global_colors_info=&#8220;{}&#8220;][\/et_pb_wc_related_products][\/et_pb_column][\/et_pb_row][\/et_pb_section]<\/p>\n","protected":false},"excerpt":{"rendered":"<div>\n<h3 class=\"_3cRjW\" data-hook=\"content-wrapper\">lecker&#8230;<\/h3>\n<div data-hook=\"content-wrapper\">Risotto mit Tr\u00fcffel, hergestellt in Italien<\/div>\n<\/div>\n<div data-hook=\"content-wrapper\">\n<p>Zubereitung: In einer Pfanne Zwiebeln, Salz und Pfeffer in nativem Oliven\u00f6l extra erhitzen, anschlie\u00dfend das Risotto hinzugeben und kurz anbraten. Geben Sie 850ml warmes Wasser hinzu und w\u00e4hrend der Garzeit zus\u00e4tzlich etwas Gem\u00fcsebr\u00fche. Kochzeit: 15-20 Minuten. Danach kurz ruhenlassen und anschlie\u00dfend nach Belieben mit Butter &amp; Parmesan verfeinern<\/p>\n<\/div>\n<div>\n<ul>\n<li>Zutaten: 98,4% Arborio-Reis, 0,5% Sommertr\u00fcffel (Tuber aestivum vitt.), Gem\u00fcsebr\u00fche [Salz, Kartoffelst\u00e4rke, Maltodextrin, Hefeextrakt, Gem\u00fcseextrakte (Karotten, Zwiebeln), Sonnenblumen\u00f6l, Kr\u00e4uterextrakte], Knoblauch, Petersilie. Kann Spuren von GLUTEN, SCHALENFR\u00dcCHTEN und SELLERIE enthalten<\/li>\n<li>F\u00fcllmenge: 250 g<\/li>\n<\/ul>\n<p>Lieferumfang 1 Packung<\/p>\n<p>&nbsp;<\/p>\n<p>&nbsp;<\/p>\n<\/div>\n","protected":false},"featured_media":14028,"template":"","meta":{"_et_pb_use_builder":"on","_et_pb_old_content":"","_et_gb_content_width":""},"product_brand":[],"product_cat":[1859,57,2628],"product_tag":[355,288,696,1076,1658,770],"class_list":{"0":"post-14027","1":"product","2":"type-product","3":"status-publish","4":"has-post-thumbnail","6":"product_cat-feinkost-besondere-genussmomente-regalino","7":"product_cat-neu-eingetroffen-neue-lieblingsstuecke-bei-regalino","8":"product_cat-skandinavische-kuechenaccessoires-maritime-tischdeko-regalino","9":"product_tag-freundin","10":"product_tag-geschenk","11":"product_tag-grillen","12":"product_tag-pasta","13":"product_tag-risotto","14":"product_tag-sommer","16":"first","17":"instock","18":"taxable","19":"shipping-taxable","20":"purchasable","21":"product-type-simple"},"yoast_head":"<!-- This site is optimized with the Yoast SEO plugin v27.5 - https:\/\/yoast.com\/product\/yoast-seo-wordpress\/ -->\n<title>Good Hair Day Risotto *al Tartufo* von Greenomic - Regalino -Lively Style<\/title>\n<meta name=\"description\" content=\"\u00fcberzeugt nicht nur geschmacklich, sondern ist auch optisch ein Hingucker\" \/>\n<meta name=\"robots\" content=\"index, follow, max-snippet:-1, max-image-preview:large, max-video-preview:-1\" \/>\n<link rel=\"canonical\" href=\"https:\/\/Regalino-Shop.de\/?product=good-hair-day-risotto-al-tartufo-von-greenomic\" \/>\n<meta property=\"og:locale\" content=\"de_DE\" \/>\n<meta property=\"og:type\" content=\"article\" \/>\n<meta property=\"og:title\" content=\"Good Hair Day Risotto *al Tartufo* von Greenomic - Regalino -Lively Style\" \/>\n<meta property=\"og:description\" content=\"\u00fcberzeugt nicht nur geschmacklich, sondern ist auch optisch ein Hingucker\" \/>\n<meta property=\"og:url\" content=\"https:\/\/Regalino-Shop.de\/?product=good-hair-day-risotto-al-tartufo-von-greenomic\" \/>\n<meta property=\"og:site_name\" content=\"Regalino -Lively Style\" \/>\n<meta property=\"article:modified_time\" content=\"2026-03-29T07:08:52+00:00\" \/>\n<meta property=\"og:image\" content=\"https:\/\/Regalino-Shop.de\/wp-content\/uploads\/2024\/05\/tartufo.jpg\" \/>\n\t<meta property=\"og:image:width\" content=\"702\" \/>\n\t<meta property=\"og:image:height\" content=\"1125\" \/>\n\t<meta property=\"og:image:type\" content=\"image\/jpeg\" \/>\n<meta name=\"twitter:card\" content=\"summary_large_image\" \/>\n<meta name=\"twitter:label1\" content=\"Gesch\u00e4tzte Lesezeit\" \/>\n\t<meta name=\"twitter:data1\" content=\"2\u00a0Minuten\" \/>\n<script type=\"application\/ld+json\" class=\"yoast-schema-graph\">{\"@context\":\"https:\\\/\\\/schema.org\",\"@graph\":[{\"@type\":\"WebPage\",\"@id\":\"https:\\\/\\\/Regalino-Shop.de\\\/?product=good-hair-day-risotto-al-tartufo-von-greenomic\",\"url\":\"https:\\\/\\\/Regalino-Shop.de\\\/?product=good-hair-day-risotto-al-tartufo-von-greenomic\",\"name\":\"Good Hair Day Risotto *al Tartufo* von Greenomic - Regalino -Lively Style\",\"isPartOf\":{\"@id\":\"https:\\\/\\\/Regalino-Shop.de\\\/#website\"},\"primaryImageOfPage\":{\"@id\":\"https:\\\/\\\/Regalino-Shop.de\\\/?product=good-hair-day-risotto-al-tartufo-von-greenomic#primaryimage\"},\"image\":{\"@id\":\"https:\\\/\\\/Regalino-Shop.de\\\/?product=good-hair-day-risotto-al-tartufo-von-greenomic#primaryimage\"},\"thumbnailUrl\":\"https:\\\/\\\/Regalino-Shop.de\\\/wp-content\\\/uploads\\\/2024\\\/05\\\/tartufo.jpg\",\"datePublished\":\"2024-05-17T11:03:59+00:00\",\"dateModified\":\"2026-03-29T07:08:52+00:00\",\"description\":\"\u00fcberzeugt nicht nur geschmacklich, sondern ist auch optisch ein Hingucker\",\"breadcrumb\":{\"@id\":\"https:\\\/\\\/Regalino-Shop.de\\\/?product=good-hair-day-risotto-al-tartufo-von-greenomic#breadcrumb\"},\"inLanguage\":\"de\",\"potentialAction\":[{\"@type\":\"ReadAction\",\"target\":[\"https:\\\/\\\/Regalino-Shop.de\\\/?product=good-hair-day-risotto-al-tartufo-von-greenomic\"]}]},{\"@type\":\"ImageObject\",\"inLanguage\":\"de\",\"@id\":\"https:\\\/\\\/Regalino-Shop.de\\\/?product=good-hair-day-risotto-al-tartufo-von-greenomic#primaryimage\",\"url\":\"https:\\\/\\\/Regalino-Shop.de\\\/wp-content\\\/uploads\\\/2024\\\/05\\\/tartufo.jpg\",\"contentUrl\":\"https:\\\/\\\/Regalino-Shop.de\\\/wp-content\\\/uploads\\\/2024\\\/05\\\/tartufo.jpg\",\"width\":702,\"height\":1125},{\"@type\":\"BreadcrumbList\",\"@id\":\"https:\\\/\\\/Regalino-Shop.de\\\/?product=good-hair-day-risotto-al-tartufo-von-greenomic#breadcrumb\",\"itemListElement\":[{\"@type\":\"ListItem\",\"position\":1,\"name\":\"Startseite\",\"item\":\"https:\\\/\\\/Regalino-Shop.de\\\/\"},{\"@type\":\"ListItem\",\"position\":2,\"name\":\"Shop\",\"item\":\"https:\\\/\\\/Regalino-Shop.de\\\/?page_id=40\"},{\"@type\":\"ListItem\",\"position\":3,\"name\":\"Good Hair Day Risotto *al Tartufo* von Greenomic\"}]},{\"@type\":\"WebSite\",\"@id\":\"https:\\\/\\\/Regalino-Shop.de\\\/#website\",\"url\":\"https:\\\/\\\/Regalino-Shop.de\\\/\",\"name\":\"Regalino -Lively Style\",\"description\":\"gelebtes Zuhause\",\"potentialAction\":[{\"@type\":\"SearchAction\",\"target\":{\"@type\":\"EntryPoint\",\"urlTemplate\":\"https:\\\/\\\/Regalino-Shop.de\\\/?s={search_term_string}\"},\"query-input\":{\"@type\":\"PropertyValueSpecification\",\"valueRequired\":true,\"valueName\":\"search_term_string\"}}],\"inLanguage\":\"de\"}]}<\/script>\n<!-- \/ Yoast SEO plugin. -->","yoast_head_json":{"title":"Good Hair Day Risotto *al Tartufo* von Greenomic - Regalino -Lively Style","description":"\u00fcberzeugt nicht nur geschmacklich, sondern ist auch optisch ein Hingucker","robots":{"index":"index","follow":"follow","max-snippet":"max-snippet:-1","max-image-preview":"max-image-preview:large","max-video-preview":"max-video-preview:-1"},"canonical":"https:\/\/Regalino-Shop.de\/?product=good-hair-day-risotto-al-tartufo-von-greenomic","og_locale":"de_DE","og_type":"article","og_title":"Good Hair Day Risotto *al Tartufo* von Greenomic - Regalino -Lively Style","og_description":"\u00fcberzeugt nicht nur geschmacklich, sondern ist auch optisch ein Hingucker","og_url":"https:\/\/Regalino-Shop.de\/?product=good-hair-day-risotto-al-tartufo-von-greenomic","og_site_name":"Regalino -Lively Style","article_modified_time":"2026-03-29T07:08:52+00:00","og_image":[{"width":702,"height":1125,"url":"https:\/\/Regalino-Shop.de\/wp-content\/uploads\/2024\/05\/tartufo.jpg","type":"image\/jpeg"}],"twitter_card":"summary_large_image","twitter_misc":{"Gesch\u00e4tzte Lesezeit":"2\u00a0Minuten"},"schema":{"@context":"https:\/\/schema.org","@graph":[{"@type":"WebPage","@id":"https:\/\/Regalino-Shop.de\/?product=good-hair-day-risotto-al-tartufo-von-greenomic","url":"https:\/\/Regalino-Shop.de\/?product=good-hair-day-risotto-al-tartufo-von-greenomic","name":"Good Hair Day Risotto *al Tartufo* von Greenomic - Regalino -Lively Style","isPartOf":{"@id":"https:\/\/Regalino-Shop.de\/#website"},"primaryImageOfPage":{"@id":"https:\/\/Regalino-Shop.de\/?product=good-hair-day-risotto-al-tartufo-von-greenomic#primaryimage"},"image":{"@id":"https:\/\/Regalino-Shop.de\/?product=good-hair-day-risotto-al-tartufo-von-greenomic#primaryimage"},"thumbnailUrl":"https:\/\/Regalino-Shop.de\/wp-content\/uploads\/2024\/05\/tartufo.jpg","datePublished":"2024-05-17T11:03:59+00:00","dateModified":"2026-03-29T07:08:52+00:00","description":"\u00fcberzeugt nicht nur geschmacklich, sondern ist auch optisch ein Hingucker","breadcrumb":{"@id":"https:\/\/Regalino-Shop.de\/?product=good-hair-day-risotto-al-tartufo-von-greenomic#breadcrumb"},"inLanguage":"de","potentialAction":[{"@type":"ReadAction","target":["https:\/\/Regalino-Shop.de\/?product=good-hair-day-risotto-al-tartufo-von-greenomic"]}]},{"@type":"ImageObject","inLanguage":"de","@id":"https:\/\/Regalino-Shop.de\/?product=good-hair-day-risotto-al-tartufo-von-greenomic#primaryimage","url":"https:\/\/Regalino-Shop.de\/wp-content\/uploads\/2024\/05\/tartufo.jpg","contentUrl":"https:\/\/Regalino-Shop.de\/wp-content\/uploads\/2024\/05\/tartufo.jpg","width":702,"height":1125},{"@type":"BreadcrumbList","@id":"https:\/\/Regalino-Shop.de\/?product=good-hair-day-risotto-al-tartufo-von-greenomic#breadcrumb","itemListElement":[{"@type":"ListItem","position":1,"name":"Startseite","item":"https:\/\/Regalino-Shop.de\/"},{"@type":"ListItem","position":2,"name":"Shop","item":"https:\/\/Regalino-Shop.de\/?page_id=40"},{"@type":"ListItem","position":3,"name":"Good Hair Day Risotto *al Tartufo* von Greenomic"}]},{"@type":"WebSite","@id":"https:\/\/Regalino-Shop.de\/#website","url":"https:\/\/Regalino-Shop.de\/","name":"Regalino -Lively Style","description":"gelebtes Zuhause","potentialAction":[{"@type":"SearchAction","target":{"@type":"EntryPoint","urlTemplate":"https:\/\/Regalino-Shop.de\/?s={search_term_string}"},"query-input":{"@type":"PropertyValueSpecification","valueRequired":true,"valueName":"search_term_string"}}],"inLanguage":"de"}]}},"_links":{"self":[{"href":"https:\/\/Regalino-Shop.de\/index.php?rest_route=\/wp\/v2\/product\/14027","targetHints":{"allow":["GET"]}}],"collection":[{"href":"https:\/\/Regalino-Shop.de\/index.php?rest_route=\/wp\/v2\/product"}],"about":[{"href":"https:\/\/Regalino-Shop.de\/index.php?rest_route=\/wp\/v2\/types\/product"}],"wp:featuredmedia":[{"embeddable":true,"href":"https:\/\/Regalino-Shop.de\/index.php?rest_route=\/wp\/v2\/media\/14028"}],"wp:attachment":[{"href":"https:\/\/Regalino-Shop.de\/index.php?rest_route=%2Fwp%2Fv2%2Fmedia&parent=14027"}],"wp:term":[{"taxonomy":"product_brand","embeddable":true,"href":"https:\/\/Regalino-Shop.de\/index.php?rest_route=%2Fwp%2Fv2%2Fproduct_brand&post=14027"},{"taxonomy":"product_cat","embeddable":true,"href":"https:\/\/Regalino-Shop.de\/index.php?rest_route=%2Fwp%2Fv2%2Fproduct_cat&post=14027"},{"taxonomy":"product_tag","embeddable":true,"href":"https:\/\/Regalino-Shop.de\/index.php?rest_route=%2Fwp%2Fv2%2Fproduct_tag&post=14027"}],"curies":[{"name":"wp","href":"https:\/\/api.w.org\/{rel}","templated":true}]}}