{"id":14312,"date":"2024-08-20T13:51:58","date_gmt":"2024-08-20T13:51:58","guid":{"rendered":"https:\/\/Regalino-Shop.de\/?post_type=product&#038;p=14312"},"modified":"2026-03-11T15:12:54","modified_gmt":"2026-03-11T15:12:54","slug":"kanne-rustique-von-ib-laursen","status":"publish","type":"product","link":"https:\/\/Regalino-Shop.de\/?product=kanne-rustique-von-ib-laursen","title":{"rendered":"Kanne *Rustique* von Ib Laursen"},"content":{"rendered":"","protected":false},"excerpt":{"rendered":"<h3>f\u00fcr Tapasabende, zum Fr\u00fchst\u00fcck oder einfach nur zur Deko<\/h3>\n<p>Ist der nicht toll f\u00fcr gek\u00fchlten Wei\u00dfwein oder frisch zubereitete Sangria? Fr\u00fchst\u00fcckssaft mag er auch besonders gern. Der Krug hat sch\u00f6ne organische und gewellte Formen, die ihn selbst zu einem kleinen Kunstwerk machen. Auch als Dekoobjekt mit Blumen oder Zweigen toll.\u00a0 Die Serie hat eine sch\u00f6ne r\u00f6tlich-braune Farbe und eine feine, gl\u00e4nzende Glasur. Sie ist teilweise handgefertigt, was ihr zus\u00e4tzlichen Charme und Pers\u00f6nlichkeit verleiht. Alle Teile der Serie sind ofenfest und sp\u00fclmaschinengeeignet. Die Serie Rustique wird in Spanien hergestellt und besteht aus Ton, so dass der Krug am Boden leicht feucht werden kann, wenn er l\u00e4ngere Zeit Fl\u00fcssigkeit enth\u00e4lt, weshalb es empfehlenswert ist, eine Untertasse zu verwenden, wenn er als Vase oder \u00e4hnliches benutzt wird<\/p>\n<ul>\n<li>Gr\u00f6\u00dfe: H\u00f6he 15 cm , Durchmesser ca 10 cm<\/li>\n<li>Farbe: r\u00f6tlich braun<\/li>\n<li>Material: Steingut<\/li>\n<li>sp\u00fclmaschinen-, ofengeeignet<\/li>\n<\/ul>\n<p>Lieferumfang: 1 Krug ohne Dekoration<\/p>\n<p>Stichwort: Herbst<\/p>\n","protected":false},"featured_media":14313,"template":"","meta":{"_et_pb_use_builder":"","_et_pb_old_content":"","_et_gb_content_width":""},"product_brand":[],"product_cat":[79,57,61],"product_tag":[245,657,367,423],"class_list":{"0":"post-14312","1":"product","2":"type-product","3":"status-publish","4":"has-post-thumbnail","6":"product_cat-kruege-kannen-im-scandi-breton-stil-regalino","7":"product_cat-neu-eingetroffen-neue-lieblingsstuecke-bei-regalino","8":"product_cat-vasen-blumentoepfe-fuer-stilvolle-wohnakzente-regalino","9":"product_tag-ib-laursen","10":"product_tag-kanne","11":"product_tag-krug","12":"product_tag-vase","14":"first","15":"instock","16":"taxable","17":"shipping-taxable","18":"purchasable","19":"product-type-simple"},"yoast_head":"<!-- This site is optimized with the Yoast SEO plugin v27.5 - https:\/\/yoast.com\/product\/yoast-seo-wordpress\/ -->\n<title>Kanne *Rustique* von Ib Laursen - Regalino -Lively Style<\/title>\n<meta name=\"description\" content=\"f\u00fcr Tapasabende, zum Fr\u00fchst\u00fcck oder einfach nur zur Deko -Ist der nicht toll f\u00fcr gek\u00fchlten Wei\u00dfwein oder frisch zubereitete Sangria? Fr\u00fchst\u00fcckssaft mag er auch besonders gern.\" \/>\n<meta name=\"robots\" content=\"index, follow, max-snippet:-1, max-image-preview:large, max-video-preview:-1\" \/>\n<link rel=\"canonical\" href=\"https:\/\/Regalino-Shop.de\/?product=kanne-rustique-von-ib-laursen\" \/>\n<meta property=\"og:locale\" content=\"de_DE\" \/>\n<meta property=\"og:type\" content=\"article\" \/>\n<meta property=\"og:title\" content=\"Kanne *Rustique* von Ib Laursen - Regalino -Lively Style\" \/>\n<meta property=\"og:description\" content=\"f\u00fcr Tapasabende, zum Fr\u00fchst\u00fcck oder einfach nur zur Deko -Ist der nicht toll f\u00fcr gek\u00fchlten Wei\u00dfwein oder frisch zubereitete Sangria? Fr\u00fchst\u00fcckssaft mag er auch besonders gern.\" \/>\n<meta property=\"og:url\" content=\"https:\/\/Regalino-Shop.de\/?product=kanne-rustique-von-ib-laursen\" \/>\n<meta property=\"og:site_name\" content=\"Regalino -Lively Style\" \/>\n<meta property=\"article:modified_time\" content=\"2026-03-11T15:12:54+00:00\" \/>\n<meta property=\"og:image\" content=\"https:\/\/Regalino-Shop.de\/wp-content\/uploads\/2024\/08\/24002-00.jpg\" \/>\n\t<meta property=\"og:image:width\" content=\"1400\" \/>\n\t<meta property=\"og:image:height\" content=\"1400\" \/>\n\t<meta property=\"og:image:type\" content=\"image\/jpeg\" \/>\n<meta name=\"twitter:card\" content=\"summary_large_image\" \/>\n<meta name=\"twitter:label1\" content=\"Gesch\u00e4tzte Lesezeit\" \/>\n\t<meta name=\"twitter:data1\" content=\"1\u00a0Minute\" \/>\n<script type=\"application\/ld+json\" class=\"yoast-schema-graph\">{\"@context\":\"https:\\\/\\\/schema.org\",\"@graph\":[{\"@type\":\"WebPage\",\"@id\":\"https:\\\/\\\/Regalino-Shop.de\\\/?product=kanne-rustique-von-ib-laursen\",\"url\":\"https:\\\/\\\/Regalino-Shop.de\\\/?product=kanne-rustique-von-ib-laursen\",\"name\":\"Kanne *Rustique* von Ib Laursen - Regalino -Lively Style\",\"isPartOf\":{\"@id\":\"https:\\\/\\\/Regalino-Shop.de\\\/#website\"},\"primaryImageOfPage\":{\"@id\":\"https:\\\/\\\/Regalino-Shop.de\\\/?product=kanne-rustique-von-ib-laursen#primaryimage\"},\"image\":{\"@id\":\"https:\\\/\\\/Regalino-Shop.de\\\/?product=kanne-rustique-von-ib-laursen#primaryimage\"},\"thumbnailUrl\":\"https:\\\/\\\/Regalino-Shop.de\\\/wp-content\\\/uploads\\\/2024\\\/08\\\/24002-00.jpg\",\"datePublished\":\"2024-08-20T13:51:58+00:00\",\"dateModified\":\"2026-03-11T15:12:54+00:00\",\"description\":\"f\u00fcr Tapasabende, zum Fr\u00fchst\u00fcck oder einfach nur zur Deko -Ist der nicht toll f\u00fcr gek\u00fchlten Wei\u00dfwein oder frisch zubereitete Sangria? Fr\u00fchst\u00fcckssaft mag er auch besonders gern.\",\"breadcrumb\":{\"@id\":\"https:\\\/\\\/Regalino-Shop.de\\\/?product=kanne-rustique-von-ib-laursen#breadcrumb\"},\"inLanguage\":\"de\",\"potentialAction\":[{\"@type\":\"ReadAction\",\"target\":[\"https:\\\/\\\/Regalino-Shop.de\\\/?product=kanne-rustique-von-ib-laursen\"]}]},{\"@type\":\"ImageObject\",\"inLanguage\":\"de\",\"@id\":\"https:\\\/\\\/Regalino-Shop.de\\\/?product=kanne-rustique-von-ib-laursen#primaryimage\",\"url\":\"https:\\\/\\\/Regalino-Shop.de\\\/wp-content\\\/uploads\\\/2024\\\/08\\\/24002-00.jpg\",\"contentUrl\":\"https:\\\/\\\/Regalino-Shop.de\\\/wp-content\\\/uploads\\\/2024\\\/08\\\/24002-00.jpg\",\"width\":1400,\"height\":1400,\"caption\":\"Krug-Kanne-Ib-Laursen-Steingut\"},{\"@type\":\"BreadcrumbList\",\"@id\":\"https:\\\/\\\/Regalino-Shop.de\\\/?product=kanne-rustique-von-ib-laursen#breadcrumb\",\"itemListElement\":[{\"@type\":\"ListItem\",\"position\":1,\"name\":\"Startseite\",\"item\":\"https:\\\/\\\/Regalino-Shop.de\\\/\"},{\"@type\":\"ListItem\",\"position\":2,\"name\":\"Shop\",\"item\":\"https:\\\/\\\/Regalino-Shop.de\\\/?page_id=40\"},{\"@type\":\"ListItem\",\"position\":3,\"name\":\"Kanne *Rustique* von Ib Laursen\"}]},{\"@type\":\"WebSite\",\"@id\":\"https:\\\/\\\/Regalino-Shop.de\\\/#website\",\"url\":\"https:\\\/\\\/Regalino-Shop.de\\\/\",\"name\":\"Regalino -Lively Style\",\"description\":\"gelebtes Zuhause\",\"potentialAction\":[{\"@type\":\"SearchAction\",\"target\":{\"@type\":\"EntryPoint\",\"urlTemplate\":\"https:\\\/\\\/Regalino-Shop.de\\\/?s={search_term_string}\"},\"query-input\":{\"@type\":\"PropertyValueSpecification\",\"valueRequired\":true,\"valueName\":\"search_term_string\"}}],\"inLanguage\":\"de\"}]}<\/script>\n<!-- \/ Yoast SEO plugin. -->","yoast_head_json":{"title":"Kanne *Rustique* von Ib Laursen - Regalino -Lively Style","description":"f\u00fcr Tapasabende, zum Fr\u00fchst\u00fcck oder einfach nur zur Deko -Ist der nicht toll f\u00fcr gek\u00fchlten Wei\u00dfwein oder frisch zubereitete Sangria? Fr\u00fchst\u00fcckssaft mag er auch besonders gern.","robots":{"index":"index","follow":"follow","max-snippet":"max-snippet:-1","max-image-preview":"max-image-preview:large","max-video-preview":"max-video-preview:-1"},"canonical":"https:\/\/Regalino-Shop.de\/?product=kanne-rustique-von-ib-laursen","og_locale":"de_DE","og_type":"article","og_title":"Kanne *Rustique* von Ib Laursen - Regalino -Lively Style","og_description":"f\u00fcr Tapasabende, zum Fr\u00fchst\u00fcck oder einfach nur zur Deko -Ist der nicht toll f\u00fcr gek\u00fchlten Wei\u00dfwein oder frisch zubereitete Sangria? Fr\u00fchst\u00fcckssaft mag er auch besonders gern.","og_url":"https:\/\/Regalino-Shop.de\/?product=kanne-rustique-von-ib-laursen","og_site_name":"Regalino -Lively Style","article_modified_time":"2026-03-11T15:12:54+00:00","og_image":[{"width":1400,"height":1400,"url":"https:\/\/Regalino-Shop.de\/wp-content\/uploads\/2024\/08\/24002-00.jpg","type":"image\/jpeg"}],"twitter_card":"summary_large_image","twitter_misc":{"Gesch\u00e4tzte Lesezeit":"1\u00a0Minute"},"schema":{"@context":"https:\/\/schema.org","@graph":[{"@type":"WebPage","@id":"https:\/\/Regalino-Shop.de\/?product=kanne-rustique-von-ib-laursen","url":"https:\/\/Regalino-Shop.de\/?product=kanne-rustique-von-ib-laursen","name":"Kanne *Rustique* von Ib Laursen - Regalino -Lively Style","isPartOf":{"@id":"https:\/\/Regalino-Shop.de\/#website"},"primaryImageOfPage":{"@id":"https:\/\/Regalino-Shop.de\/?product=kanne-rustique-von-ib-laursen#primaryimage"},"image":{"@id":"https:\/\/Regalino-Shop.de\/?product=kanne-rustique-von-ib-laursen#primaryimage"},"thumbnailUrl":"https:\/\/Regalino-Shop.de\/wp-content\/uploads\/2024\/08\/24002-00.jpg","datePublished":"2024-08-20T13:51:58+00:00","dateModified":"2026-03-11T15:12:54+00:00","description":"f\u00fcr Tapasabende, zum Fr\u00fchst\u00fcck oder einfach nur zur Deko -Ist der nicht toll f\u00fcr gek\u00fchlten Wei\u00dfwein oder frisch zubereitete Sangria? Fr\u00fchst\u00fcckssaft mag er auch besonders gern.","breadcrumb":{"@id":"https:\/\/Regalino-Shop.de\/?product=kanne-rustique-von-ib-laursen#breadcrumb"},"inLanguage":"de","potentialAction":[{"@type":"ReadAction","target":["https:\/\/Regalino-Shop.de\/?product=kanne-rustique-von-ib-laursen"]}]},{"@type":"ImageObject","inLanguage":"de","@id":"https:\/\/Regalino-Shop.de\/?product=kanne-rustique-von-ib-laursen#primaryimage","url":"https:\/\/Regalino-Shop.de\/wp-content\/uploads\/2024\/08\/24002-00.jpg","contentUrl":"https:\/\/Regalino-Shop.de\/wp-content\/uploads\/2024\/08\/24002-00.jpg","width":1400,"height":1400,"caption":"Krug-Kanne-Ib-Laursen-Steingut"},{"@type":"BreadcrumbList","@id":"https:\/\/Regalino-Shop.de\/?product=kanne-rustique-von-ib-laursen#breadcrumb","itemListElement":[{"@type":"ListItem","position":1,"name":"Startseite","item":"https:\/\/Regalino-Shop.de\/"},{"@type":"ListItem","position":2,"name":"Shop","item":"https:\/\/Regalino-Shop.de\/?page_id=40"},{"@type":"ListItem","position":3,"name":"Kanne *Rustique* von Ib Laursen"}]},{"@type":"WebSite","@id":"https:\/\/Regalino-Shop.de\/#website","url":"https:\/\/Regalino-Shop.de\/","name":"Regalino -Lively Style","description":"gelebtes Zuhause","potentialAction":[{"@type":"SearchAction","target":{"@type":"EntryPoint","urlTemplate":"https:\/\/Regalino-Shop.de\/?s={search_term_string}"},"query-input":{"@type":"PropertyValueSpecification","valueRequired":true,"valueName":"search_term_string"}}],"inLanguage":"de"}]}},"_links":{"self":[{"href":"https:\/\/Regalino-Shop.de\/index.php?rest_route=\/wp\/v2\/product\/14312","targetHints":{"allow":["GET"]}}],"collection":[{"href":"https:\/\/Regalino-Shop.de\/index.php?rest_route=\/wp\/v2\/product"}],"about":[{"href":"https:\/\/Regalino-Shop.de\/index.php?rest_route=\/wp\/v2\/types\/product"}],"wp:featuredmedia":[{"embeddable":true,"href":"https:\/\/Regalino-Shop.de\/index.php?rest_route=\/wp\/v2\/media\/14313"}],"wp:attachment":[{"href":"https:\/\/Regalino-Shop.de\/index.php?rest_route=%2Fwp%2Fv2%2Fmedia&parent=14312"}],"wp:term":[{"taxonomy":"product_brand","embeddable":true,"href":"https:\/\/Regalino-Shop.de\/index.php?rest_route=%2Fwp%2Fv2%2Fproduct_brand&post=14312"},{"taxonomy":"product_cat","embeddable":true,"href":"https:\/\/Regalino-Shop.de\/index.php?rest_route=%2Fwp%2Fv2%2Fproduct_cat&post=14312"},{"taxonomy":"product_tag","embeddable":true,"href":"https:\/\/Regalino-Shop.de\/index.php?rest_route=%2Fwp%2Fv2%2Fproduct_tag&post=14312"}],"curies":[{"name":"wp","href":"https:\/\/api.w.org\/{rel}","templated":true}]}}

<h3>für Tapasabende, zum Frühstück oder einfach nur zur Deko</h3>
<p>Ist der nicht toll für gekühlten Weißwein oder frisch zubereitete Sangria? Frühstückssaft mag er auch besonders gern. Der Krug hat schöne organische und gewellte Formen, die ihn selbst zu einem kleinen Kunstwerk machen. Auch als Dekoobjekt mit Blumen oder Zweigen toll.  Die Serie hat eine schöne rötlich-braune Farbe und eine feine, glänzende Glasur. Sie ist teilweise handgefertigt, was ihr zusätzlichen Charme und Persönlichkeit verleiht. Alle Teile der Serie sind ofenfest und spülmaschinengeeignet. Die Serie Rustique wird in Spanien hergestellt und besteht aus Ton, so dass der Krug am Boden leicht feucht werden kann, wenn er längere Zeit Flüssigkeit enthält, weshalb es empfehlenswert ist, eine Untertasse zu verwenden, wenn er als Vase oder ähnliches benutzt wird</p>
<ul>
<li>Größe: Höhe 15 cm , Durchmesser ca 10 cm</li>
<li>Farbe: rötlich braun</li>
<li>Material: Steingut</li>
<li>spülmaschinen-, ofengeeignet</li>
</ul>
<p>Lieferumfang: 1 Krug ohne Dekoration</p>
<p>Stichwort: Herbst</p>

<!-- This site is optimized with the Yoast SEO plugin v27.5 - https://yoast.com/product/yoast-seo-wordpress/ -->
<title>Kanne *Rustique* von Ib Laursen - Regalino -Lively Style</title>
<meta name="description" content="für Tapasabende, zum Frühstück oder einfach nur zur Deko -Ist der nicht toll für gekühlten Weißwein oder frisch zubereitete Sangria? Frühstückssaft mag er auch besonders gern." />
<meta name="robots" content="index, follow, max-snippet:-1, max-image-preview:large, max-video-preview:-1" />
<link rel="canonical" href="https://Regalino-Shop.de/?product=kanne-rustique-von-ib-laursen" />
<meta property="og:locale" content="de_DE" />
<meta property="og:type" content="article" />
<meta property="og:title" content="Kanne *Rustique* von Ib Laursen - Regalino -Lively Style" />
<meta property="og:description" content="für Tapasabende, zum Frühstück oder einfach nur zur Deko -Ist der nicht toll für gekühlten Weißwein oder frisch zubereitete Sangria? Frühstückssaft mag er auch besonders gern." />
<meta property="og:url" content="https://Regalino-Shop.de/?product=kanne-rustique-von-ib-laursen" />
<meta property="og:site_name" content="Regalino -Lively Style" />
<meta property="article:modified_time" content="2026-03-11T15:12:54+00:00" />
<meta property="og:image" content="https://Regalino-Shop.de/wp-content/uploads/2024/08/24002-00.jpg" />
	<meta property="og:image:width" content="1400" />
	<meta property="og:image:height" content="1400" />
	<meta property="og:image:type" content="image/jpeg" />
<meta name="twitter:card" content="summary_large_image" />
<meta name="twitter:label1" content="Geschätzte Lesezeit" />
	<meta name="twitter:data1" content="1 Minute" />
<script type="application/ld+json" class="yoast-schema-graph">{"@context":"https:\/\/schema.org","@graph":[{"@type":"WebPage","@id":"https:\/\/Regalino-Shop.de\/?product=kanne-rustique-von-ib-laursen","url":"https:\/\/Regalino-Shop.de\/?product=kanne-rustique-von-ib-laursen","name":"Kanne *Rustique* von Ib Laursen - Regalino -Lively Style","isPartOf":{"@id":"https:\/\/Regalino-Shop.de\/#website"},"primaryImageOfPage":{"@id":"https:\/\/Regalino-Shop.de\/?product=kanne-rustique-von-ib-laursen#primaryimage"},"image":{"@id":"https:\/\/Regalino-Shop.de\/?product=kanne-rustique-von-ib-laursen#primaryimage"},"thumbnailUrl":"https:\/\/Regalino-Shop.de\/wp-content\/uploads\/2024\/08\/24002-00.jpg","datePublished":"2024-08-20T13:51:58+00:00","dateModified":"2026-03-11T15:12:54+00:00","description":"für Tapasabende, zum Frühstück oder einfach nur zur Deko -Ist der nicht toll für gekühlten Weißwein oder frisch zubereitete Sangria? Frühstückssaft mag er auch besonders gern.","breadcrumb":{"@id":"https:\/\/Regalino-Shop.de\/?product=kanne-rustique-von-ib-laursen#breadcrumb"},"inLanguage":"de","potentialAction":[{"@type":"ReadAction","target":["https:\/\/Regalino-Shop.de\/?product=kanne-rustique-von-ib-laursen"]}]},{"@type":"ImageObject","inLanguage":"de","@id":"https:\/\/Regalino-Shop.de\/?product=kanne-rustique-von-ib-laursen#primaryimage","url":"https:\/\/Regalino-Shop.de\/wp-content\/uploads\/2024\/08\/24002-00.jpg","contentUrl":"https:\/\/Regalino-Shop.de\/wp-content\/uploads\/2024\/08\/24002-00.jpg","width":1400,"height":1400,"caption":"Krug-Kanne-Ib-Laursen-Steingut"},{"@type":"BreadcrumbList","@id":"https:\/\/Regalino-Shop.de\/?product=kanne-rustique-von-ib-laursen#breadcrumb","itemListElement":[{"@type":"ListItem","position":1,"name":"Startseite","item":"https:\/\/Regalino-Shop.de\/"},{"@type":"ListItem","position":2,"name":"Shop","item":"https:\/\/Regalino-Shop.de\/?page_id=40"},{"@type":"ListItem","position":3,"name":"Kanne *Rustique* von Ib Laursen"}]},{"@type":"WebSite","@id":"https:\/\/Regalino-Shop.de\/#website","url":"https:\/\/Regalino-Shop.de\/","name":"Regalino -Lively Style","description":"gelebtes Zuhause","potentialAction":[{"@type":"SearchAction","target":{"@type":"EntryPoint","urlTemplate":"https:\/\/Regalino-Shop.de\/?s={search_term_string}"},"query-input":{"@type":"PropertyValueSpecification","valueRequired":true,"valueName":"search_term_string"}}],"inLanguage":"de"}]}</script>
<!-- / Yoast SEO plugin. -->

für Tapasabende, zum Frühstück oder einfach nur zur Deko -Ist der nicht toll für gekühlten Weißwein oder frisch zubereitete Sangria? Frühstückssaft mag er auch besonders gern.
