{"id":14396,"date":"2024-08-21T11:00:32","date_gmt":"2024-08-21T11:00:32","guid":{"rendered":"https:\/\/Regalino-Shop.de\/?post_type=product&#038;p=14396"},"modified":"2026-03-29T08:07:31","modified_gmt":"2026-03-29T08:07:31","slug":"schluesselanhaenger-avocado-von-atws","status":"publish","type":"product","link":"https:\/\/Regalino-Shop.de\/?product=schluesselanhaenger-avocado-von-atws","title":{"rendered":"Schl\u00fcsselanh\u00e4nger *Avocado* von atws Frankreich"},"content":{"rendered":"","protected":false},"excerpt":{"rendered":"<h3>cooler Schl\u00fcsselanh\u00e4nger<\/h3>\n<p>Motiv Avocadotoast<\/p>\n<ul>\n<li>L\u00e4nge: 9 cm , Anh\u00e4nger ca 4,5 x 5 cm<\/li>\n<li>Schl\u00fcsselring<\/li>\n<li>Farbe: gold, mit Emailleauflage<\/li>\n<\/ul>\n<p>Lieferumfang: 1 Schl\u00fcsselanh\u00e4nger ohne Dekoration<\/p>\n","protected":false},"featured_media":14397,"template":"","meta":{"_et_pb_use_builder":"","_et_pb_old_content":"","_et_gb_content_width":""},"product_brand":[],"product_cat":[2983,1255],"product_tag":[1695,598,354,1416],"class_list":{"0":"post-14396","1":"product","2":"type-product","3":"status-publish","4":"has-post-thumbnail","6":"product_cat-accessoires","7":"product_cat-schluesselanhaenger-handyketten-praktische-accessoires-regalino","8":"product_tag-avocado","9":"product_tag-geburtstag","10":"product_tag-geschenkidee","11":"product_tag-schluesselring","13":"first","14":"instock","15":"taxable","16":"shipping-taxable","17":"purchasable","18":"product-type-simple"},"yoast_head":"<!-- This site is optimized with the Yoast SEO plugin v27.5 - https:\/\/yoast.com\/product\/yoast-seo-wordpress\/ -->\n<title>Schl\u00fcsselanh\u00e4nger *Avocado* von atws Frankreich - Regalino -Lively Style<\/title>\n<meta name=\"description\" content=\"cooler Schl\u00fcsselanh\u00e4nger - goldfarbenes Metall mit Emailleauflage\" \/>\n<meta name=\"robots\" content=\"index, follow, max-snippet:-1, max-image-preview:large, max-video-preview:-1\" \/>\n<link rel=\"canonical\" href=\"https:\/\/Regalino-Shop.de\/?product=schluesselanhaenger-avocado-von-atws\" \/>\n<meta property=\"og:locale\" content=\"de_DE\" \/>\n<meta property=\"og:type\" content=\"article\" \/>\n<meta property=\"og:title\" content=\"Schl\u00fcsselanh\u00e4nger *Avocado* von atws Frankreich - Regalino -Lively Style\" \/>\n<meta property=\"og:description\" content=\"cooler Schl\u00fcsselanh\u00e4nger - goldfarbenes Metall mit Emailleauflage\" \/>\n<meta property=\"og:url\" content=\"https:\/\/Regalino-Shop.de\/?product=schluesselanhaenger-avocado-von-atws\" \/>\n<meta property=\"og:site_name\" content=\"Regalino -Lively Style\" \/>\n<meta property=\"article:modified_time\" content=\"2026-03-29T08:07:31+00:00\" \/>\n<meta property=\"og:image\" content=\"https:\/\/Regalino-Shop.de\/wp-content\/uploads\/2024\/08\/schluesselanhaenger-avocado-toast.jpg\" \/>\n\t<meta property=\"og:image:width\" content=\"581\" \/>\n\t<meta property=\"og:image:height\" content=\"530\" \/>\n\t<meta property=\"og:image:type\" content=\"image\/jpeg\" \/>\n<meta name=\"twitter:card\" content=\"summary_large_image\" \/>\n<meta name=\"twitter:label1\" content=\"Gesch\u00e4tzte Lesezeit\" \/>\n\t<meta name=\"twitter:data1\" content=\"1\u00a0Minute\" \/>\n<script type=\"application\/ld+json\" class=\"yoast-schema-graph\">{\"@context\":\"https:\\\/\\\/schema.org\",\"@graph\":[{\"@type\":\"WebPage\",\"@id\":\"https:\\\/\\\/Regalino-Shop.de\\\/?product=schluesselanhaenger-avocado-von-atws\",\"url\":\"https:\\\/\\\/Regalino-Shop.de\\\/?product=schluesselanhaenger-avocado-von-atws\",\"name\":\"Schl\u00fcsselanh\u00e4nger *Avocado* von atws Frankreich - Regalino -Lively Style\",\"isPartOf\":{\"@id\":\"https:\\\/\\\/Regalino-Shop.de\\\/#website\"},\"primaryImageOfPage\":{\"@id\":\"https:\\\/\\\/Regalino-Shop.de\\\/?product=schluesselanhaenger-avocado-von-atws#primaryimage\"},\"image\":{\"@id\":\"https:\\\/\\\/Regalino-Shop.de\\\/?product=schluesselanhaenger-avocado-von-atws#primaryimage\"},\"thumbnailUrl\":\"https:\\\/\\\/Regalino-Shop.de\\\/wp-content\\\/uploads\\\/2024\\\/08\\\/schluesselanhaenger-avocado-toast.jpg\",\"datePublished\":\"2024-08-21T11:00:32+00:00\",\"dateModified\":\"2026-03-29T08:07:31+00:00\",\"description\":\"cooler Schl\u00fcsselanh\u00e4nger - goldfarbenes Metall mit Emailleauflage\",\"breadcrumb\":{\"@id\":\"https:\\\/\\\/Regalino-Shop.de\\\/?product=schluesselanhaenger-avocado-von-atws#breadcrumb\"},\"inLanguage\":\"de\",\"potentialAction\":[{\"@type\":\"ReadAction\",\"target\":[\"https:\\\/\\\/Regalino-Shop.de\\\/?product=schluesselanhaenger-avocado-von-atws\"]}]},{\"@type\":\"ImageObject\",\"inLanguage\":\"de\",\"@id\":\"https:\\\/\\\/Regalino-Shop.de\\\/?product=schluesselanhaenger-avocado-von-atws#primaryimage\",\"url\":\"https:\\\/\\\/Regalino-Shop.de\\\/wp-content\\\/uploads\\\/2024\\\/08\\\/schluesselanhaenger-avocado-toast.jpg\",\"contentUrl\":\"https:\\\/\\\/Regalino-Shop.de\\\/wp-content\\\/uploads\\\/2024\\\/08\\\/schluesselanhaenger-avocado-toast.jpg\",\"width\":581,\"height\":530},{\"@type\":\"BreadcrumbList\",\"@id\":\"https:\\\/\\\/Regalino-Shop.de\\\/?product=schluesselanhaenger-avocado-von-atws#breadcrumb\",\"itemListElement\":[{\"@type\":\"ListItem\",\"position\":1,\"name\":\"Startseite\",\"item\":\"https:\\\/\\\/Regalino-Shop.de\\\/\"},{\"@type\":\"ListItem\",\"position\":2,\"name\":\"Shop\",\"item\":\"https:\\\/\\\/Regalino-Shop.de\\\/?page_id=40\"},{\"@type\":\"ListItem\",\"position\":3,\"name\":\"Schl\u00fcsselanh\u00e4nger *Avocado* von atws Frankreich\"}]},{\"@type\":\"WebSite\",\"@id\":\"https:\\\/\\\/Regalino-Shop.de\\\/#website\",\"url\":\"https:\\\/\\\/Regalino-Shop.de\\\/\",\"name\":\"Regalino -Lively Style\",\"description\":\"gelebtes Zuhause\",\"potentialAction\":[{\"@type\":\"SearchAction\",\"target\":{\"@type\":\"EntryPoint\",\"urlTemplate\":\"https:\\\/\\\/Regalino-Shop.de\\\/?s={search_term_string}\"},\"query-input\":{\"@type\":\"PropertyValueSpecification\",\"valueRequired\":true,\"valueName\":\"search_term_string\"}}],\"inLanguage\":\"de\"}]}<\/script>\n<!-- \/ Yoast SEO plugin. -->","yoast_head_json":{"title":"Schl\u00fcsselanh\u00e4nger *Avocado* von atws Frankreich - Regalino -Lively Style","description":"cooler Schl\u00fcsselanh\u00e4nger - goldfarbenes Metall mit Emailleauflage","robots":{"index":"index","follow":"follow","max-snippet":"max-snippet:-1","max-image-preview":"max-image-preview:large","max-video-preview":"max-video-preview:-1"},"canonical":"https:\/\/Regalino-Shop.de\/?product=schluesselanhaenger-avocado-von-atws","og_locale":"de_DE","og_type":"article","og_title":"Schl\u00fcsselanh\u00e4nger *Avocado* von atws Frankreich - Regalino -Lively Style","og_description":"cooler Schl\u00fcsselanh\u00e4nger - goldfarbenes Metall mit Emailleauflage","og_url":"https:\/\/Regalino-Shop.de\/?product=schluesselanhaenger-avocado-von-atws","og_site_name":"Regalino -Lively Style","article_modified_time":"2026-03-29T08:07:31+00:00","og_image":[{"width":581,"height":530,"url":"https:\/\/Regalino-Shop.de\/wp-content\/uploads\/2024\/08\/schluesselanhaenger-avocado-toast.jpg","type":"image\/jpeg"}],"twitter_card":"summary_large_image","twitter_misc":{"Gesch\u00e4tzte Lesezeit":"1\u00a0Minute"},"schema":{"@context":"https:\/\/schema.org","@graph":[{"@type":"WebPage","@id":"https:\/\/Regalino-Shop.de\/?product=schluesselanhaenger-avocado-von-atws","url":"https:\/\/Regalino-Shop.de\/?product=schluesselanhaenger-avocado-von-atws","name":"Schl\u00fcsselanh\u00e4nger *Avocado* von atws Frankreich - Regalino -Lively Style","isPartOf":{"@id":"https:\/\/Regalino-Shop.de\/#website"},"primaryImageOfPage":{"@id":"https:\/\/Regalino-Shop.de\/?product=schluesselanhaenger-avocado-von-atws#primaryimage"},"image":{"@id":"https:\/\/Regalino-Shop.de\/?product=schluesselanhaenger-avocado-von-atws#primaryimage"},"thumbnailUrl":"https:\/\/Regalino-Shop.de\/wp-content\/uploads\/2024\/08\/schluesselanhaenger-avocado-toast.jpg","datePublished":"2024-08-21T11:00:32+00:00","dateModified":"2026-03-29T08:07:31+00:00","description":"cooler Schl\u00fcsselanh\u00e4nger - goldfarbenes Metall mit Emailleauflage","breadcrumb":{"@id":"https:\/\/Regalino-Shop.de\/?product=schluesselanhaenger-avocado-von-atws#breadcrumb"},"inLanguage":"de","potentialAction":[{"@type":"ReadAction","target":["https:\/\/Regalino-Shop.de\/?product=schluesselanhaenger-avocado-von-atws"]}]},{"@type":"ImageObject","inLanguage":"de","@id":"https:\/\/Regalino-Shop.de\/?product=schluesselanhaenger-avocado-von-atws#primaryimage","url":"https:\/\/Regalino-Shop.de\/wp-content\/uploads\/2024\/08\/schluesselanhaenger-avocado-toast.jpg","contentUrl":"https:\/\/Regalino-Shop.de\/wp-content\/uploads\/2024\/08\/schluesselanhaenger-avocado-toast.jpg","width":581,"height":530},{"@type":"BreadcrumbList","@id":"https:\/\/Regalino-Shop.de\/?product=schluesselanhaenger-avocado-von-atws#breadcrumb","itemListElement":[{"@type":"ListItem","position":1,"name":"Startseite","item":"https:\/\/Regalino-Shop.de\/"},{"@type":"ListItem","position":2,"name":"Shop","item":"https:\/\/Regalino-Shop.de\/?page_id=40"},{"@type":"ListItem","position":3,"name":"Schl\u00fcsselanh\u00e4nger *Avocado* von atws Frankreich"}]},{"@type":"WebSite","@id":"https:\/\/Regalino-Shop.de\/#website","url":"https:\/\/Regalino-Shop.de\/","name":"Regalino -Lively Style","description":"gelebtes Zuhause","potentialAction":[{"@type":"SearchAction","target":{"@type":"EntryPoint","urlTemplate":"https:\/\/Regalino-Shop.de\/?s={search_term_string}"},"query-input":{"@type":"PropertyValueSpecification","valueRequired":true,"valueName":"search_term_string"}}],"inLanguage":"de"}]}},"_links":{"self":[{"href":"https:\/\/Regalino-Shop.de\/index.php?rest_route=\/wp\/v2\/product\/14396","targetHints":{"allow":["GET"]}}],"collection":[{"href":"https:\/\/Regalino-Shop.de\/index.php?rest_route=\/wp\/v2\/product"}],"about":[{"href":"https:\/\/Regalino-Shop.de\/index.php?rest_route=\/wp\/v2\/types\/product"}],"wp:featuredmedia":[{"embeddable":true,"href":"https:\/\/Regalino-Shop.de\/index.php?rest_route=\/wp\/v2\/media\/14397"}],"wp:attachment":[{"href":"https:\/\/Regalino-Shop.de\/index.php?rest_route=%2Fwp%2Fv2%2Fmedia&parent=14396"}],"wp:term":[{"taxonomy":"product_brand","embeddable":true,"href":"https:\/\/Regalino-Shop.de\/index.php?rest_route=%2Fwp%2Fv2%2Fproduct_brand&post=14396"},{"taxonomy":"product_cat","embeddable":true,"href":"https:\/\/Regalino-Shop.de\/index.php?rest_route=%2Fwp%2Fv2%2Fproduct_cat&post=14396"},{"taxonomy":"product_tag","embeddable":true,"href":"https:\/\/Regalino-Shop.de\/index.php?rest_route=%2Fwp%2Fv2%2Fproduct_tag&post=14396"}],"curies":[{"name":"wp","href":"https:\/\/api.w.org\/{rel}","templated":true}]}}