{"id":14420,"date":"2024-08-21T13:47:24","date_gmt":"2024-08-21T13:47:24","guid":{"rendered":"https:\/\/Regalino-Shop.de\/?post_type=product&#038;p=14420"},"modified":"2026-03-11T15:09:39","modified_gmt":"2026-03-11T15:09:39","slug":"kartenhalter-hochzeit-von-good-old-friends","status":"publish","type":"product","link":"https:\/\/Regalino-Shop.de\/?product=kartenhalter-hochzeit-von-good-old-friends","title":{"rendered":"Kartenhalter *Hochzeit* von good old friends"},"content":{"rendered":"","protected":false},"excerpt":{"rendered":"<h3>l\u00e4sst Karten und Bilder gut dastehen<\/h3>\n<p>Kartenhalter in Betonoptik mit goldener Aufschrift *Hochzeit*<\/p>\n<ul>\n<li>Material: Terrazzo, Kork<\/li>\n<li>Gr\u00f6\u00dfe: ca L\u00e4nge cm &#8211; H\u00f6he 2 cm &#8211; Breite 2 cm<\/li>\n<\/ul>\n<p>h\u00fcbsch verpackt in kleinem Karton<\/p>\n<p>Lieferung ohne Dekoration<\/p>\n","protected":false},"featured_media":14421,"template":"","meta":{"_et_pb_use_builder":"","_et_pb_old_content":"","_et_gb_content_width":""},"product_brand":[],"product_cat":[97],"product_tag":[1699,1698,337,1114,339],"class_list":{"0":"post-14420","1":"product","2":"type-product","3":"status-publish","4":"has-post-thumbnail","6":"product_cat-poster-postkarten-besondere-papeterie-regalino","7":"product_tag-geldgeschenk","8":"product_tag-gutschein","9":"product_tag-hochzeit","10":"product_tag-kartenhalter","11":"product_tag-kartenstaender","13":"first","14":"instock","15":"taxable","16":"shipping-taxable","17":"purchasable","18":"product-type-simple"},"yoast_head":"<!-- This site is optimized with the Yoast SEO plugin v27.5 - https:\/\/yoast.com\/product\/yoast-seo-wordpress\/ -->\n<title>Kartenhalter *Hochzeit* von good old friends - Regalino -Lively Style<\/title>\n<meta name=\"description\" content=\"Kartenhalter in Betonoptik mit goldener Aufschrift - l\u00e4sst Karten und Bilder gut dastehen\" \/>\n<meta name=\"robots\" content=\"index, follow, max-snippet:-1, max-image-preview:large, max-video-preview:-1\" \/>\n<link rel=\"canonical\" href=\"https:\/\/Regalino-Shop.de\/?product=kartenhalter-hochzeit-von-good-old-friends\" \/>\n<meta property=\"og:locale\" content=\"de_DE\" \/>\n<meta property=\"og:type\" content=\"article\" \/>\n<meta property=\"og:title\" content=\"Kartenhalter *Hochzeit* von good old friends - Regalino -Lively Style\" \/>\n<meta property=\"og:description\" content=\"Kartenhalter in Betonoptik mit goldener Aufschrift - l\u00e4sst Karten und Bilder gut dastehen\" \/>\n<meta property=\"og:url\" content=\"https:\/\/Regalino-Shop.de\/?product=kartenhalter-hochzeit-von-good-old-friends\" \/>\n<meta property=\"og:site_name\" content=\"Regalino -Lively Style\" \/>\n<meta property=\"article:modified_time\" content=\"2026-03-11T15:09:39+00:00\" \/>\n<meta property=\"og:image\" content=\"https:\/\/Regalino-Shop.de\/wp-content\/uploads\/2024\/08\/kartenhalter-Hochzeit-good-old-friends.jpg\" \/>\n\t<meta property=\"og:image:width\" content=\"491\" \/>\n\t<meta property=\"og:image:height\" content=\"454\" \/>\n\t<meta property=\"og:image:type\" content=\"image\/jpeg\" \/>\n<meta name=\"twitter:card\" content=\"summary_large_image\" \/>\n<meta name=\"twitter:label1\" content=\"Gesch\u00e4tzte Lesezeit\" \/>\n\t<meta name=\"twitter:data1\" content=\"1\u00a0Minute\" \/>\n<script type=\"application\/ld+json\" class=\"yoast-schema-graph\">{\"@context\":\"https:\\\/\\\/schema.org\",\"@graph\":[{\"@type\":\"WebPage\",\"@id\":\"https:\\\/\\\/Regalino-Shop.de\\\/?product=kartenhalter-hochzeit-von-good-old-friends\",\"url\":\"https:\\\/\\\/Regalino-Shop.de\\\/?product=kartenhalter-hochzeit-von-good-old-friends\",\"name\":\"Kartenhalter *Hochzeit* von good old friends - Regalino -Lively Style\",\"isPartOf\":{\"@id\":\"https:\\\/\\\/Regalino-Shop.de\\\/#website\"},\"primaryImageOfPage\":{\"@id\":\"https:\\\/\\\/Regalino-Shop.de\\\/?product=kartenhalter-hochzeit-von-good-old-friends#primaryimage\"},\"image\":{\"@id\":\"https:\\\/\\\/Regalino-Shop.de\\\/?product=kartenhalter-hochzeit-von-good-old-friends#primaryimage\"},\"thumbnailUrl\":\"https:\\\/\\\/Regalino-Shop.de\\\/wp-content\\\/uploads\\\/2024\\\/08\\\/kartenhalter-Hochzeit-good-old-friends.jpg\",\"datePublished\":\"2024-08-21T13:47:24+00:00\",\"dateModified\":\"2026-03-11T15:09:39+00:00\",\"description\":\"Kartenhalter in Betonoptik mit goldener Aufschrift - l\u00e4sst Karten und Bilder gut dastehen\",\"breadcrumb\":{\"@id\":\"https:\\\/\\\/Regalino-Shop.de\\\/?product=kartenhalter-hochzeit-von-good-old-friends#breadcrumb\"},\"inLanguage\":\"de\",\"potentialAction\":[{\"@type\":\"ReadAction\",\"target\":[\"https:\\\/\\\/Regalino-Shop.de\\\/?product=kartenhalter-hochzeit-von-good-old-friends\"]}]},{\"@type\":\"ImageObject\",\"inLanguage\":\"de\",\"@id\":\"https:\\\/\\\/Regalino-Shop.de\\\/?product=kartenhalter-hochzeit-von-good-old-friends#primaryimage\",\"url\":\"https:\\\/\\\/Regalino-Shop.de\\\/wp-content\\\/uploads\\\/2024\\\/08\\\/kartenhalter-Hochzeit-good-old-friends.jpg\",\"contentUrl\":\"https:\\\/\\\/Regalino-Shop.de\\\/wp-content\\\/uploads\\\/2024\\\/08\\\/kartenhalter-Hochzeit-good-old-friends.jpg\",\"width\":491,\"height\":454},{\"@type\":\"BreadcrumbList\",\"@id\":\"https:\\\/\\\/Regalino-Shop.de\\\/?product=kartenhalter-hochzeit-von-good-old-friends#breadcrumb\",\"itemListElement\":[{\"@type\":\"ListItem\",\"position\":1,\"name\":\"Startseite\",\"item\":\"https:\\\/\\\/Regalino-Shop.de\\\/\"},{\"@type\":\"ListItem\",\"position\":2,\"name\":\"Shop\",\"item\":\"https:\\\/\\\/Regalino-Shop.de\\\/?page_id=40\"},{\"@type\":\"ListItem\",\"position\":3,\"name\":\"Kartenhalter *Hochzeit* von good old friends\"}]},{\"@type\":\"WebSite\",\"@id\":\"https:\\\/\\\/Regalino-Shop.de\\\/#website\",\"url\":\"https:\\\/\\\/Regalino-Shop.de\\\/\",\"name\":\"Regalino -Lively Style\",\"description\":\"gelebtes Zuhause\",\"potentialAction\":[{\"@type\":\"SearchAction\",\"target\":{\"@type\":\"EntryPoint\",\"urlTemplate\":\"https:\\\/\\\/Regalino-Shop.de\\\/?s={search_term_string}\"},\"query-input\":{\"@type\":\"PropertyValueSpecification\",\"valueRequired\":true,\"valueName\":\"search_term_string\"}}],\"inLanguage\":\"de\"}]}<\/script>\n<!-- \/ Yoast SEO plugin. -->","yoast_head_json":{"title":"Kartenhalter *Hochzeit* von good old friends - Regalino -Lively Style","description":"Kartenhalter in Betonoptik mit goldener Aufschrift - l\u00e4sst Karten und Bilder gut dastehen","robots":{"index":"index","follow":"follow","max-snippet":"max-snippet:-1","max-image-preview":"max-image-preview:large","max-video-preview":"max-video-preview:-1"},"canonical":"https:\/\/Regalino-Shop.de\/?product=kartenhalter-hochzeit-von-good-old-friends","og_locale":"de_DE","og_type":"article","og_title":"Kartenhalter *Hochzeit* von good old friends - Regalino -Lively Style","og_description":"Kartenhalter in Betonoptik mit goldener Aufschrift - l\u00e4sst Karten und Bilder gut dastehen","og_url":"https:\/\/Regalino-Shop.de\/?product=kartenhalter-hochzeit-von-good-old-friends","og_site_name":"Regalino -Lively Style","article_modified_time":"2026-03-11T15:09:39+00:00","og_image":[{"width":491,"height":454,"url":"https:\/\/Regalino-Shop.de\/wp-content\/uploads\/2024\/08\/kartenhalter-Hochzeit-good-old-friends.jpg","type":"image\/jpeg"}],"twitter_card":"summary_large_image","twitter_misc":{"Gesch\u00e4tzte Lesezeit":"1\u00a0Minute"},"schema":{"@context":"https:\/\/schema.org","@graph":[{"@type":"WebPage","@id":"https:\/\/Regalino-Shop.de\/?product=kartenhalter-hochzeit-von-good-old-friends","url":"https:\/\/Regalino-Shop.de\/?product=kartenhalter-hochzeit-von-good-old-friends","name":"Kartenhalter *Hochzeit* von good old friends - Regalino -Lively Style","isPartOf":{"@id":"https:\/\/Regalino-Shop.de\/#website"},"primaryImageOfPage":{"@id":"https:\/\/Regalino-Shop.de\/?product=kartenhalter-hochzeit-von-good-old-friends#primaryimage"},"image":{"@id":"https:\/\/Regalino-Shop.de\/?product=kartenhalter-hochzeit-von-good-old-friends#primaryimage"},"thumbnailUrl":"https:\/\/Regalino-Shop.de\/wp-content\/uploads\/2024\/08\/kartenhalter-Hochzeit-good-old-friends.jpg","datePublished":"2024-08-21T13:47:24+00:00","dateModified":"2026-03-11T15:09:39+00:00","description":"Kartenhalter in Betonoptik mit goldener Aufschrift - l\u00e4sst Karten und Bilder gut dastehen","breadcrumb":{"@id":"https:\/\/Regalino-Shop.de\/?product=kartenhalter-hochzeit-von-good-old-friends#breadcrumb"},"inLanguage":"de","potentialAction":[{"@type":"ReadAction","target":["https:\/\/Regalino-Shop.de\/?product=kartenhalter-hochzeit-von-good-old-friends"]}]},{"@type":"ImageObject","inLanguage":"de","@id":"https:\/\/Regalino-Shop.de\/?product=kartenhalter-hochzeit-von-good-old-friends#primaryimage","url":"https:\/\/Regalino-Shop.de\/wp-content\/uploads\/2024\/08\/kartenhalter-Hochzeit-good-old-friends.jpg","contentUrl":"https:\/\/Regalino-Shop.de\/wp-content\/uploads\/2024\/08\/kartenhalter-Hochzeit-good-old-friends.jpg","width":491,"height":454},{"@type":"BreadcrumbList","@id":"https:\/\/Regalino-Shop.de\/?product=kartenhalter-hochzeit-von-good-old-friends#breadcrumb","itemListElement":[{"@type":"ListItem","position":1,"name":"Startseite","item":"https:\/\/Regalino-Shop.de\/"},{"@type":"ListItem","position":2,"name":"Shop","item":"https:\/\/Regalino-Shop.de\/?page_id=40"},{"@type":"ListItem","position":3,"name":"Kartenhalter *Hochzeit* von good old friends"}]},{"@type":"WebSite","@id":"https:\/\/Regalino-Shop.de\/#website","url":"https:\/\/Regalino-Shop.de\/","name":"Regalino -Lively Style","description":"gelebtes Zuhause","potentialAction":[{"@type":"SearchAction","target":{"@type":"EntryPoint","urlTemplate":"https:\/\/Regalino-Shop.de\/?s={search_term_string}"},"query-input":{"@type":"PropertyValueSpecification","valueRequired":true,"valueName":"search_term_string"}}],"inLanguage":"de"}]}},"_links":{"self":[{"href":"https:\/\/Regalino-Shop.de\/index.php?rest_route=\/wp\/v2\/product\/14420","targetHints":{"allow":["GET"]}}],"collection":[{"href":"https:\/\/Regalino-Shop.de\/index.php?rest_route=\/wp\/v2\/product"}],"about":[{"href":"https:\/\/Regalino-Shop.de\/index.php?rest_route=\/wp\/v2\/types\/product"}],"wp:featuredmedia":[{"embeddable":true,"href":"https:\/\/Regalino-Shop.de\/index.php?rest_route=\/wp\/v2\/media\/14421"}],"wp:attachment":[{"href":"https:\/\/Regalino-Shop.de\/index.php?rest_route=%2Fwp%2Fv2%2Fmedia&parent=14420"}],"wp:term":[{"taxonomy":"product_brand","embeddable":true,"href":"https:\/\/Regalino-Shop.de\/index.php?rest_route=%2Fwp%2Fv2%2Fproduct_brand&post=14420"},{"taxonomy":"product_cat","embeddable":true,"href":"https:\/\/Regalino-Shop.de\/index.php?rest_route=%2Fwp%2Fv2%2Fproduct_cat&post=14420"},{"taxonomy":"product_tag","embeddable":true,"href":"https:\/\/Regalino-Shop.de\/index.php?rest_route=%2Fwp%2Fv2%2Fproduct_tag&post=14420"}],"curies":[{"name":"wp","href":"https:\/\/api.w.org\/{rel}","templated":true}]}}