{"id":14475,"date":"2024-08-29T12:28:19","date_gmt":"2024-08-29T12:28:19","guid":{"rendered":"https:\/\/Regalino-Shop.de\/?post_type=product&#038;p=14475"},"modified":"2024-08-29T12:42:22","modified_gmt":"2024-08-29T12:42:22","slug":"steckenpferd-zubehoer-pflegeset-by-astrup","status":"publish","type":"product","link":"https:\/\/Regalino-Shop.de\/?product=steckenpferd-zubehoer-pflegeset-by-astrup","title":{"rendered":"Steckenpferd Zubeh\u00f6r *Pflegeset* by Astrup"},"content":{"rendered":"<p>g<\/p>\n","protected":false},"excerpt":{"rendered":"<h3>f\u00fcr aktive Kinder<\/h3>\n<p>eine tolle Spielidee. By ASTRUP ist ein d\u00e4nischer Spielzeughersteller, bekannt f\u00fcr langlebiges und typisch nordisches Design.<\/p>\n<p>8-Set mit B\u00fcrsten, Kamm und Leckereien<\/p>\n<ul>\n<li>St\u00e4rkt die F\u00e4higkeit des Kindes Empathie und F\u00fcrsorge aufzubauen<\/li>\n<li>regt die Fantasie\u00a0 an<\/li>\n<li>Altersempfehlung ab 3 Jahren<\/li>\n<\/ul>\n<p>&nbsp;<\/p>\n<ul>\n<li>Farbe: bunt<\/li>\n<li>Material: Holz<span class=\"x94\"><br \/>\n<\/span><\/li>\n<\/ul>\n<p>Lieferumfang: 8 Set (Pflegeb\u00fcrsten, Kamm, M\u00f6hren, Salatbl\u00e4tter und Apfel)<\/p>\n","protected":false},"featured_media":14476,"template":"","meta":{"_et_pb_use_builder":"","_et_pb_old_content":"","_et_gb_content_width":""},"product_brand":[],"product_cat":[94,93],"product_tag":[823,1690,1689,1704,284],"class_list":{"0":"post-14475","1":"product","2":"type-product","3":"status-publish","4":"has-post-thumbnail","6":"product_cat-kinderzimmer-deko-im-scandi-breton-stil-regalino","7":"product_cat-spielzeug-kuscheltiere-mit-liebevollen-details-regalino","8":"product_tag-astrup","9":"product_tag-hobby-horsing","10":"product_tag-pferd","11":"product_tag-steckenpferd","12":"product_tag-tiere","14":"first","15":"instock","16":"taxable","17":"shipping-taxable","18":"purchasable","19":"product-type-simple"},"yoast_head":"<!-- This site is optimized with the Yoast SEO plugin v27.5 - https:\/\/yoast.com\/product\/yoast-seo-wordpress\/ -->\n<title>Steckenpferd Zubeh\u00f6r *Pflegeset* by Astrup - Regalino -Lively Style<\/title>\n<meta name=\"description\" content=\"zum Pflegen und F\u00fcttern- 8 Set- bestehend aus B\u00fcrsten, Kamm und Leckereien - das perfekte Zubeh\u00f6r f\u00fcr alle Hobby Horsing Fans\" \/>\n<meta name=\"robots\" content=\"index, follow, max-snippet:-1, max-image-preview:large, max-video-preview:-1\" \/>\n<link rel=\"canonical\" href=\"https:\/\/Regalino-Shop.de\/?product=steckenpferd-zubehoer-pflegeset-by-astrup\" \/>\n<meta property=\"og:locale\" content=\"de_DE\" \/>\n<meta property=\"og:type\" content=\"article\" \/>\n<meta property=\"og:title\" content=\"Steckenpferd Zubeh\u00f6r *Pflegeset* by Astrup - Regalino -Lively Style\" \/>\n<meta property=\"og:description\" content=\"zum Pflegen und F\u00fcttern- 8 Set- bestehend aus B\u00fcrsten, Kamm und Leckereien - das perfekte Zubeh\u00f6r f\u00fcr alle Hobby Horsing Fans\" \/>\n<meta property=\"og:url\" content=\"https:\/\/Regalino-Shop.de\/?product=steckenpferd-zubehoer-pflegeset-by-astrup\" \/>\n<meta property=\"og:site_name\" content=\"Regalino -Lively Style\" \/>\n<meta property=\"article:modified_time\" content=\"2024-08-29T12:42:22+00:00\" \/>\n<meta property=\"og:image\" content=\"https:\/\/Regalino-Shop.de\/wp-content\/uploads\/2024\/08\/steckenpferd-hobby-horsing-Pflegeset-astrup.jpg\" \/>\n\t<meta property=\"og:image:width\" content=\"612\" \/>\n\t<meta property=\"og:image:height\" content=\"596\" \/>\n\t<meta property=\"og:image:type\" content=\"image\/jpeg\" \/>\n<meta name=\"twitter:card\" content=\"summary_large_image\" \/>\n<meta name=\"twitter:label1\" content=\"Gesch\u00e4tzte Lesezeit\" \/>\n\t<meta name=\"twitter:data1\" content=\"1\u00a0Minute\" \/>\n<script type=\"application\/ld+json\" class=\"yoast-schema-graph\">{\"@context\":\"https:\\\/\\\/schema.org\",\"@graph\":[{\"@type\":\"WebPage\",\"@id\":\"https:\\\/\\\/Regalino-Shop.de\\\/?product=steckenpferd-zubehoer-pflegeset-by-astrup\",\"url\":\"https:\\\/\\\/Regalino-Shop.de\\\/?product=steckenpferd-zubehoer-pflegeset-by-astrup\",\"name\":\"Steckenpferd Zubeh\u00f6r *Pflegeset* by Astrup - Regalino -Lively Style\",\"isPartOf\":{\"@id\":\"https:\\\/\\\/Regalino-Shop.de\\\/#website\"},\"primaryImageOfPage\":{\"@id\":\"https:\\\/\\\/Regalino-Shop.de\\\/?product=steckenpferd-zubehoer-pflegeset-by-astrup#primaryimage\"},\"image\":{\"@id\":\"https:\\\/\\\/Regalino-Shop.de\\\/?product=steckenpferd-zubehoer-pflegeset-by-astrup#primaryimage\"},\"thumbnailUrl\":\"https:\\\/\\\/Regalino-Shop.de\\\/wp-content\\\/uploads\\\/2024\\\/08\\\/steckenpferd-hobby-horsing-Pflegeset-astrup.jpg\",\"datePublished\":\"2024-08-29T12:28:19+00:00\",\"dateModified\":\"2024-08-29T12:42:22+00:00\",\"description\":\"zum Pflegen und F\u00fcttern- 8 Set- bestehend aus B\u00fcrsten, Kamm und Leckereien - das perfekte Zubeh\u00f6r f\u00fcr alle Hobby Horsing Fans\",\"breadcrumb\":{\"@id\":\"https:\\\/\\\/Regalino-Shop.de\\\/?product=steckenpferd-zubehoer-pflegeset-by-astrup#breadcrumb\"},\"inLanguage\":\"de\",\"potentialAction\":[{\"@type\":\"ReadAction\",\"target\":[\"https:\\\/\\\/Regalino-Shop.de\\\/?product=steckenpferd-zubehoer-pflegeset-by-astrup\"]}]},{\"@type\":\"ImageObject\",\"inLanguage\":\"de\",\"@id\":\"https:\\\/\\\/Regalino-Shop.de\\\/?product=steckenpferd-zubehoer-pflegeset-by-astrup#primaryimage\",\"url\":\"https:\\\/\\\/Regalino-Shop.de\\\/wp-content\\\/uploads\\\/2024\\\/08\\\/steckenpferd-hobby-horsing-Pflegeset-astrup.jpg\",\"contentUrl\":\"https:\\\/\\\/Regalino-Shop.de\\\/wp-content\\\/uploads\\\/2024\\\/08\\\/steckenpferd-hobby-horsing-Pflegeset-astrup.jpg\",\"width\":612,\"height\":596},{\"@type\":\"BreadcrumbList\",\"@id\":\"https:\\\/\\\/Regalino-Shop.de\\\/?product=steckenpferd-zubehoer-pflegeset-by-astrup#breadcrumb\",\"itemListElement\":[{\"@type\":\"ListItem\",\"position\":1,\"name\":\"Startseite\",\"item\":\"https:\\\/\\\/Regalino-Shop.de\\\/\"},{\"@type\":\"ListItem\",\"position\":2,\"name\":\"Shop\",\"item\":\"https:\\\/\\\/Regalino-Shop.de\\\/?page_id=40\"},{\"@type\":\"ListItem\",\"position\":3,\"name\":\"Steckenpferd Zubeh\u00f6r *Pflegeset* by Astrup\"}]},{\"@type\":\"WebSite\",\"@id\":\"https:\\\/\\\/Regalino-Shop.de\\\/#website\",\"url\":\"https:\\\/\\\/Regalino-Shop.de\\\/\",\"name\":\"Regalino -Lively Style\",\"description\":\"gelebtes Zuhause\",\"potentialAction\":[{\"@type\":\"SearchAction\",\"target\":{\"@type\":\"EntryPoint\",\"urlTemplate\":\"https:\\\/\\\/Regalino-Shop.de\\\/?s={search_term_string}\"},\"query-input\":{\"@type\":\"PropertyValueSpecification\",\"valueRequired\":true,\"valueName\":\"search_term_string\"}}],\"inLanguage\":\"de\"}]}<\/script>\n<!-- \/ Yoast SEO plugin. -->","yoast_head_json":{"title":"Steckenpferd Zubeh\u00f6r *Pflegeset* by Astrup - Regalino -Lively Style","description":"zum Pflegen und F\u00fcttern- 8 Set- bestehend aus B\u00fcrsten, Kamm und Leckereien - das perfekte Zubeh\u00f6r f\u00fcr alle Hobby Horsing Fans","robots":{"index":"index","follow":"follow","max-snippet":"max-snippet:-1","max-image-preview":"max-image-preview:large","max-video-preview":"max-video-preview:-1"},"canonical":"https:\/\/Regalino-Shop.de\/?product=steckenpferd-zubehoer-pflegeset-by-astrup","og_locale":"de_DE","og_type":"article","og_title":"Steckenpferd Zubeh\u00f6r *Pflegeset* by Astrup - Regalino -Lively Style","og_description":"zum Pflegen und F\u00fcttern- 8 Set- bestehend aus B\u00fcrsten, Kamm und Leckereien - das perfekte Zubeh\u00f6r f\u00fcr alle Hobby Horsing Fans","og_url":"https:\/\/Regalino-Shop.de\/?product=steckenpferd-zubehoer-pflegeset-by-astrup","og_site_name":"Regalino -Lively Style","article_modified_time":"2024-08-29T12:42:22+00:00","og_image":[{"width":612,"height":596,"url":"https:\/\/Regalino-Shop.de\/wp-content\/uploads\/2024\/08\/steckenpferd-hobby-horsing-Pflegeset-astrup.jpg","type":"image\/jpeg"}],"twitter_card":"summary_large_image","twitter_misc":{"Gesch\u00e4tzte Lesezeit":"1\u00a0Minute"},"schema":{"@context":"https:\/\/schema.org","@graph":[{"@type":"WebPage","@id":"https:\/\/Regalino-Shop.de\/?product=steckenpferd-zubehoer-pflegeset-by-astrup","url":"https:\/\/Regalino-Shop.de\/?product=steckenpferd-zubehoer-pflegeset-by-astrup","name":"Steckenpferd Zubeh\u00f6r *Pflegeset* by Astrup - Regalino -Lively Style","isPartOf":{"@id":"https:\/\/Regalino-Shop.de\/#website"},"primaryImageOfPage":{"@id":"https:\/\/Regalino-Shop.de\/?product=steckenpferd-zubehoer-pflegeset-by-astrup#primaryimage"},"image":{"@id":"https:\/\/Regalino-Shop.de\/?product=steckenpferd-zubehoer-pflegeset-by-astrup#primaryimage"},"thumbnailUrl":"https:\/\/Regalino-Shop.de\/wp-content\/uploads\/2024\/08\/steckenpferd-hobby-horsing-Pflegeset-astrup.jpg","datePublished":"2024-08-29T12:28:19+00:00","dateModified":"2024-08-29T12:42:22+00:00","description":"zum Pflegen und F\u00fcttern- 8 Set- bestehend aus B\u00fcrsten, Kamm und Leckereien - das perfekte Zubeh\u00f6r f\u00fcr alle Hobby Horsing Fans","breadcrumb":{"@id":"https:\/\/Regalino-Shop.de\/?product=steckenpferd-zubehoer-pflegeset-by-astrup#breadcrumb"},"inLanguage":"de","potentialAction":[{"@type":"ReadAction","target":["https:\/\/Regalino-Shop.de\/?product=steckenpferd-zubehoer-pflegeset-by-astrup"]}]},{"@type":"ImageObject","inLanguage":"de","@id":"https:\/\/Regalino-Shop.de\/?product=steckenpferd-zubehoer-pflegeset-by-astrup#primaryimage","url":"https:\/\/Regalino-Shop.de\/wp-content\/uploads\/2024\/08\/steckenpferd-hobby-horsing-Pflegeset-astrup.jpg","contentUrl":"https:\/\/Regalino-Shop.de\/wp-content\/uploads\/2024\/08\/steckenpferd-hobby-horsing-Pflegeset-astrup.jpg","width":612,"height":596},{"@type":"BreadcrumbList","@id":"https:\/\/Regalino-Shop.de\/?product=steckenpferd-zubehoer-pflegeset-by-astrup#breadcrumb","itemListElement":[{"@type":"ListItem","position":1,"name":"Startseite","item":"https:\/\/Regalino-Shop.de\/"},{"@type":"ListItem","position":2,"name":"Shop","item":"https:\/\/Regalino-Shop.de\/?page_id=40"},{"@type":"ListItem","position":3,"name":"Steckenpferd Zubeh\u00f6r *Pflegeset* by Astrup"}]},{"@type":"WebSite","@id":"https:\/\/Regalino-Shop.de\/#website","url":"https:\/\/Regalino-Shop.de\/","name":"Regalino -Lively Style","description":"gelebtes Zuhause","potentialAction":[{"@type":"SearchAction","target":{"@type":"EntryPoint","urlTemplate":"https:\/\/Regalino-Shop.de\/?s={search_term_string}"},"query-input":{"@type":"PropertyValueSpecification","valueRequired":true,"valueName":"search_term_string"}}],"inLanguage":"de"}]}},"_links":{"self":[{"href":"https:\/\/Regalino-Shop.de\/index.php?rest_route=\/wp\/v2\/product\/14475","targetHints":{"allow":["GET"]}}],"collection":[{"href":"https:\/\/Regalino-Shop.de\/index.php?rest_route=\/wp\/v2\/product"}],"about":[{"href":"https:\/\/Regalino-Shop.de\/index.php?rest_route=\/wp\/v2\/types\/product"}],"wp:featuredmedia":[{"embeddable":true,"href":"https:\/\/Regalino-Shop.de\/index.php?rest_route=\/wp\/v2\/media\/14476"}],"wp:attachment":[{"href":"https:\/\/Regalino-Shop.de\/index.php?rest_route=%2Fwp%2Fv2%2Fmedia&parent=14475"}],"wp:term":[{"taxonomy":"product_brand","embeddable":true,"href":"https:\/\/Regalino-Shop.de\/index.php?rest_route=%2Fwp%2Fv2%2Fproduct_brand&post=14475"},{"taxonomy":"product_cat","embeddable":true,"href":"https:\/\/Regalino-Shop.de\/index.php?rest_route=%2Fwp%2Fv2%2Fproduct_cat&post=14475"},{"taxonomy":"product_tag","embeddable":true,"href":"https:\/\/Regalino-Shop.de\/index.php?rest_route=%2Fwp%2Fv2%2Fproduct_tag&post=14475"}],"curies":[{"name":"wp","href":"https:\/\/api.w.org\/{rel}","templated":true}]}}