{"id":14485,"date":"2024-08-29T13:09:23","date_gmt":"2024-08-29T13:09:23","guid":{"rendered":"https:\/\/Regalino-Shop.de\/?post_type=product&#038;p=14485"},"modified":"2025-08-31T13:02:56","modified_gmt":"2025-08-31T13:02:56","slug":"dreeicksschal-tuch-jasmijn-beige-von-lot83","status":"publish","type":"product","link":"https:\/\/Regalino-Shop.de\/?product=dreeicksschal-tuch-jasmijn-beige-von-lot83","title":{"rendered":"Dreiecksschal\/Tuch *Jasmijn* beige von Lot83"},"content":{"rendered":"<blockquote><p>&nbsp;<\/p><\/blockquote>\n","protected":false},"excerpt":{"rendered":"<h3>wundersch\u00f6n weich&#8230;<\/h3>\n<p>mit veganem Lederband<\/p>\n<p>&nbsp;<\/p>\n<ul>\n<li>Material: 30% Polyester, 32% Acryl, 38% Baumwolle<\/li>\n<li>Gr\u00f6\u00dfe: 210\u00d790 cm<\/li>\n<li>Farbe: beige, pink<\/li>\n<li>Handw\u00e4sche empfohlen<\/li>\n<\/ul>\n<p>Lieferumfang: 1 Tuch<\/p>\n<p>&nbsp;<\/p>\n","protected":false},"featured_media":14486,"template":"","meta":{"_et_pb_use_builder":"","_et_pb_old_content":"","_et_gb_content_width":""},"product_brand":[],"product_cat":[57,100],"product_tag":[202,1707,355,288,201,1397,204],"class_list":{"0":"post-14485","1":"product","2":"type-product","3":"status-publish","4":"has-post-thumbnail","6":"product_cat-neu-eingetroffen-neue-lieblingsstuecke-bei-regalino","7":"product_cat-schals-tuecher-fuer-damen-stilvolle-accessoires-regalino","8":"product_tag-accessoires","9":"product_tag-dreiecksschal","10":"product_tag-freundin","11":"product_tag-geschenk","12":"product_tag-schal","13":"product_tag-statement","14":"product_tag-tuch","16":"first","17":"instock","18":"taxable","19":"shipping-taxable","20":"purchasable","21":"product-type-simple"},"yoast_head":"<!-- This site is optimized with the Yoast SEO plugin v27.5 - https:\/\/yoast.com\/product\/yoast-seo-wordpress\/ -->\n<title>Dreiecksschal\/Tuch *Jasmijn* beige von Lot83 - Regalino -Lively Style<\/title>\n<meta name=\"description\" content=\"soo weich - 30% Polyester, 32% Acryl, 38% Baumwolle - Gr\u00f6\u00dfe 210\u00d790 cm - mit veganem Lederband\" \/>\n<meta name=\"robots\" content=\"index, follow, max-snippet:-1, max-image-preview:large, max-video-preview:-1\" \/>\n<link rel=\"canonical\" href=\"https:\/\/Regalino-Shop.de\/?product=dreeicksschal-tuch-jasmijn-beige-von-lot83\" \/>\n<meta property=\"og:locale\" content=\"de_DE\" \/>\n<meta property=\"og:type\" content=\"article\" \/>\n<meta property=\"og:title\" content=\"Dreiecksschal\/Tuch *Jasmijn* beige von Lot83 - Regalino -Lively Style\" \/>\n<meta property=\"og:description\" content=\"soo weich - 30% Polyester, 32% Acryl, 38% Baumwolle - Gr\u00f6\u00dfe 210\u00d790 cm - mit veganem Lederband\" \/>\n<meta property=\"og:url\" content=\"https:\/\/Regalino-Shop.de\/?product=dreeicksschal-tuch-jasmijn-beige-von-lot83\" \/>\n<meta property=\"og:site_name\" content=\"Regalino -Lively Style\" \/>\n<meta property=\"article:modified_time\" content=\"2025-08-31T13:02:56+00:00\" \/>\n<meta property=\"og:image\" content=\"https:\/\/Regalino-Shop.de\/wp-content\/uploads\/2024\/08\/Jasmijn-beige-Dreiecksschal-schal-tuch.jpg\" \/>\n\t<meta property=\"og:image:width\" content=\"1000\" \/>\n\t<meta property=\"og:image:height\" content=\"1000\" \/>\n\t<meta property=\"og:image:type\" content=\"image\/jpeg\" \/>\n<meta name=\"twitter:card\" content=\"summary_large_image\" \/>\n<meta name=\"twitter:label1\" content=\"Gesch\u00e4tzte Lesezeit\" \/>\n\t<meta name=\"twitter:data1\" content=\"1\u00a0Minute\" \/>\n<script type=\"application\/ld+json\" class=\"yoast-schema-graph\">{\"@context\":\"https:\\\/\\\/schema.org\",\"@graph\":[{\"@type\":\"WebPage\",\"@id\":\"https:\\\/\\\/Regalino-Shop.de\\\/?product=dreeicksschal-tuch-jasmijn-beige-von-lot83\",\"url\":\"https:\\\/\\\/Regalino-Shop.de\\\/?product=dreeicksschal-tuch-jasmijn-beige-von-lot83\",\"name\":\"Dreiecksschal\\\/Tuch *Jasmijn* beige von Lot83 - Regalino -Lively Style\",\"isPartOf\":{\"@id\":\"https:\\\/\\\/Regalino-Shop.de\\\/#website\"},\"primaryImageOfPage\":{\"@id\":\"https:\\\/\\\/Regalino-Shop.de\\\/?product=dreeicksschal-tuch-jasmijn-beige-von-lot83#primaryimage\"},\"image\":{\"@id\":\"https:\\\/\\\/Regalino-Shop.de\\\/?product=dreeicksschal-tuch-jasmijn-beige-von-lot83#primaryimage\"},\"thumbnailUrl\":\"https:\\\/\\\/Regalino-Shop.de\\\/wp-content\\\/uploads\\\/2024\\\/08\\\/Jasmijn-beige-Dreiecksschal-schal-tuch.jpg\",\"datePublished\":\"2024-08-29T13:09:23+00:00\",\"dateModified\":\"2025-08-31T13:02:56+00:00\",\"description\":\"soo weich - 30% Polyester, 32% Acryl, 38% Baumwolle - Gr\u00f6\u00dfe 210\u00d790 cm - mit veganem Lederband\",\"breadcrumb\":{\"@id\":\"https:\\\/\\\/Regalino-Shop.de\\\/?product=dreeicksschal-tuch-jasmijn-beige-von-lot83#breadcrumb\"},\"inLanguage\":\"de\",\"potentialAction\":[{\"@type\":\"ReadAction\",\"target\":[\"https:\\\/\\\/Regalino-Shop.de\\\/?product=dreeicksschal-tuch-jasmijn-beige-von-lot83\"]}]},{\"@type\":\"ImageObject\",\"inLanguage\":\"de\",\"@id\":\"https:\\\/\\\/Regalino-Shop.de\\\/?product=dreeicksschal-tuch-jasmijn-beige-von-lot83#primaryimage\",\"url\":\"https:\\\/\\\/Regalino-Shop.de\\\/wp-content\\\/uploads\\\/2024\\\/08\\\/Jasmijn-beige-Dreiecksschal-schal-tuch.jpg\",\"contentUrl\":\"https:\\\/\\\/Regalino-Shop.de\\\/wp-content\\\/uploads\\\/2024\\\/08\\\/Jasmijn-beige-Dreiecksschal-schal-tuch.jpg\",\"width\":1000,\"height\":1000},{\"@type\":\"BreadcrumbList\",\"@id\":\"https:\\\/\\\/Regalino-Shop.de\\\/?product=dreeicksschal-tuch-jasmijn-beige-von-lot83#breadcrumb\",\"itemListElement\":[{\"@type\":\"ListItem\",\"position\":1,\"name\":\"Startseite\",\"item\":\"https:\\\/\\\/Regalino-Shop.de\\\/\"},{\"@type\":\"ListItem\",\"position\":2,\"name\":\"Shop\",\"item\":\"https:\\\/\\\/Regalino-Shop.de\\\/?page_id=40\"},{\"@type\":\"ListItem\",\"position\":3,\"name\":\"Dreiecksschal\\\/Tuch *Jasmijn* beige von Lot83\"}]},{\"@type\":\"WebSite\",\"@id\":\"https:\\\/\\\/Regalino-Shop.de\\\/#website\",\"url\":\"https:\\\/\\\/Regalino-Shop.de\\\/\",\"name\":\"Regalino -Lively Style\",\"description\":\"gelebtes Zuhause\",\"potentialAction\":[{\"@type\":\"SearchAction\",\"target\":{\"@type\":\"EntryPoint\",\"urlTemplate\":\"https:\\\/\\\/Regalino-Shop.de\\\/?s={search_term_string}\"},\"query-input\":{\"@type\":\"PropertyValueSpecification\",\"valueRequired\":true,\"valueName\":\"search_term_string\"}}],\"inLanguage\":\"de\"}]}<\/script>\n<!-- \/ Yoast SEO plugin. -->","yoast_head_json":{"title":"Dreiecksschal\/Tuch *Jasmijn* beige von Lot83 - Regalino -Lively Style","description":"soo weich - 30% Polyester, 32% Acryl, 38% Baumwolle - Gr\u00f6\u00dfe 210\u00d790 cm - mit veganem Lederband","robots":{"index":"index","follow":"follow","max-snippet":"max-snippet:-1","max-image-preview":"max-image-preview:large","max-video-preview":"max-video-preview:-1"},"canonical":"https:\/\/Regalino-Shop.de\/?product=dreeicksschal-tuch-jasmijn-beige-von-lot83","og_locale":"de_DE","og_type":"article","og_title":"Dreiecksschal\/Tuch *Jasmijn* beige von Lot83 - Regalino -Lively Style","og_description":"soo weich - 30% Polyester, 32% Acryl, 38% Baumwolle - Gr\u00f6\u00dfe 210\u00d790 cm - mit veganem Lederband","og_url":"https:\/\/Regalino-Shop.de\/?product=dreeicksschal-tuch-jasmijn-beige-von-lot83","og_site_name":"Regalino -Lively Style","article_modified_time":"2025-08-31T13:02:56+00:00","og_image":[{"width":1000,"height":1000,"url":"https:\/\/Regalino-Shop.de\/wp-content\/uploads\/2024\/08\/Jasmijn-beige-Dreiecksschal-schal-tuch.jpg","type":"image\/jpeg"}],"twitter_card":"summary_large_image","twitter_misc":{"Gesch\u00e4tzte Lesezeit":"1\u00a0Minute"},"schema":{"@context":"https:\/\/schema.org","@graph":[{"@type":"WebPage","@id":"https:\/\/Regalino-Shop.de\/?product=dreeicksschal-tuch-jasmijn-beige-von-lot83","url":"https:\/\/Regalino-Shop.de\/?product=dreeicksschal-tuch-jasmijn-beige-von-lot83","name":"Dreiecksschal\/Tuch *Jasmijn* beige von Lot83 - Regalino -Lively Style","isPartOf":{"@id":"https:\/\/Regalino-Shop.de\/#website"},"primaryImageOfPage":{"@id":"https:\/\/Regalino-Shop.de\/?product=dreeicksschal-tuch-jasmijn-beige-von-lot83#primaryimage"},"image":{"@id":"https:\/\/Regalino-Shop.de\/?product=dreeicksschal-tuch-jasmijn-beige-von-lot83#primaryimage"},"thumbnailUrl":"https:\/\/Regalino-Shop.de\/wp-content\/uploads\/2024\/08\/Jasmijn-beige-Dreiecksschal-schal-tuch.jpg","datePublished":"2024-08-29T13:09:23+00:00","dateModified":"2025-08-31T13:02:56+00:00","description":"soo weich - 30% Polyester, 32% Acryl, 38% Baumwolle - Gr\u00f6\u00dfe 210\u00d790 cm - mit veganem Lederband","breadcrumb":{"@id":"https:\/\/Regalino-Shop.de\/?product=dreeicksschal-tuch-jasmijn-beige-von-lot83#breadcrumb"},"inLanguage":"de","potentialAction":[{"@type":"ReadAction","target":["https:\/\/Regalino-Shop.de\/?product=dreeicksschal-tuch-jasmijn-beige-von-lot83"]}]},{"@type":"ImageObject","inLanguage":"de","@id":"https:\/\/Regalino-Shop.de\/?product=dreeicksschal-tuch-jasmijn-beige-von-lot83#primaryimage","url":"https:\/\/Regalino-Shop.de\/wp-content\/uploads\/2024\/08\/Jasmijn-beige-Dreiecksschal-schal-tuch.jpg","contentUrl":"https:\/\/Regalino-Shop.de\/wp-content\/uploads\/2024\/08\/Jasmijn-beige-Dreiecksschal-schal-tuch.jpg","width":1000,"height":1000},{"@type":"BreadcrumbList","@id":"https:\/\/Regalino-Shop.de\/?product=dreeicksschal-tuch-jasmijn-beige-von-lot83#breadcrumb","itemListElement":[{"@type":"ListItem","position":1,"name":"Startseite","item":"https:\/\/Regalino-Shop.de\/"},{"@type":"ListItem","position":2,"name":"Shop","item":"https:\/\/Regalino-Shop.de\/?page_id=40"},{"@type":"ListItem","position":3,"name":"Dreiecksschal\/Tuch *Jasmijn* beige von Lot83"}]},{"@type":"WebSite","@id":"https:\/\/Regalino-Shop.de\/#website","url":"https:\/\/Regalino-Shop.de\/","name":"Regalino -Lively Style","description":"gelebtes Zuhause","potentialAction":[{"@type":"SearchAction","target":{"@type":"EntryPoint","urlTemplate":"https:\/\/Regalino-Shop.de\/?s={search_term_string}"},"query-input":{"@type":"PropertyValueSpecification","valueRequired":true,"valueName":"search_term_string"}}],"inLanguage":"de"}]}},"_links":{"self":[{"href":"https:\/\/Regalino-Shop.de\/index.php?rest_route=\/wp\/v2\/product\/14485","targetHints":{"allow":["GET"]}}],"collection":[{"href":"https:\/\/Regalino-Shop.de\/index.php?rest_route=\/wp\/v2\/product"}],"about":[{"href":"https:\/\/Regalino-Shop.de\/index.php?rest_route=\/wp\/v2\/types\/product"}],"wp:featuredmedia":[{"embeddable":true,"href":"https:\/\/Regalino-Shop.de\/index.php?rest_route=\/wp\/v2\/media\/14486"}],"wp:attachment":[{"href":"https:\/\/Regalino-Shop.de\/index.php?rest_route=%2Fwp%2Fv2%2Fmedia&parent=14485"}],"wp:term":[{"taxonomy":"product_brand","embeddable":true,"href":"https:\/\/Regalino-Shop.de\/index.php?rest_route=%2Fwp%2Fv2%2Fproduct_brand&post=14485"},{"taxonomy":"product_cat","embeddable":true,"href":"https:\/\/Regalino-Shop.de\/index.php?rest_route=%2Fwp%2Fv2%2Fproduct_cat&post=14485"},{"taxonomy":"product_tag","embeddable":true,"href":"https:\/\/Regalino-Shop.de\/index.php?rest_route=%2Fwp%2Fv2%2Fproduct_tag&post=14485"}],"curies":[{"name":"wp","href":"https:\/\/api.w.org\/{rel}","templated":true}]}}

<h3>wunderschön weich&#8230;</h3>
<p>mit veganem Lederband</p>
<p>&nbsp;</p>
<ul>
<li>Material: 30% Polyester, 32% Acryl, 38% Baumwolle</li>
<li>Größe: 210×90 cm</li>
<li>Farbe: beige, pink</li>
<li>Handwäsche empfohlen</li>
</ul>
<p>Lieferumfang: 1 Tuch</p>
<p>&nbsp;</p>

<!-- This site is optimized with the Yoast SEO plugin v27.5 - https://yoast.com/product/yoast-seo-wordpress/ -->
<title>Dreiecksschal/Tuch *Jasmijn* beige von Lot83 - Regalino -Lively Style</title>
<meta name="description" content="soo weich - 30% Polyester, 32% Acryl, 38% Baumwolle - Größe 210×90 cm - mit veganem Lederband" />
<meta name="robots" content="index, follow, max-snippet:-1, max-image-preview:large, max-video-preview:-1" />
<link rel="canonical" href="https://Regalino-Shop.de/?product=dreeicksschal-tuch-jasmijn-beige-von-lot83" />
<meta property="og:locale" content="de_DE" />
<meta property="og:type" content="article" />
<meta property="og:title" content="Dreiecksschal/Tuch *Jasmijn* beige von Lot83 - Regalino -Lively Style" />
<meta property="og:description" content="soo weich - 30% Polyester, 32% Acryl, 38% Baumwolle - Größe 210×90 cm - mit veganem Lederband" />
<meta property="og:url" content="https://Regalino-Shop.de/?product=dreeicksschal-tuch-jasmijn-beige-von-lot83" />
<meta property="og:site_name" content="Regalino -Lively Style" />
<meta property="article:modified_time" content="2025-08-31T13:02:56+00:00" />
<meta property="og:image" content="https://Regalino-Shop.de/wp-content/uploads/2024/08/Jasmijn-beige-Dreiecksschal-schal-tuch.jpg" />
	<meta property="og:image:width" content="1000" />
	<meta property="og:image:height" content="1000" />
	<meta property="og:image:type" content="image/jpeg" />
<meta name="twitter:card" content="summary_large_image" />
<meta name="twitter:label1" content="Geschätzte Lesezeit" />
	<meta name="twitter:data1" content="1 Minute" />
<script type="application/ld+json" class="yoast-schema-graph">{"@context":"https:\/\/schema.org","@graph":[{"@type":"WebPage","@id":"https:\/\/Regalino-Shop.de\/?product=dreeicksschal-tuch-jasmijn-beige-von-lot83","url":"https:\/\/Regalino-Shop.de\/?product=dreeicksschal-tuch-jasmijn-beige-von-lot83","name":"Dreiecksschal\/Tuch *Jasmijn* beige von Lot83 - Regalino -Lively Style","isPartOf":{"@id":"https:\/\/Regalino-Shop.de\/#website"},"primaryImageOfPage":{"@id":"https:\/\/Regalino-Shop.de\/?product=dreeicksschal-tuch-jasmijn-beige-von-lot83#primaryimage"},"image":{"@id":"https:\/\/Regalino-Shop.de\/?product=dreeicksschal-tuch-jasmijn-beige-von-lot83#primaryimage"},"thumbnailUrl":"https:\/\/Regalino-Shop.de\/wp-content\/uploads\/2024\/08\/Jasmijn-beige-Dreiecksschal-schal-tuch.jpg","datePublished":"2024-08-29T13:09:23+00:00","dateModified":"2025-08-31T13:02:56+00:00","description":"soo weich - 30% Polyester, 32% Acryl, 38% Baumwolle - Größe 210×90 cm - mit veganem Lederband","breadcrumb":{"@id":"https:\/\/Regalino-Shop.de\/?product=dreeicksschal-tuch-jasmijn-beige-von-lot83#breadcrumb"},"inLanguage":"de","potentialAction":[{"@type":"ReadAction","target":["https:\/\/Regalino-Shop.de\/?product=dreeicksschal-tuch-jasmijn-beige-von-lot83"]}]},{"@type":"ImageObject","inLanguage":"de","@id":"https:\/\/Regalino-Shop.de\/?product=dreeicksschal-tuch-jasmijn-beige-von-lot83#primaryimage","url":"https:\/\/Regalino-Shop.de\/wp-content\/uploads\/2024\/08\/Jasmijn-beige-Dreiecksschal-schal-tuch.jpg","contentUrl":"https:\/\/Regalino-Shop.de\/wp-content\/uploads\/2024\/08\/Jasmijn-beige-Dreiecksschal-schal-tuch.jpg","width":1000,"height":1000},{"@type":"BreadcrumbList","@id":"https:\/\/Regalino-Shop.de\/?product=dreeicksschal-tuch-jasmijn-beige-von-lot83#breadcrumb","itemListElement":[{"@type":"ListItem","position":1,"name":"Startseite","item":"https:\/\/Regalino-Shop.de\/"},{"@type":"ListItem","position":2,"name":"Shop","item":"https:\/\/Regalino-Shop.de\/?page_id=40"},{"@type":"ListItem","position":3,"name":"Dreiecksschal\/Tuch *Jasmijn* beige von Lot83"}]},{"@type":"WebSite","@id":"https:\/\/Regalino-Shop.de\/#website","url":"https:\/\/Regalino-Shop.de\/","name":"Regalino -Lively Style","description":"gelebtes Zuhause","potentialAction":[{"@type":"SearchAction","target":{"@type":"EntryPoint","urlTemplate":"https:\/\/Regalino-Shop.de\/?s={search_term_string}"},"query-input":{"@type":"PropertyValueSpecification","valueRequired":true,"valueName":"search_term_string"}}],"inLanguage":"de"}]}</script>
<!-- / Yoast SEO plugin. -->

soo weich - 30% Polyester, 32% Acryl, 38% Baumwolle - Größe 210×90 cm - mit veganem Lederband
