{"id":14490,"date":"2024-08-29T13:26:05","date_gmt":"2024-08-29T13:26:05","guid":{"rendered":"https:\/\/Regalino-Shop.de\/?post_type=product&#038;p=14490"},"modified":"2026-04-01T14:11:03","modified_gmt":"2026-04-01T14:11:03","slug":"musselin-schal-tuch-kim-apricot-von-lot83","status":"publish","type":"product","link":"https:\/\/Regalino-Shop.de\/?product=musselin-schal-tuch-kim-apricot-von-lot83","title":{"rendered":"Musselin Schal\/Tuch *Kim* apricot von Lot83"},"content":{"rendered":"<blockquote><p>&nbsp;<\/p><\/blockquote>\n","protected":false},"excerpt":{"rendered":"<h3 id=\"tw-target-text\" class=\"tw-data-text tw-text-large tw-ta\" dir=\"ltr\" data-placeholder=\"\u00dcbersetzung\" aria-label=\"\u00dcbersetzter Text\" data-ved=\"2ahUKEwj_w5C5o5qIAxUq-gIHHeFXOo4Q3ewLegQIBxAT\"><span class=\"Y2IQFc\" lang=\"de\">quadratischer Schal aus Musselinstoff<\/span><\/h3>\n<p class=\"tw-data-text tw-text-large tw-ta\" dir=\"ltr\" data-placeholder=\"\u00dcbersetzung\" aria-label=\"\u00dcbersetzter Text\" data-ved=\"2ahUKEwj_w5C5o5qIAxUq-gIHHeFXOo4Q3ewLegQIBxAT\"><span class=\"Y2IQFc\" lang=\"de\">Dieser Schal, als Spitztuch oder Schultertuch zu tragen, verf\u00fcgt \u00fcber das bekannte vegane Lederband sowie ein sch\u00f6nes Band in einer auff\u00e4lligen Farbe. <\/span><span class=\"Y2IQFc\" lang=\"de\">F\u00fcr jeden Kim-Schal werden 3 verschiedene Farben verwendet. Dadurch wird der Schal zu einem echten Hingucker. <\/span><span class=\"Y2IQFc\" lang=\"de\">Da es sich um einen nat\u00fcrlichen Stoff handelt, nimmt es Feuchtigkeit gut auf und trocknet schnell<\/span><span class=\"Y2IQFc\" lang=\"de\">\u00a0<\/span><\/p>\n<ul>\n<li>Material: 100% Baumwolle<\/li>\n<li>Gr\u00f6\u00dfe: 130&#215;130 cm<\/li>\n<li>Farbe: apricot, hellblau, oliv, Abschlussband neon orange<\/li>\n<li>Maschinenw\u00e4sche: 30\u00b0C<\/li>\n<\/ul>\n<p>Lieferumfang: 1 Tuch<\/p>\n<p>&nbsp;<\/p>\n","protected":false},"featured_media":14491,"template":"","meta":{"_et_pb_use_builder":"","_et_pb_old_content":"","_et_gb_content_width":""},"product_brand":[],"product_cat":[100],"product_tag":[202,1707,355,288,201,1397,204],"class_list":{"0":"post-14490","1":"product","2":"type-product","3":"status-publish","4":"has-post-thumbnail","6":"product_cat-schals-tuecher-fuer-damen-stilvolle-accessoires-regalino","7":"product_tag-accessoires","8":"product_tag-dreiecksschal","9":"product_tag-freundin","10":"product_tag-geschenk","11":"product_tag-schal","12":"product_tag-statement","13":"product_tag-tuch","15":"first","16":"instock","17":"taxable","18":"shipping-taxable","19":"purchasable","20":"product-type-simple"},"yoast_head":"<!-- This site is optimized with the Yoast SEO plugin v27.5 - https:\/\/yoast.com\/product\/yoast-seo-wordpress\/ -->\n<title>Musselin Schal\/Tuch *Kim* apricot von Lot83 - Regalino -Lively Style<\/title>\n<meta name=\"description\" content=\"quadratisches Tuch - Musselinstoff- 100% Baumwolle - Gr\u00f6\u00dfe 130\u00d7130 cm - 3farbig\" \/>\n<meta name=\"robots\" content=\"index, follow, max-snippet:-1, max-image-preview:large, max-video-preview:-1\" \/>\n<link rel=\"canonical\" href=\"https:\/\/Regalino-Shop.de\/?product=musselin-schal-tuch-kim-apricot-von-lot83\" \/>\n<meta property=\"og:locale\" content=\"de_DE\" \/>\n<meta property=\"og:type\" content=\"article\" \/>\n<meta property=\"og:title\" content=\"Musselin Schal\/Tuch *Kim* apricot von Lot83 - Regalino -Lively Style\" \/>\n<meta property=\"og:description\" content=\"quadratisches Tuch - Musselinstoff- 100% Baumwolle - Gr\u00f6\u00dfe 130\u00d7130 cm - 3farbig\" \/>\n<meta property=\"og:url\" content=\"https:\/\/Regalino-Shop.de\/?product=musselin-schal-tuch-kim-apricot-von-lot83\" \/>\n<meta property=\"og:site_name\" content=\"Regalino -Lively Style\" \/>\n<meta property=\"article:modified_time\" content=\"2026-04-01T14:11:03+00:00\" \/>\n<meta property=\"og:image\" content=\"https:\/\/Regalino-Shop.de\/wp-content\/uploads\/2024\/08\/kim-schultertuch-schal-musselin-tuch-lot83.jpg\" \/>\n\t<meta property=\"og:image:width\" content=\"1000\" \/>\n\t<meta property=\"og:image:height\" content=\"1000\" \/>\n\t<meta property=\"og:image:type\" content=\"image\/jpeg\" \/>\n<meta name=\"twitter:card\" content=\"summary_large_image\" \/>\n<meta name=\"twitter:label1\" content=\"Gesch\u00e4tzte Lesezeit\" \/>\n\t<meta name=\"twitter:data1\" content=\"1\u00a0Minute\" \/>\n<script type=\"application\/ld+json\" class=\"yoast-schema-graph\">{\"@context\":\"https:\\\/\\\/schema.org\",\"@graph\":[{\"@type\":\"WebPage\",\"@id\":\"https:\\\/\\\/Regalino-Shop.de\\\/?product=musselin-schal-tuch-kim-apricot-von-lot83\",\"url\":\"https:\\\/\\\/Regalino-Shop.de\\\/?product=musselin-schal-tuch-kim-apricot-von-lot83\",\"name\":\"Musselin Schal\\\/Tuch *Kim* apricot von Lot83 - Regalino -Lively Style\",\"isPartOf\":{\"@id\":\"https:\\\/\\\/Regalino-Shop.de\\\/#website\"},\"primaryImageOfPage\":{\"@id\":\"https:\\\/\\\/Regalino-Shop.de\\\/?product=musselin-schal-tuch-kim-apricot-von-lot83#primaryimage\"},\"image\":{\"@id\":\"https:\\\/\\\/Regalino-Shop.de\\\/?product=musselin-schal-tuch-kim-apricot-von-lot83#primaryimage\"},\"thumbnailUrl\":\"https:\\\/\\\/Regalino-Shop.de\\\/wp-content\\\/uploads\\\/2024\\\/08\\\/kim-schultertuch-schal-musselin-tuch-lot83.jpg\",\"datePublished\":\"2024-08-29T13:26:05+00:00\",\"dateModified\":\"2026-04-01T14:11:03+00:00\",\"description\":\"quadratisches Tuch - Musselinstoff- 100% Baumwolle - Gr\u00f6\u00dfe 130\u00d7130 cm - 3farbig\",\"breadcrumb\":{\"@id\":\"https:\\\/\\\/Regalino-Shop.de\\\/?product=musselin-schal-tuch-kim-apricot-von-lot83#breadcrumb\"},\"inLanguage\":\"de\",\"potentialAction\":[{\"@type\":\"ReadAction\",\"target\":[\"https:\\\/\\\/Regalino-Shop.de\\\/?product=musselin-schal-tuch-kim-apricot-von-lot83\"]}]},{\"@type\":\"ImageObject\",\"inLanguage\":\"de\",\"@id\":\"https:\\\/\\\/Regalino-Shop.de\\\/?product=musselin-schal-tuch-kim-apricot-von-lot83#primaryimage\",\"url\":\"https:\\\/\\\/Regalino-Shop.de\\\/wp-content\\\/uploads\\\/2024\\\/08\\\/kim-schultertuch-schal-musselin-tuch-lot83.jpg\",\"contentUrl\":\"https:\\\/\\\/Regalino-Shop.de\\\/wp-content\\\/uploads\\\/2024\\\/08\\\/kim-schultertuch-schal-musselin-tuch-lot83.jpg\",\"width\":1000,\"height\":1000},{\"@type\":\"BreadcrumbList\",\"@id\":\"https:\\\/\\\/Regalino-Shop.de\\\/?product=musselin-schal-tuch-kim-apricot-von-lot83#breadcrumb\",\"itemListElement\":[{\"@type\":\"ListItem\",\"position\":1,\"name\":\"Startseite\",\"item\":\"https:\\\/\\\/Regalino-Shop.de\\\/\"},{\"@type\":\"ListItem\",\"position\":2,\"name\":\"Shop\",\"item\":\"https:\\\/\\\/Regalino-Shop.de\\\/?page_id=40\"},{\"@type\":\"ListItem\",\"position\":3,\"name\":\"Musselin Schal\\\/Tuch *Kim* apricot von Lot83\"}]},{\"@type\":\"WebSite\",\"@id\":\"https:\\\/\\\/Regalino-Shop.de\\\/#website\",\"url\":\"https:\\\/\\\/Regalino-Shop.de\\\/\",\"name\":\"Regalino -Lively Style\",\"description\":\"gelebtes Zuhause\",\"potentialAction\":[{\"@type\":\"SearchAction\",\"target\":{\"@type\":\"EntryPoint\",\"urlTemplate\":\"https:\\\/\\\/Regalino-Shop.de\\\/?s={search_term_string}\"},\"query-input\":{\"@type\":\"PropertyValueSpecification\",\"valueRequired\":true,\"valueName\":\"search_term_string\"}}],\"inLanguage\":\"de\"}]}<\/script>\n<!-- \/ Yoast SEO plugin. -->","yoast_head_json":{"title":"Musselin Schal\/Tuch *Kim* apricot von Lot83 - Regalino -Lively Style","description":"quadratisches Tuch - Musselinstoff- 100% Baumwolle - Gr\u00f6\u00dfe 130\u00d7130 cm - 3farbig","robots":{"index":"index","follow":"follow","max-snippet":"max-snippet:-1","max-image-preview":"max-image-preview:large","max-video-preview":"max-video-preview:-1"},"canonical":"https:\/\/Regalino-Shop.de\/?product=musselin-schal-tuch-kim-apricot-von-lot83","og_locale":"de_DE","og_type":"article","og_title":"Musselin Schal\/Tuch *Kim* apricot von Lot83 - Regalino -Lively Style","og_description":"quadratisches Tuch - Musselinstoff- 100% Baumwolle - Gr\u00f6\u00dfe 130\u00d7130 cm - 3farbig","og_url":"https:\/\/Regalino-Shop.de\/?product=musselin-schal-tuch-kim-apricot-von-lot83","og_site_name":"Regalino -Lively Style","article_modified_time":"2026-04-01T14:11:03+00:00","og_image":[{"width":1000,"height":1000,"url":"https:\/\/Regalino-Shop.de\/wp-content\/uploads\/2024\/08\/kim-schultertuch-schal-musselin-tuch-lot83.jpg","type":"image\/jpeg"}],"twitter_card":"summary_large_image","twitter_misc":{"Gesch\u00e4tzte Lesezeit":"1\u00a0Minute"},"schema":{"@context":"https:\/\/schema.org","@graph":[{"@type":"WebPage","@id":"https:\/\/Regalino-Shop.de\/?product=musselin-schal-tuch-kim-apricot-von-lot83","url":"https:\/\/Regalino-Shop.de\/?product=musselin-schal-tuch-kim-apricot-von-lot83","name":"Musselin Schal\/Tuch *Kim* apricot von Lot83 - Regalino -Lively Style","isPartOf":{"@id":"https:\/\/Regalino-Shop.de\/#website"},"primaryImageOfPage":{"@id":"https:\/\/Regalino-Shop.de\/?product=musselin-schal-tuch-kim-apricot-von-lot83#primaryimage"},"image":{"@id":"https:\/\/Regalino-Shop.de\/?product=musselin-schal-tuch-kim-apricot-von-lot83#primaryimage"},"thumbnailUrl":"https:\/\/Regalino-Shop.de\/wp-content\/uploads\/2024\/08\/kim-schultertuch-schal-musselin-tuch-lot83.jpg","datePublished":"2024-08-29T13:26:05+00:00","dateModified":"2026-04-01T14:11:03+00:00","description":"quadratisches Tuch - Musselinstoff- 100% Baumwolle - Gr\u00f6\u00dfe 130\u00d7130 cm - 3farbig","breadcrumb":{"@id":"https:\/\/Regalino-Shop.de\/?product=musselin-schal-tuch-kim-apricot-von-lot83#breadcrumb"},"inLanguage":"de","potentialAction":[{"@type":"ReadAction","target":["https:\/\/Regalino-Shop.de\/?product=musselin-schal-tuch-kim-apricot-von-lot83"]}]},{"@type":"ImageObject","inLanguage":"de","@id":"https:\/\/Regalino-Shop.de\/?product=musselin-schal-tuch-kim-apricot-von-lot83#primaryimage","url":"https:\/\/Regalino-Shop.de\/wp-content\/uploads\/2024\/08\/kim-schultertuch-schal-musselin-tuch-lot83.jpg","contentUrl":"https:\/\/Regalino-Shop.de\/wp-content\/uploads\/2024\/08\/kim-schultertuch-schal-musselin-tuch-lot83.jpg","width":1000,"height":1000},{"@type":"BreadcrumbList","@id":"https:\/\/Regalino-Shop.de\/?product=musselin-schal-tuch-kim-apricot-von-lot83#breadcrumb","itemListElement":[{"@type":"ListItem","position":1,"name":"Startseite","item":"https:\/\/Regalino-Shop.de\/"},{"@type":"ListItem","position":2,"name":"Shop","item":"https:\/\/Regalino-Shop.de\/?page_id=40"},{"@type":"ListItem","position":3,"name":"Musselin Schal\/Tuch *Kim* apricot von Lot83"}]},{"@type":"WebSite","@id":"https:\/\/Regalino-Shop.de\/#website","url":"https:\/\/Regalino-Shop.de\/","name":"Regalino -Lively Style","description":"gelebtes Zuhause","potentialAction":[{"@type":"SearchAction","target":{"@type":"EntryPoint","urlTemplate":"https:\/\/Regalino-Shop.de\/?s={search_term_string}"},"query-input":{"@type":"PropertyValueSpecification","valueRequired":true,"valueName":"search_term_string"}}],"inLanguage":"de"}]}},"_links":{"self":[{"href":"https:\/\/Regalino-Shop.de\/index.php?rest_route=\/wp\/v2\/product\/14490","targetHints":{"allow":["GET"]}}],"collection":[{"href":"https:\/\/Regalino-Shop.de\/index.php?rest_route=\/wp\/v2\/product"}],"about":[{"href":"https:\/\/Regalino-Shop.de\/index.php?rest_route=\/wp\/v2\/types\/product"}],"wp:featuredmedia":[{"embeddable":true,"href":"https:\/\/Regalino-Shop.de\/index.php?rest_route=\/wp\/v2\/media\/14491"}],"wp:attachment":[{"href":"https:\/\/Regalino-Shop.de\/index.php?rest_route=%2Fwp%2Fv2%2Fmedia&parent=14490"}],"wp:term":[{"taxonomy":"product_brand","embeddable":true,"href":"https:\/\/Regalino-Shop.de\/index.php?rest_route=%2Fwp%2Fv2%2Fproduct_brand&post=14490"},{"taxonomy":"product_cat","embeddable":true,"href":"https:\/\/Regalino-Shop.de\/index.php?rest_route=%2Fwp%2Fv2%2Fproduct_cat&post=14490"},{"taxonomy":"product_tag","embeddable":true,"href":"https:\/\/Regalino-Shop.de\/index.php?rest_route=%2Fwp%2Fv2%2Fproduct_tag&post=14490"}],"curies":[{"name":"wp","href":"https:\/\/api.w.org\/{rel}","templated":true}]}}