{"id":14919,"date":"2024-10-28T07:58:23","date_gmt":"2024-10-28T07:58:23","guid":{"rendered":"https:\/\/Regalino-Shop.de\/?post_type=product&#038;p=14919"},"modified":"2026-04-22T12:53:57","modified_gmt":"2026-04-22T12:53:57","slug":"weinglas-me-time-johanna-schwarzer-x-selekkt","status":"publish","type":"product","link":"https:\/\/Regalino-Shop.de\/?product=weinglas-me-time-johanna-schwarzer-x-selekkt","title":{"rendered":"Weinglas *Me Time* Johanna Schwarzer x selekkt"},"content":{"rendered":"","protected":false},"excerpt":{"rendered":"<div class=\"tabs accordion\">\n<h3>gro\u00dfes Weinglas von Selekkt designed by Johanna Schwarzer<\/h3>\n<div id=\"content_tab_description\" class=\"tab-content tab-description\">\n<div class=\"tab-content-inner\">\n<ul>\n<li><strong>Ma\u00dfe:\u00a0<\/strong>Durchmesser: 91 mm -H\u00f6he: ca. 217 mm<\/li>\n<li><strong>F\u00fcllmenge: <\/strong>53 cl<\/li>\n<li><strong>Material: <\/strong>Glas mit Siebdruck<\/li>\n<\/ul>\n<p><strong>Pflegehinweise:<br \/>\n<\/strong>Der Druck ist langlebig und sp\u00fclmaschinenfest. F\u00fcr eine optimale Haltbarkeit empfehlen wir jedoch, das Glas von Hand zu sp\u00fclen.<\/p>\n<p>Lieferung ohne Inhalt &#8211; Lieferumfang 1 Glas<\/p>\n<\/div>\n<\/div>\n<\/div>\n<p>.<\/p>\n","protected":false},"featured_media":14920,"template":"","meta":{"_et_pb_use_builder":"","_et_pb_old_content":"","_et_gb_content_width":""},"product_brand":[],"product_cat":[3068,3067,76,57],"product_tag":[1419,355,1420],"class_list":{"0":"post-14919","1":"product","2":"type-product","3":"status-publish","4":"has-post-thumbnail","6":"product_cat-fuer-mama-oma","7":"product_cat-geschenkideen","8":"product_cat-geschirr-fuer-stilvolle-genussmomente-regalino","9":"product_cat-neu-eingetroffen-neue-lieblingsstuecke-bei-regalino","10":"product_tag-aperol","11":"product_tag-freundin","12":"product_tag-weinglas","14":"first","15":"instock","16":"taxable","17":"shipping-taxable","18":"purchasable","19":"product-type-simple"},"yoast_head":"<!-- This site is optimized with the Yoast SEO plugin v27.5 - https:\/\/yoast.com\/product\/yoast-seo-wordpress\/ -->\n<title>Weinglas *Me Time* Johanna Schwarzer x selekkt - Regalino -Lively Style<\/title>\n<meta name=\"description\" content=\"gro\u00dfes Weinglas von Selekkt designed by Johanna Schwarzer - Lieferung im Geschenkkarton - langlebiger Druck -sp\u00fclmaschinengeeignet\" \/>\n<meta name=\"robots\" content=\"index, follow, max-snippet:-1, max-image-preview:large, max-video-preview:-1\" \/>\n<link rel=\"canonical\" href=\"https:\/\/Regalino-Shop.de\/?product=weinglas-me-time-johanna-schwarzer-x-selekkt\" \/>\n<meta property=\"og:locale\" content=\"de_DE\" \/>\n<meta property=\"og:type\" content=\"article\" \/>\n<meta property=\"og:title\" content=\"Weinglas *Me Time* Johanna Schwarzer x selekkt - Regalino -Lively Style\" \/>\n<meta property=\"og:description\" content=\"gro\u00dfes Weinglas von Selekkt designed by Johanna Schwarzer - Lieferung im Geschenkkarton - langlebiger Druck -sp\u00fclmaschinengeeignet\" \/>\n<meta property=\"og:url\" content=\"https:\/\/Regalino-Shop.de\/?product=weinglas-me-time-johanna-schwarzer-x-selekkt\" \/>\n<meta property=\"og:site_name\" content=\"Regalino -Lively Style\" \/>\n<meta property=\"article:modified_time\" content=\"2026-04-22T12:53:57+00:00\" \/>\n<meta property=\"og:image\" content=\"https:\/\/Regalino-Shop.de\/wp-content\/uploads\/2024\/10\/weinglas-me-time-schwarzer-selekkt.jpg\" \/>\n\t<meta property=\"og:image:width\" content=\"680\" \/>\n\t<meta property=\"og:image:height\" content=\"680\" \/>\n\t<meta property=\"og:image:type\" content=\"image\/jpeg\" \/>\n<meta name=\"twitter:card\" content=\"summary_large_image\" \/>\n<meta name=\"twitter:label1\" content=\"Gesch\u00e4tzte Lesezeit\" \/>\n\t<meta name=\"twitter:data1\" content=\"1\u00a0Minute\" \/>\n<script type=\"application\/ld+json\" class=\"yoast-schema-graph\">{\"@context\":\"https:\\\/\\\/schema.org\",\"@graph\":[{\"@type\":\"WebPage\",\"@id\":\"https:\\\/\\\/Regalino-Shop.de\\\/?product=weinglas-me-time-johanna-schwarzer-x-selekkt\",\"url\":\"https:\\\/\\\/Regalino-Shop.de\\\/?product=weinglas-me-time-johanna-schwarzer-x-selekkt\",\"name\":\"Weinglas *Me Time* Johanna Schwarzer x selekkt - Regalino -Lively Style\",\"isPartOf\":{\"@id\":\"https:\\\/\\\/Regalino-Shop.de\\\/#website\"},\"primaryImageOfPage\":{\"@id\":\"https:\\\/\\\/Regalino-Shop.de\\\/?product=weinglas-me-time-johanna-schwarzer-x-selekkt#primaryimage\"},\"image\":{\"@id\":\"https:\\\/\\\/Regalino-Shop.de\\\/?product=weinglas-me-time-johanna-schwarzer-x-selekkt#primaryimage\"},\"thumbnailUrl\":\"https:\\\/\\\/Regalino-Shop.de\\\/wp-content\\\/uploads\\\/2024\\\/10\\\/weinglas-me-time-schwarzer-selekkt.jpg\",\"datePublished\":\"2024-10-28T07:58:23+00:00\",\"dateModified\":\"2026-04-22T12:53:57+00:00\",\"description\":\"gro\u00dfes Weinglas von Selekkt designed by Johanna Schwarzer - Lieferung im Geschenkkarton - langlebiger Druck -sp\u00fclmaschinengeeignet\",\"breadcrumb\":{\"@id\":\"https:\\\/\\\/Regalino-Shop.de\\\/?product=weinglas-me-time-johanna-schwarzer-x-selekkt#breadcrumb\"},\"inLanguage\":\"de\",\"potentialAction\":[{\"@type\":\"ReadAction\",\"target\":[\"https:\\\/\\\/Regalino-Shop.de\\\/?product=weinglas-me-time-johanna-schwarzer-x-selekkt\"]}]},{\"@type\":\"ImageObject\",\"inLanguage\":\"de\",\"@id\":\"https:\\\/\\\/Regalino-Shop.de\\\/?product=weinglas-me-time-johanna-schwarzer-x-selekkt#primaryimage\",\"url\":\"https:\\\/\\\/Regalino-Shop.de\\\/wp-content\\\/uploads\\\/2024\\\/10\\\/weinglas-me-time-schwarzer-selekkt.jpg\",\"contentUrl\":\"https:\\\/\\\/Regalino-Shop.de\\\/wp-content\\\/uploads\\\/2024\\\/10\\\/weinglas-me-time-schwarzer-selekkt.jpg\",\"width\":680,\"height\":680,\"caption\":\"weinglas-me-time-selekkt\"},{\"@type\":\"BreadcrumbList\",\"@id\":\"https:\\\/\\\/Regalino-Shop.de\\\/?product=weinglas-me-time-johanna-schwarzer-x-selekkt#breadcrumb\",\"itemListElement\":[{\"@type\":\"ListItem\",\"position\":1,\"name\":\"Startseite\",\"item\":\"https:\\\/\\\/Regalino-Shop.de\\\/\"},{\"@type\":\"ListItem\",\"position\":2,\"name\":\"Shop\",\"item\":\"https:\\\/\\\/Regalino-Shop.de\\\/?page_id=40\"},{\"@type\":\"ListItem\",\"position\":3,\"name\":\"Weinglas *Me Time* Johanna Schwarzer x selekkt\"}]},{\"@type\":\"WebSite\",\"@id\":\"https:\\\/\\\/Regalino-Shop.de\\\/#website\",\"url\":\"https:\\\/\\\/Regalino-Shop.de\\\/\",\"name\":\"Regalino -Lively Style\",\"description\":\"gelebtes Zuhause\",\"potentialAction\":[{\"@type\":\"SearchAction\",\"target\":{\"@type\":\"EntryPoint\",\"urlTemplate\":\"https:\\\/\\\/Regalino-Shop.de\\\/?s={search_term_string}\"},\"query-input\":{\"@type\":\"PropertyValueSpecification\",\"valueRequired\":true,\"valueName\":\"search_term_string\"}}],\"inLanguage\":\"de\"}]}<\/script>\n<!-- \/ Yoast SEO plugin. -->","yoast_head_json":{"title":"Weinglas *Me Time* Johanna Schwarzer x selekkt - Regalino -Lively Style","description":"gro\u00dfes Weinglas von Selekkt designed by Johanna Schwarzer - Lieferung im Geschenkkarton - langlebiger Druck -sp\u00fclmaschinengeeignet","robots":{"index":"index","follow":"follow","max-snippet":"max-snippet:-1","max-image-preview":"max-image-preview:large","max-video-preview":"max-video-preview:-1"},"canonical":"https:\/\/Regalino-Shop.de\/?product=weinglas-me-time-johanna-schwarzer-x-selekkt","og_locale":"de_DE","og_type":"article","og_title":"Weinglas *Me Time* Johanna Schwarzer x selekkt - Regalino -Lively Style","og_description":"gro\u00dfes Weinglas von Selekkt designed by Johanna Schwarzer - Lieferung im Geschenkkarton - langlebiger Druck -sp\u00fclmaschinengeeignet","og_url":"https:\/\/Regalino-Shop.de\/?product=weinglas-me-time-johanna-schwarzer-x-selekkt","og_site_name":"Regalino -Lively Style","article_modified_time":"2026-04-22T12:53:57+00:00","og_image":[{"width":680,"height":680,"url":"https:\/\/Regalino-Shop.de\/wp-content\/uploads\/2024\/10\/weinglas-me-time-schwarzer-selekkt.jpg","type":"image\/jpeg"}],"twitter_card":"summary_large_image","twitter_misc":{"Gesch\u00e4tzte Lesezeit":"1\u00a0Minute"},"schema":{"@context":"https:\/\/schema.org","@graph":[{"@type":"WebPage","@id":"https:\/\/Regalino-Shop.de\/?product=weinglas-me-time-johanna-schwarzer-x-selekkt","url":"https:\/\/Regalino-Shop.de\/?product=weinglas-me-time-johanna-schwarzer-x-selekkt","name":"Weinglas *Me Time* Johanna Schwarzer x selekkt - Regalino -Lively Style","isPartOf":{"@id":"https:\/\/Regalino-Shop.de\/#website"},"primaryImageOfPage":{"@id":"https:\/\/Regalino-Shop.de\/?product=weinglas-me-time-johanna-schwarzer-x-selekkt#primaryimage"},"image":{"@id":"https:\/\/Regalino-Shop.de\/?product=weinglas-me-time-johanna-schwarzer-x-selekkt#primaryimage"},"thumbnailUrl":"https:\/\/Regalino-Shop.de\/wp-content\/uploads\/2024\/10\/weinglas-me-time-schwarzer-selekkt.jpg","datePublished":"2024-10-28T07:58:23+00:00","dateModified":"2026-04-22T12:53:57+00:00","description":"gro\u00dfes Weinglas von Selekkt designed by Johanna Schwarzer - Lieferung im Geschenkkarton - langlebiger Druck -sp\u00fclmaschinengeeignet","breadcrumb":{"@id":"https:\/\/Regalino-Shop.de\/?product=weinglas-me-time-johanna-schwarzer-x-selekkt#breadcrumb"},"inLanguage":"de","potentialAction":[{"@type":"ReadAction","target":["https:\/\/Regalino-Shop.de\/?product=weinglas-me-time-johanna-schwarzer-x-selekkt"]}]},{"@type":"ImageObject","inLanguage":"de","@id":"https:\/\/Regalino-Shop.de\/?product=weinglas-me-time-johanna-schwarzer-x-selekkt#primaryimage","url":"https:\/\/Regalino-Shop.de\/wp-content\/uploads\/2024\/10\/weinglas-me-time-schwarzer-selekkt.jpg","contentUrl":"https:\/\/Regalino-Shop.de\/wp-content\/uploads\/2024\/10\/weinglas-me-time-schwarzer-selekkt.jpg","width":680,"height":680,"caption":"weinglas-me-time-selekkt"},{"@type":"BreadcrumbList","@id":"https:\/\/Regalino-Shop.de\/?product=weinglas-me-time-johanna-schwarzer-x-selekkt#breadcrumb","itemListElement":[{"@type":"ListItem","position":1,"name":"Startseite","item":"https:\/\/Regalino-Shop.de\/"},{"@type":"ListItem","position":2,"name":"Shop","item":"https:\/\/Regalino-Shop.de\/?page_id=40"},{"@type":"ListItem","position":3,"name":"Weinglas *Me Time* Johanna Schwarzer x selekkt"}]},{"@type":"WebSite","@id":"https:\/\/Regalino-Shop.de\/#website","url":"https:\/\/Regalino-Shop.de\/","name":"Regalino -Lively Style","description":"gelebtes Zuhause","potentialAction":[{"@type":"SearchAction","target":{"@type":"EntryPoint","urlTemplate":"https:\/\/Regalino-Shop.de\/?s={search_term_string}"},"query-input":{"@type":"PropertyValueSpecification","valueRequired":true,"valueName":"search_term_string"}}],"inLanguage":"de"}]}},"_links":{"self":[{"href":"https:\/\/Regalino-Shop.de\/index.php?rest_route=\/wp\/v2\/product\/14919","targetHints":{"allow":["GET"]}}],"collection":[{"href":"https:\/\/Regalino-Shop.de\/index.php?rest_route=\/wp\/v2\/product"}],"about":[{"href":"https:\/\/Regalino-Shop.de\/index.php?rest_route=\/wp\/v2\/types\/product"}],"wp:featuredmedia":[{"embeddable":true,"href":"https:\/\/Regalino-Shop.de\/index.php?rest_route=\/wp\/v2\/media\/14920"}],"wp:attachment":[{"href":"https:\/\/Regalino-Shop.de\/index.php?rest_route=%2Fwp%2Fv2%2Fmedia&parent=14919"}],"wp:term":[{"taxonomy":"product_brand","embeddable":true,"href":"https:\/\/Regalino-Shop.de\/index.php?rest_route=%2Fwp%2Fv2%2Fproduct_brand&post=14919"},{"taxonomy":"product_cat","embeddable":true,"href":"https:\/\/Regalino-Shop.de\/index.php?rest_route=%2Fwp%2Fv2%2Fproduct_cat&post=14919"},{"taxonomy":"product_tag","embeddable":true,"href":"https:\/\/Regalino-Shop.de\/index.php?rest_route=%2Fwp%2Fv2%2Fproduct_tag&post=14919"}],"curies":[{"name":"wp","href":"https:\/\/api.w.org\/{rel}","templated":true}]}}

<div class="tabs accordion">
<h3>großes Weinglas von Selekkt designed by Johanna Schwarzer</h3>
<div id="content_tab_description" class="tab-content tab-description">
<div class="tab-content-inner">
<ul>
<li><strong>Maße: </strong>Durchmesser: 91 mm -Höhe: ca. 217 mm</li>
<li><strong>Füllmenge: </strong>53 cl</li>
<li><strong>Material: </strong>Glas mit Siebdruck</li>
</ul>
<p><strong>Pflegehinweise:<br />
</strong>Der Druck ist langlebig und spülmaschinenfest. Für eine optimale Haltbarkeit empfehlen wir jedoch, das Glas von Hand zu spülen.</p>
<p>Lieferung ohne Inhalt &#8211; Lieferumfang 1 Glas</p>
</div>
</div>
</div>
<p>.</p>

<!-- This site is optimized with the Yoast SEO plugin v27.5 - https://yoast.com/product/yoast-seo-wordpress/ -->
<title>Weinglas *Me Time* Johanna Schwarzer x selekkt - Regalino -Lively Style</title>
<meta name="description" content="großes Weinglas von Selekkt designed by Johanna Schwarzer - Lieferung im Geschenkkarton - langlebiger Druck -spülmaschinengeeignet" />
<meta name="robots" content="index, follow, max-snippet:-1, max-image-preview:large, max-video-preview:-1" />
<link rel="canonical" href="https://Regalino-Shop.de/?product=weinglas-me-time-johanna-schwarzer-x-selekkt" />
<meta property="og:locale" content="de_DE" />
<meta property="og:type" content="article" />
<meta property="og:title" content="Weinglas *Me Time* Johanna Schwarzer x selekkt - Regalino -Lively Style" />
<meta property="og:description" content="großes Weinglas von Selekkt designed by Johanna Schwarzer - Lieferung im Geschenkkarton - langlebiger Druck -spülmaschinengeeignet" />
<meta property="og:url" content="https://Regalino-Shop.de/?product=weinglas-me-time-johanna-schwarzer-x-selekkt" />
<meta property="og:site_name" content="Regalino -Lively Style" />
<meta property="article:modified_time" content="2026-04-22T12:53:57+00:00" />
<meta property="og:image" content="https://Regalino-Shop.de/wp-content/uploads/2024/10/weinglas-me-time-schwarzer-selekkt.jpg" />
	<meta property="og:image:width" content="680" />
	<meta property="og:image:height" content="680" />
	<meta property="og:image:type" content="image/jpeg" />
<meta name="twitter:card" content="summary_large_image" />
<meta name="twitter:label1" content="Geschätzte Lesezeit" />
	<meta name="twitter:data1" content="1 Minute" />
<script type="application/ld+json" class="yoast-schema-graph">{"@context":"https:\/\/schema.org","@graph":[{"@type":"WebPage","@id":"https:\/\/Regalino-Shop.de\/?product=weinglas-me-time-johanna-schwarzer-x-selekkt","url":"https:\/\/Regalino-Shop.de\/?product=weinglas-me-time-johanna-schwarzer-x-selekkt","name":"Weinglas *Me Time* Johanna Schwarzer x selekkt - Regalino -Lively Style","isPartOf":{"@id":"https:\/\/Regalino-Shop.de\/#website"},"primaryImageOfPage":{"@id":"https:\/\/Regalino-Shop.de\/?product=weinglas-me-time-johanna-schwarzer-x-selekkt#primaryimage"},"image":{"@id":"https:\/\/Regalino-Shop.de\/?product=weinglas-me-time-johanna-schwarzer-x-selekkt#primaryimage"},"thumbnailUrl":"https:\/\/Regalino-Shop.de\/wp-content\/uploads\/2024\/10\/weinglas-me-time-schwarzer-selekkt.jpg","datePublished":"2024-10-28T07:58:23+00:00","dateModified":"2026-04-22T12:53:57+00:00","description":"großes Weinglas von Selekkt designed by Johanna Schwarzer - Lieferung im Geschenkkarton - langlebiger Druck -spülmaschinengeeignet","breadcrumb":{"@id":"https:\/\/Regalino-Shop.de\/?product=weinglas-me-time-johanna-schwarzer-x-selekkt#breadcrumb"},"inLanguage":"de","potentialAction":[{"@type":"ReadAction","target":["https:\/\/Regalino-Shop.de\/?product=weinglas-me-time-johanna-schwarzer-x-selekkt"]}]},{"@type":"ImageObject","inLanguage":"de","@id":"https:\/\/Regalino-Shop.de\/?product=weinglas-me-time-johanna-schwarzer-x-selekkt#primaryimage","url":"https:\/\/Regalino-Shop.de\/wp-content\/uploads\/2024\/10\/weinglas-me-time-schwarzer-selekkt.jpg","contentUrl":"https:\/\/Regalino-Shop.de\/wp-content\/uploads\/2024\/10\/weinglas-me-time-schwarzer-selekkt.jpg","width":680,"height":680,"caption":"weinglas-me-time-selekkt"},{"@type":"BreadcrumbList","@id":"https:\/\/Regalino-Shop.de\/?product=weinglas-me-time-johanna-schwarzer-x-selekkt#breadcrumb","itemListElement":[{"@type":"ListItem","position":1,"name":"Startseite","item":"https:\/\/Regalino-Shop.de\/"},{"@type":"ListItem","position":2,"name":"Shop","item":"https:\/\/Regalino-Shop.de\/?page_id=40"},{"@type":"ListItem","position":3,"name":"Weinglas *Me Time* Johanna Schwarzer x selekkt"}]},{"@type":"WebSite","@id":"https:\/\/Regalino-Shop.de\/#website","url":"https:\/\/Regalino-Shop.de\/","name":"Regalino -Lively Style","description":"gelebtes Zuhause","potentialAction":[{"@type":"SearchAction","target":{"@type":"EntryPoint","urlTemplate":"https:\/\/Regalino-Shop.de\/?s={search_term_string}"},"query-input":{"@type":"PropertyValueSpecification","valueRequired":true,"valueName":"search_term_string"}}],"inLanguage":"de"}]}</script>
<!-- / Yoast SEO plugin. -->

großes Weinglas von Selekkt designed by Johanna Schwarzer - Lieferung im Geschenkkarton - langlebiger Druck -spülmaschinengeeignet
