{"id":15088,"date":"2024-11-15T10:14:12","date_gmt":"2024-11-15T10:14:12","guid":{"rendered":"https:\/\/Regalino-Shop.de\/?post_type=product&#038;p=15088"},"modified":"2025-09-16T11:06:31","modified_gmt":"2025-09-16T11:06:31","slug":"feuerloescher-solstickan-schweden-schwarz-2-kg","status":"publish","type":"product","link":"https:\/\/Regalino-Shop.de\/?product=feuerloescher-solstickan-schweden-schwarz-2-kg","title":{"rendered":"Feuerl\u00f6scher *Solstickan Schweden* schwarz 2 KG"},"content":{"rendered":"","protected":false},"excerpt":{"rendered":"<h3 data-sanitized-data-mce-fragment=\"1\"><span class=\"Styles__Span-sc-4zz2i3-1 AccordionContainer__AccordionTextSpan-sc-10ikm52-3 fUEVZU jAkFaF\" data-test-id=\"accordion-text\">eleganter Pulverfeuerl\u00f6scher,<\/span><\/h3>\n<p data-sanitized-data-mce-fragment=\"1\"><span class=\"Styles__Span-sc-4zz2i3-1 AccordionContainer__AccordionTextSpan-sc-10ikm52-3 fUEVZU jAkFaF\" data-test-id=\"accordion-text\"> der sich hervorragend f\u00fcr kleinere R\u00e4ume eignet. <\/span><\/p>\n<p data-sanitized-data-mce-fragment=\"1\"><span class=\"Styles__Span-sc-4zz2i3-1 AccordionContainer__AccordionTextSpan-sc-10ikm52-3 fUEVZU jAkFaF\" data-test-id=\"accordion-text\"><br \/>\nDie L\u00f6schleistung von 13 A 89 B C ist die h\u00f6chste auf dem Markt f\u00fcr 2 kg Pulver. Unsere Feuerl\u00f6scher sind f\u00fcr den privaten Gebrauch in h\u00e4uslichen Umgebungen konzipiert, wo Sie immer wissen, wo sich der Feuerl\u00f6scher befindet.<br \/>\nDer Feuerl\u00f6scher hat ein Aluminiumemblem mit einer gepr\u00e4gten Darstellung der Solstickepoika. Schwarze Wandhalterung und Anleitung im Lieferumfang enthalten. Unsere 2 kg schweren Feuerl\u00f6scher werden ohne Schlauch geliefert. (Solstickan)<br \/>\n<\/span><\/p>\n<ul>\n<li><strong>Herstellungsland: <\/strong>Schweden<strong><br \/>\n<\/strong><\/li>\n<li>wiederbef\u00fcllbar durch qualifizierten Service<\/li>\n<li>mit Wandhalterung<\/li>\n<\/ul>\n<p>&nbsp;<\/p>\n<p>&nbsp;<\/p>\n","protected":false},"featured_media":15089,"template":"","meta":{"_et_pb_use_builder":"","_et_pb_old_content":"","_et_gb_content_width":""},"product_brand":[],"product_cat":[64],"product_tag":[1665,858,1467,1759,1758,1572,1756],"class_list":{"0":"post-15088","1":"product","2":"type-product","3":"status-publish","4":"has-post-thumbnail","6":"product_cat-besondere-deko-im-nordischen-stil-maritime-akzente-regalino","7":"product_tag-boot","8":"product_tag-camper","9":"product_tag-einzug","10":"product_tag-feuerloescher","11":"product_tag-haus","12":"product_tag-kamin","13":"product_tag-wohnwagen","15":"first","16":"instock","17":"taxable","18":"shipping-taxable","19":"purchasable","20":"product-type-simple"},"yoast_head":"<!-- This site is optimized with the Yoast SEO plugin v27.5 - https:\/\/yoast.com\/product\/yoast-seo-wordpress\/ -->\n<title>Feuerl\u00f6scher *Solstickan Schweden* schwarz 2 KG - Regalino -Lively Style<\/title>\n<meta name=\"description\" content=\"eleganter Pulverfeuerl\u00f6scher,der sich hervorragend f\u00fcr kleinere R\u00e4ume eignet - 2 kg\" \/>\n<meta name=\"robots\" content=\"index, follow, max-snippet:-1, max-image-preview:large, max-video-preview:-1\" \/>\n<link rel=\"canonical\" href=\"https:\/\/Regalino-Shop.de\/?product=feuerloescher-solstickan-schweden-schwarz-2-kg\" \/>\n<meta property=\"og:locale\" content=\"de_DE\" \/>\n<meta property=\"og:type\" content=\"article\" \/>\n<meta property=\"og:title\" content=\"Feuerl\u00f6scher *Solstickan Schweden* schwarz 2 KG - Regalino -Lively Style\" \/>\n<meta property=\"og:description\" content=\"eleganter Pulverfeuerl\u00f6scher,der sich hervorragend f\u00fcr kleinere R\u00e4ume eignet - 2 kg\" \/>\n<meta property=\"og:url\" content=\"https:\/\/Regalino-Shop.de\/?product=feuerloescher-solstickan-schweden-schwarz-2-kg\" \/>\n<meta property=\"og:site_name\" content=\"Regalino -Lively Style\" \/>\n<meta property=\"article:modified_time\" content=\"2025-09-16T11:06:31+00:00\" \/>\n<meta property=\"og:image\" content=\"https:\/\/Regalino-Shop.de\/wp-content\/uploads\/2024\/11\/Feuerloescher-2Kg-Solstickan.jpg\" \/>\n\t<meta property=\"og:image:width\" content=\"362\" \/>\n\t<meta property=\"og:image:height\" content=\"370\" \/>\n\t<meta property=\"og:image:type\" content=\"image\/jpeg\" \/>\n<meta name=\"twitter:card\" content=\"summary_large_image\" \/>\n<meta name=\"twitter:label1\" content=\"Gesch\u00e4tzte Lesezeit\" \/>\n\t<meta name=\"twitter:data1\" content=\"1\u00a0Minute\" \/>\n<script type=\"application\/ld+json\" class=\"yoast-schema-graph\">{\"@context\":\"https:\\\/\\\/schema.org\",\"@graph\":[{\"@type\":\"WebPage\",\"@id\":\"https:\\\/\\\/Regalino-Shop.de\\\/?product=feuerloescher-solstickan-schweden-schwarz-2-kg\",\"url\":\"https:\\\/\\\/Regalino-Shop.de\\\/?product=feuerloescher-solstickan-schweden-schwarz-2-kg\",\"name\":\"Feuerl\u00f6scher *Solstickan Schweden* schwarz 2 KG - Regalino -Lively Style\",\"isPartOf\":{\"@id\":\"https:\\\/\\\/Regalino-Shop.de\\\/#website\"},\"primaryImageOfPage\":{\"@id\":\"https:\\\/\\\/Regalino-Shop.de\\\/?product=feuerloescher-solstickan-schweden-schwarz-2-kg#primaryimage\"},\"image\":{\"@id\":\"https:\\\/\\\/Regalino-Shop.de\\\/?product=feuerloescher-solstickan-schweden-schwarz-2-kg#primaryimage\"},\"thumbnailUrl\":\"https:\\\/\\\/Regalino-Shop.de\\\/wp-content\\\/uploads\\\/2024\\\/11\\\/Feuerloescher-2Kg-Solstickan.jpg\",\"datePublished\":\"2024-11-15T10:14:12+00:00\",\"dateModified\":\"2025-09-16T11:06:31+00:00\",\"description\":\"eleganter Pulverfeuerl\u00f6scher,der sich hervorragend f\u00fcr kleinere R\u00e4ume eignet - 2 kg\",\"breadcrumb\":{\"@id\":\"https:\\\/\\\/Regalino-Shop.de\\\/?product=feuerloescher-solstickan-schweden-schwarz-2-kg#breadcrumb\"},\"inLanguage\":\"de\",\"potentialAction\":[{\"@type\":\"ReadAction\",\"target\":[\"https:\\\/\\\/Regalino-Shop.de\\\/?product=feuerloescher-solstickan-schweden-schwarz-2-kg\"]}]},{\"@type\":\"ImageObject\",\"inLanguage\":\"de\",\"@id\":\"https:\\\/\\\/Regalino-Shop.de\\\/?product=feuerloescher-solstickan-schweden-schwarz-2-kg#primaryimage\",\"url\":\"https:\\\/\\\/Regalino-Shop.de\\\/wp-content\\\/uploads\\\/2024\\\/11\\\/Feuerloescher-2Kg-Solstickan.jpg\",\"contentUrl\":\"https:\\\/\\\/Regalino-Shop.de\\\/wp-content\\\/uploads\\\/2024\\\/11\\\/Feuerloescher-2Kg-Solstickan.jpg\",\"width\":362,\"height\":370,\"caption\":\"Feuerl\u00f6scher-Solstickan\"},{\"@type\":\"BreadcrumbList\",\"@id\":\"https:\\\/\\\/Regalino-Shop.de\\\/?product=feuerloescher-solstickan-schweden-schwarz-2-kg#breadcrumb\",\"itemListElement\":[{\"@type\":\"ListItem\",\"position\":1,\"name\":\"Startseite\",\"item\":\"https:\\\/\\\/Regalino-Shop.de\\\/\"},{\"@type\":\"ListItem\",\"position\":2,\"name\":\"Shop\",\"item\":\"https:\\\/\\\/Regalino-Shop.de\\\/?page_id=40\"},{\"@type\":\"ListItem\",\"position\":3,\"name\":\"Feuerl\u00f6scher *Solstickan Schweden* schwarz 2 KG\"}]},{\"@type\":\"WebSite\",\"@id\":\"https:\\\/\\\/Regalino-Shop.de\\\/#website\",\"url\":\"https:\\\/\\\/Regalino-Shop.de\\\/\",\"name\":\"Regalino -Lively Style\",\"description\":\"gelebtes Zuhause\",\"potentialAction\":[{\"@type\":\"SearchAction\",\"target\":{\"@type\":\"EntryPoint\",\"urlTemplate\":\"https:\\\/\\\/Regalino-Shop.de\\\/?s={search_term_string}\"},\"query-input\":{\"@type\":\"PropertyValueSpecification\",\"valueRequired\":true,\"valueName\":\"search_term_string\"}}],\"inLanguage\":\"de\"}]}<\/script>\n<!-- \/ Yoast SEO plugin. -->","yoast_head_json":{"title":"Feuerl\u00f6scher *Solstickan Schweden* schwarz 2 KG - Regalino -Lively Style","description":"eleganter Pulverfeuerl\u00f6scher,der sich hervorragend f\u00fcr kleinere R\u00e4ume eignet - 2 kg","robots":{"index":"index","follow":"follow","max-snippet":"max-snippet:-1","max-image-preview":"max-image-preview:large","max-video-preview":"max-video-preview:-1"},"canonical":"https:\/\/Regalino-Shop.de\/?product=feuerloescher-solstickan-schweden-schwarz-2-kg","og_locale":"de_DE","og_type":"article","og_title":"Feuerl\u00f6scher *Solstickan Schweden* schwarz 2 KG - Regalino -Lively Style","og_description":"eleganter Pulverfeuerl\u00f6scher,der sich hervorragend f\u00fcr kleinere R\u00e4ume eignet - 2 kg","og_url":"https:\/\/Regalino-Shop.de\/?product=feuerloescher-solstickan-schweden-schwarz-2-kg","og_site_name":"Regalino -Lively Style","article_modified_time":"2025-09-16T11:06:31+00:00","og_image":[{"width":362,"height":370,"url":"https:\/\/Regalino-Shop.de\/wp-content\/uploads\/2024\/11\/Feuerloescher-2Kg-Solstickan.jpg","type":"image\/jpeg"}],"twitter_card":"summary_large_image","twitter_misc":{"Gesch\u00e4tzte Lesezeit":"1\u00a0Minute"},"schema":{"@context":"https:\/\/schema.org","@graph":[{"@type":"WebPage","@id":"https:\/\/Regalino-Shop.de\/?product=feuerloescher-solstickan-schweden-schwarz-2-kg","url":"https:\/\/Regalino-Shop.de\/?product=feuerloescher-solstickan-schweden-schwarz-2-kg","name":"Feuerl\u00f6scher *Solstickan Schweden* schwarz 2 KG - Regalino -Lively Style","isPartOf":{"@id":"https:\/\/Regalino-Shop.de\/#website"},"primaryImageOfPage":{"@id":"https:\/\/Regalino-Shop.de\/?product=feuerloescher-solstickan-schweden-schwarz-2-kg#primaryimage"},"image":{"@id":"https:\/\/Regalino-Shop.de\/?product=feuerloescher-solstickan-schweden-schwarz-2-kg#primaryimage"},"thumbnailUrl":"https:\/\/Regalino-Shop.de\/wp-content\/uploads\/2024\/11\/Feuerloescher-2Kg-Solstickan.jpg","datePublished":"2024-11-15T10:14:12+00:00","dateModified":"2025-09-16T11:06:31+00:00","description":"eleganter Pulverfeuerl\u00f6scher,der sich hervorragend f\u00fcr kleinere R\u00e4ume eignet - 2 kg","breadcrumb":{"@id":"https:\/\/Regalino-Shop.de\/?product=feuerloescher-solstickan-schweden-schwarz-2-kg#breadcrumb"},"inLanguage":"de","potentialAction":[{"@type":"ReadAction","target":["https:\/\/Regalino-Shop.de\/?product=feuerloescher-solstickan-schweden-schwarz-2-kg"]}]},{"@type":"ImageObject","inLanguage":"de","@id":"https:\/\/Regalino-Shop.de\/?product=feuerloescher-solstickan-schweden-schwarz-2-kg#primaryimage","url":"https:\/\/Regalino-Shop.de\/wp-content\/uploads\/2024\/11\/Feuerloescher-2Kg-Solstickan.jpg","contentUrl":"https:\/\/Regalino-Shop.de\/wp-content\/uploads\/2024\/11\/Feuerloescher-2Kg-Solstickan.jpg","width":362,"height":370,"caption":"Feuerl\u00f6scher-Solstickan"},{"@type":"BreadcrumbList","@id":"https:\/\/Regalino-Shop.de\/?product=feuerloescher-solstickan-schweden-schwarz-2-kg#breadcrumb","itemListElement":[{"@type":"ListItem","position":1,"name":"Startseite","item":"https:\/\/Regalino-Shop.de\/"},{"@type":"ListItem","position":2,"name":"Shop","item":"https:\/\/Regalino-Shop.de\/?page_id=40"},{"@type":"ListItem","position":3,"name":"Feuerl\u00f6scher *Solstickan Schweden* schwarz 2 KG"}]},{"@type":"WebSite","@id":"https:\/\/Regalino-Shop.de\/#website","url":"https:\/\/Regalino-Shop.de\/","name":"Regalino -Lively Style","description":"gelebtes Zuhause","potentialAction":[{"@type":"SearchAction","target":{"@type":"EntryPoint","urlTemplate":"https:\/\/Regalino-Shop.de\/?s={search_term_string}"},"query-input":{"@type":"PropertyValueSpecification","valueRequired":true,"valueName":"search_term_string"}}],"inLanguage":"de"}]}},"_links":{"self":[{"href":"https:\/\/Regalino-Shop.de\/index.php?rest_route=\/wp\/v2\/product\/15088","targetHints":{"allow":["GET"]}}],"collection":[{"href":"https:\/\/Regalino-Shop.de\/index.php?rest_route=\/wp\/v2\/product"}],"about":[{"href":"https:\/\/Regalino-Shop.de\/index.php?rest_route=\/wp\/v2\/types\/product"}],"wp:featuredmedia":[{"embeddable":true,"href":"https:\/\/Regalino-Shop.de\/index.php?rest_route=\/wp\/v2\/media\/15089"}],"wp:attachment":[{"href":"https:\/\/Regalino-Shop.de\/index.php?rest_route=%2Fwp%2Fv2%2Fmedia&parent=15088"}],"wp:term":[{"taxonomy":"product_brand","embeddable":true,"href":"https:\/\/Regalino-Shop.de\/index.php?rest_route=%2Fwp%2Fv2%2Fproduct_brand&post=15088"},{"taxonomy":"product_cat","embeddable":true,"href":"https:\/\/Regalino-Shop.de\/index.php?rest_route=%2Fwp%2Fv2%2Fproduct_cat&post=15088"},{"taxonomy":"product_tag","embeddable":true,"href":"https:\/\/Regalino-Shop.de\/index.php?rest_route=%2Fwp%2Fv2%2Fproduct_tag&post=15088"}],"curies":[{"name":"wp","href":"https:\/\/api.w.org\/{rel}","templated":true}]}}

Feuerlöscher *Solstickan Schweden* schwarz 2 KG

<h3 data-sanitized-data-mce-fragment="1"><span class="Styles__Span-sc-4zz2i3-1 AccordionContainer__AccordionTextSpan-sc-10ikm52-3 fUEVZU jAkFaF" data-test-id="accordion-text">eleganter Pulverfeuerlöscher,</span></h3>
<p data-sanitized-data-mce-fragment="1"><span class="Styles__Span-sc-4zz2i3-1 AccordionContainer__AccordionTextSpan-sc-10ikm52-3 fUEVZU jAkFaF" data-test-id="accordion-text"> der sich hervorragend für kleinere Räume eignet. </span></p>
<p data-sanitized-data-mce-fragment="1"><span class="Styles__Span-sc-4zz2i3-1 AccordionContainer__AccordionTextSpan-sc-10ikm52-3 fUEVZU jAkFaF" data-test-id="accordion-text"><br />
Die Löschleistung von 13 A 89 B C ist die höchste auf dem Markt für 2 kg Pulver. Unsere Feuerlöscher sind für den privaten Gebrauch in häuslichen Umgebungen konzipiert, wo Sie immer wissen, wo sich der Feuerlöscher befindet.<br />
Der Feuerlöscher hat ein Aluminiumemblem mit einer geprägten Darstellung der Solstickepoika. Schwarze Wandhalterung und Anleitung im Lieferumfang enthalten. Unsere 2 kg schweren Feuerlöscher werden ohne Schlauch geliefert. (Solstickan)<br />
</span></p>
<ul>
<li><strong>Herstellungsland: </strong>Schweden<strong><br />
</strong></li>
<li>wiederbefüllbar durch qualifizierten Service</li>
<li>mit Wandhalterung</li>
</ul>
<p>&nbsp;</p>
<p>&nbsp;</p>

<!-- This site is optimized with the Yoast SEO plugin v27.5 - https://yoast.com/product/yoast-seo-wordpress/ -->
<title>Feuerlöscher *Solstickan Schweden* schwarz 2 KG - Regalino -Lively Style</title>
<meta name="description" content="eleganter Pulverfeuerlöscher,der sich hervorragend für kleinere Räume eignet - 2 kg" />
<meta name="robots" content="index, follow, max-snippet:-1, max-image-preview:large, max-video-preview:-1" />
<link rel="canonical" href="https://Regalino-Shop.de/?product=feuerloescher-solstickan-schweden-schwarz-2-kg" />
<meta property="og:locale" content="de_DE" />
<meta property="og:type" content="article" />
<meta property="og:title" content="Feuerlöscher *Solstickan Schweden* schwarz 2 KG - Regalino -Lively Style" />
<meta property="og:description" content="eleganter Pulverfeuerlöscher,der sich hervorragend für kleinere Räume eignet - 2 kg" />
<meta property="og:url" content="https://Regalino-Shop.de/?product=feuerloescher-solstickan-schweden-schwarz-2-kg" />
<meta property="og:site_name" content="Regalino -Lively Style" />
<meta property="article:modified_time" content="2025-09-16T11:06:31+00:00" />
<meta property="og:image" content="https://Regalino-Shop.de/wp-content/uploads/2024/11/Feuerloescher-2Kg-Solstickan.jpg" />
	<meta property="og:image:width" content="362" />
	<meta property="og:image:height" content="370" />
	<meta property="og:image:type" content="image/jpeg" />
<meta name="twitter:card" content="summary_large_image" />
<meta name="twitter:label1" content="Geschätzte Lesezeit" />
	<meta name="twitter:data1" content="1 Minute" />
<script type="application/ld+json" class="yoast-schema-graph">{"@context":"https:\/\/schema.org","@graph":[{"@type":"WebPage","@id":"https:\/\/Regalino-Shop.de\/?product=feuerloescher-solstickan-schweden-schwarz-2-kg","url":"https:\/\/Regalino-Shop.de\/?product=feuerloescher-solstickan-schweden-schwarz-2-kg","name":"Feuerlöscher *Solstickan Schweden* schwarz 2 KG - Regalino -Lively Style","isPartOf":{"@id":"https:\/\/Regalino-Shop.de\/#website"},"primaryImageOfPage":{"@id":"https:\/\/Regalino-Shop.de\/?product=feuerloescher-solstickan-schweden-schwarz-2-kg#primaryimage"},"image":{"@id":"https:\/\/Regalino-Shop.de\/?product=feuerloescher-solstickan-schweden-schwarz-2-kg#primaryimage"},"thumbnailUrl":"https:\/\/Regalino-Shop.de\/wp-content\/uploads\/2024\/11\/Feuerloescher-2Kg-Solstickan.jpg","datePublished":"2024-11-15T10:14:12+00:00","dateModified":"2025-09-16T11:06:31+00:00","description":"eleganter Pulverfeuerlöscher,der sich hervorragend für kleinere Räume eignet - 2 kg","breadcrumb":{"@id":"https:\/\/Regalino-Shop.de\/?product=feuerloescher-solstickan-schweden-schwarz-2-kg#breadcrumb"},"inLanguage":"de","potentialAction":[{"@type":"ReadAction","target":["https:\/\/Regalino-Shop.de\/?product=feuerloescher-solstickan-schweden-schwarz-2-kg"]}]},{"@type":"ImageObject","inLanguage":"de","@id":"https:\/\/Regalino-Shop.de\/?product=feuerloescher-solstickan-schweden-schwarz-2-kg#primaryimage","url":"https:\/\/Regalino-Shop.de\/wp-content\/uploads\/2024\/11\/Feuerloescher-2Kg-Solstickan.jpg","contentUrl":"https:\/\/Regalino-Shop.de\/wp-content\/uploads\/2024\/11\/Feuerloescher-2Kg-Solstickan.jpg","width":362,"height":370,"caption":"Feuerlöscher-Solstickan"},{"@type":"BreadcrumbList","@id":"https:\/\/Regalino-Shop.de\/?product=feuerloescher-solstickan-schweden-schwarz-2-kg#breadcrumb","itemListElement":[{"@type":"ListItem","position":1,"name":"Startseite","item":"https:\/\/Regalino-Shop.de\/"},{"@type":"ListItem","position":2,"name":"Shop","item":"https:\/\/Regalino-Shop.de\/?page_id=40"},{"@type":"ListItem","position":3,"name":"Feuerlöscher *Solstickan Schweden* schwarz 2 KG"}]},{"@type":"WebSite","@id":"https:\/\/Regalino-Shop.de\/#website","url":"https:\/\/Regalino-Shop.de\/","name":"Regalino -Lively Style","description":"gelebtes Zuhause","potentialAction":[{"@type":"SearchAction","target":{"@type":"EntryPoint","urlTemplate":"https:\/\/Regalino-Shop.de\/?s={search_term_string}"},"query-input":{"@type":"PropertyValueSpecification","valueRequired":true,"valueName":"search_term_string"}}],"inLanguage":"de"}]}</script>
<!-- / Yoast SEO plugin. -->

Feuerlöscher *Solstickan Schweden* schwarz 2 KG - Regalino -Lively Style

eleganter Pulverfeuerlöscher,der sich hervorragend für kleinere Räume eignet - 2 kg

Feuerlöscher-Solstickan
