{"id":15574,"date":"2025-01-28T10:46:30","date_gmt":"2025-01-28T10:46:30","guid":{"rendered":"https:\/\/Regalino-Shop.de\/?post_type=product&#038;p=15574"},"modified":"2025-01-29T13:12:57","modified_gmt":"2025-01-29T13:12:57","slug":"gewaechshaeuschen-finns-naschgarten-mit-tomaten","status":"publish","type":"product","link":"https:\/\/Regalino-Shop.de\/?product=gewaechshaeuschen-finns-naschgarten-mit-tomaten","title":{"rendered":"Gew\u00e4chsh\u00e4uschen Finns Naschgarten mit Tomaten"},"content":{"rendered":"","protected":false},"excerpt":{"rendered":"<div class=\"post-content woocommerce-product-details__short-description\">\n<div class=\"post-content woocommerce-product-details__short-description\">\n<div class=\"post-content woocommerce-product-details__short-description\">\n<div class=\"post-content woocommerce-product-details__short-description\">\n<div class=\"post-content woocommerce-product-details__short-description\">\n<div class=\"post-content woocommerce-product-details__short-description\">\n<div id=\"ProductInfo-template--template--17435221754123__main__main\" class=\"t4s-product__info-container\">\n<h3 class=\"t4s-product__title\">f\u00fcr kleine Naturabenteurer<\/h3>\n<\/div>\n<ul>\n<li>Ein Anzucht-Set, das speziell f\u00fcr junge Pflanzenliebhaber entworfen wurde, um ihnen ein unvergessliches Gartenerlebnis zu bescheren. Das Set enth\u00e4lt alles Notwendige: Ein dekoratives Gew\u00e4chshaus, Pflanzgef\u00e4\u00df, Pflanzsubstrat, Bio-Saatgut f\u00fcr Tomaten und eine detaillierte Aufbauanleitung und einem Rezept f\u00fcr die geernteten Tomaten.<\/li>\n<\/ul>\n<p>Lieferumfang: Pflanzgef\u00e4\u00df, Pflanzsubstrat, Bio-Saatgut<\/p>\n<\/div>\n<\/div>\n<\/div>\n<\/div>\n<\/div>\n<\/div>\n","protected":false},"featured_media":15575,"template":"","meta":{"_et_pb_use_builder":"","_et_pb_old_content":"","_et_gb_content_width":""},"product_brand":[],"product_cat":[86,57,1608],"product_tag":[446,1368,636,632,319,661,1615,268,635,1369],"class_list":{"0":"post-15574","1":"product","2":"type-product","3":"status-publish","4":"has-post-thumbnail","6":"product_cat-garten-balkon-schoene-lieblingsstuecke-fuer-draussen-regalino","7":"product_cat-neu-eingetroffen-neue-lieblingsstuecke-bei-regalino","8":"product_cat-ostern-osterdeko-geschenkideen-regalino","9":"product_tag-blumen","10":"product_tag-blumenmurmeln","11":"product_tag-blumensaat","12":"product_tag-garten","13":"product_tag-kinder","14":"product_tag-mitbringsel","15":"product_tag-osterkorb","16":"product_tag-ostern","17":"product_tag-saat","18":"product_tag-seedbombs","20":"first","21":"instock","22":"taxable","23":"shipping-taxable","24":"purchasable","25":"product-type-simple"},"yoast_head":"<!-- This site is optimized with the Yoast SEO plugin v27.5 - https:\/\/yoast.com\/product\/yoast-seo-wordpress\/ -->\n<title>Gew\u00e4chsh\u00e4uschen Finns Naschgarten mit Tomaten - Regalino -Lively Style<\/title>\n<meta name=\"description\" content=\"Ein Anzucht-Set, das speziell f\u00fcr junge Pflanzenliebhaber entworfen wurde, um ihnen ein unvergessliches Gartenerlebnis zu bescheren\" \/>\n<meta name=\"robots\" content=\"index, follow, max-snippet:-1, max-image-preview:large, max-video-preview:-1\" \/>\n<link rel=\"canonical\" href=\"https:\/\/Regalino-Shop.de\/?product=gewaechshaeuschen-finns-naschgarten-mit-tomaten\" \/>\n<meta property=\"og:locale\" content=\"de_DE\" \/>\n<meta property=\"og:type\" content=\"article\" \/>\n<meta property=\"og:title\" content=\"Gew\u00e4chsh\u00e4uschen Finns Naschgarten mit Tomaten - Regalino -Lively Style\" \/>\n<meta property=\"og:description\" content=\"Ein Anzucht-Set, das speziell f\u00fcr junge Pflanzenliebhaber entworfen wurde, um ihnen ein unvergessliches Gartenerlebnis zu bescheren\" \/>\n<meta property=\"og:url\" content=\"https:\/\/Regalino-Shop.de\/?product=gewaechshaeuschen-finns-naschgarten-mit-tomaten\" \/>\n<meta property=\"og:site_name\" content=\"Regalino -Lively Style\" \/>\n<meta property=\"article:modified_time\" content=\"2025-01-29T13:12:57+00:00\" \/>\n<meta property=\"og:image\" content=\"https:\/\/Regalino-Shop.de\/wp-content\/uploads\/2025\/01\/Finns-Naschgarten-Tomaten-Bio-Saatgut.jpg\" \/>\n\t<meta property=\"og:image:width\" content=\"552\" \/>\n\t<meta property=\"og:image:height\" content=\"524\" \/>\n\t<meta property=\"og:image:type\" content=\"image\/jpeg\" \/>\n<meta name=\"twitter:card\" content=\"summary_large_image\" \/>\n<meta name=\"twitter:label1\" content=\"Gesch\u00e4tzte Lesezeit\" \/>\n\t<meta name=\"twitter:data1\" content=\"1\u00a0Minute\" \/>\n<script type=\"application\/ld+json\" class=\"yoast-schema-graph\">{\"@context\":\"https:\\\/\\\/schema.org\",\"@graph\":[{\"@type\":\"WebPage\",\"@id\":\"https:\\\/\\\/Regalino-Shop.de\\\/?product=gewaechshaeuschen-finns-naschgarten-mit-tomaten\",\"url\":\"https:\\\/\\\/Regalino-Shop.de\\\/?product=gewaechshaeuschen-finns-naschgarten-mit-tomaten\",\"name\":\"Gew\u00e4chsh\u00e4uschen Finns Naschgarten mit Tomaten - Regalino -Lively Style\",\"isPartOf\":{\"@id\":\"https:\\\/\\\/Regalino-Shop.de\\\/#website\"},\"primaryImageOfPage\":{\"@id\":\"https:\\\/\\\/Regalino-Shop.de\\\/?product=gewaechshaeuschen-finns-naschgarten-mit-tomaten#primaryimage\"},\"image\":{\"@id\":\"https:\\\/\\\/Regalino-Shop.de\\\/?product=gewaechshaeuschen-finns-naschgarten-mit-tomaten#primaryimage\"},\"thumbnailUrl\":\"https:\\\/\\\/Regalino-Shop.de\\\/wp-content\\\/uploads\\\/2025\\\/01\\\/Finns-Naschgarten-Tomaten-Bio-Saatgut.jpg\",\"datePublished\":\"2025-01-28T10:46:30+00:00\",\"dateModified\":\"2025-01-29T13:12:57+00:00\",\"description\":\"Ein Anzucht-Set, das speziell f\u00fcr junge Pflanzenliebhaber entworfen wurde, um ihnen ein unvergessliches Gartenerlebnis zu bescheren\",\"breadcrumb\":{\"@id\":\"https:\\\/\\\/Regalino-Shop.de\\\/?product=gewaechshaeuschen-finns-naschgarten-mit-tomaten#breadcrumb\"},\"inLanguage\":\"de\",\"potentialAction\":[{\"@type\":\"ReadAction\",\"target\":[\"https:\\\/\\\/Regalino-Shop.de\\\/?product=gewaechshaeuschen-finns-naschgarten-mit-tomaten\"]}]},{\"@type\":\"ImageObject\",\"inLanguage\":\"de\",\"@id\":\"https:\\\/\\\/Regalino-Shop.de\\\/?product=gewaechshaeuschen-finns-naschgarten-mit-tomaten#primaryimage\",\"url\":\"https:\\\/\\\/Regalino-Shop.de\\\/wp-content\\\/uploads\\\/2025\\\/01\\\/Finns-Naschgarten-Tomaten-Bio-Saatgut.jpg\",\"contentUrl\":\"https:\\\/\\\/Regalino-Shop.de\\\/wp-content\\\/uploads\\\/2025\\\/01\\\/Finns-Naschgarten-Tomaten-Bio-Saatgut.jpg\",\"width\":552,\"height\":524,\"caption\":\"Naschgarten\"},{\"@type\":\"BreadcrumbList\",\"@id\":\"https:\\\/\\\/Regalino-Shop.de\\\/?product=gewaechshaeuschen-finns-naschgarten-mit-tomaten#breadcrumb\",\"itemListElement\":[{\"@type\":\"ListItem\",\"position\":1,\"name\":\"Startseite\",\"item\":\"https:\\\/\\\/Regalino-Shop.de\\\/\"},{\"@type\":\"ListItem\",\"position\":2,\"name\":\"Shop\",\"item\":\"https:\\\/\\\/Regalino-Shop.de\\\/?page_id=40\"},{\"@type\":\"ListItem\",\"position\":3,\"name\":\"Gew\u00e4chsh\u00e4uschen Finns Naschgarten mit Tomaten\"}]},{\"@type\":\"WebSite\",\"@id\":\"https:\\\/\\\/Regalino-Shop.de\\\/#website\",\"url\":\"https:\\\/\\\/Regalino-Shop.de\\\/\",\"name\":\"Regalino -Lively Style\",\"description\":\"gelebtes Zuhause\",\"potentialAction\":[{\"@type\":\"SearchAction\",\"target\":{\"@type\":\"EntryPoint\",\"urlTemplate\":\"https:\\\/\\\/Regalino-Shop.de\\\/?s={search_term_string}\"},\"query-input\":{\"@type\":\"PropertyValueSpecification\",\"valueRequired\":true,\"valueName\":\"search_term_string\"}}],\"inLanguage\":\"de\"}]}<\/script>\n<!-- \/ Yoast SEO plugin. -->","yoast_head_json":{"title":"Gew\u00e4chsh\u00e4uschen Finns Naschgarten mit Tomaten - Regalino -Lively Style","description":"Ein Anzucht-Set, das speziell f\u00fcr junge Pflanzenliebhaber entworfen wurde, um ihnen ein unvergessliches Gartenerlebnis zu bescheren","robots":{"index":"index","follow":"follow","max-snippet":"max-snippet:-1","max-image-preview":"max-image-preview:large","max-video-preview":"max-video-preview:-1"},"canonical":"https:\/\/Regalino-Shop.de\/?product=gewaechshaeuschen-finns-naschgarten-mit-tomaten","og_locale":"de_DE","og_type":"article","og_title":"Gew\u00e4chsh\u00e4uschen Finns Naschgarten mit Tomaten - Regalino -Lively Style","og_description":"Ein Anzucht-Set, das speziell f\u00fcr junge Pflanzenliebhaber entworfen wurde, um ihnen ein unvergessliches Gartenerlebnis zu bescheren","og_url":"https:\/\/Regalino-Shop.de\/?product=gewaechshaeuschen-finns-naschgarten-mit-tomaten","og_site_name":"Regalino -Lively Style","article_modified_time":"2025-01-29T13:12:57+00:00","og_image":[{"width":552,"height":524,"url":"https:\/\/Regalino-Shop.de\/wp-content\/uploads\/2025\/01\/Finns-Naschgarten-Tomaten-Bio-Saatgut.jpg","type":"image\/jpeg"}],"twitter_card":"summary_large_image","twitter_misc":{"Gesch\u00e4tzte Lesezeit":"1\u00a0Minute"},"schema":{"@context":"https:\/\/schema.org","@graph":[{"@type":"WebPage","@id":"https:\/\/Regalino-Shop.de\/?product=gewaechshaeuschen-finns-naschgarten-mit-tomaten","url":"https:\/\/Regalino-Shop.de\/?product=gewaechshaeuschen-finns-naschgarten-mit-tomaten","name":"Gew\u00e4chsh\u00e4uschen Finns Naschgarten mit Tomaten - Regalino -Lively Style","isPartOf":{"@id":"https:\/\/Regalino-Shop.de\/#website"},"primaryImageOfPage":{"@id":"https:\/\/Regalino-Shop.de\/?product=gewaechshaeuschen-finns-naschgarten-mit-tomaten#primaryimage"},"image":{"@id":"https:\/\/Regalino-Shop.de\/?product=gewaechshaeuschen-finns-naschgarten-mit-tomaten#primaryimage"},"thumbnailUrl":"https:\/\/Regalino-Shop.de\/wp-content\/uploads\/2025\/01\/Finns-Naschgarten-Tomaten-Bio-Saatgut.jpg","datePublished":"2025-01-28T10:46:30+00:00","dateModified":"2025-01-29T13:12:57+00:00","description":"Ein Anzucht-Set, das speziell f\u00fcr junge Pflanzenliebhaber entworfen wurde, um ihnen ein unvergessliches Gartenerlebnis zu bescheren","breadcrumb":{"@id":"https:\/\/Regalino-Shop.de\/?product=gewaechshaeuschen-finns-naschgarten-mit-tomaten#breadcrumb"},"inLanguage":"de","potentialAction":[{"@type":"ReadAction","target":["https:\/\/Regalino-Shop.de\/?product=gewaechshaeuschen-finns-naschgarten-mit-tomaten"]}]},{"@type":"ImageObject","inLanguage":"de","@id":"https:\/\/Regalino-Shop.de\/?product=gewaechshaeuschen-finns-naschgarten-mit-tomaten#primaryimage","url":"https:\/\/Regalino-Shop.de\/wp-content\/uploads\/2025\/01\/Finns-Naschgarten-Tomaten-Bio-Saatgut.jpg","contentUrl":"https:\/\/Regalino-Shop.de\/wp-content\/uploads\/2025\/01\/Finns-Naschgarten-Tomaten-Bio-Saatgut.jpg","width":552,"height":524,"caption":"Naschgarten"},{"@type":"BreadcrumbList","@id":"https:\/\/Regalino-Shop.de\/?product=gewaechshaeuschen-finns-naschgarten-mit-tomaten#breadcrumb","itemListElement":[{"@type":"ListItem","position":1,"name":"Startseite","item":"https:\/\/Regalino-Shop.de\/"},{"@type":"ListItem","position":2,"name":"Shop","item":"https:\/\/Regalino-Shop.de\/?page_id=40"},{"@type":"ListItem","position":3,"name":"Gew\u00e4chsh\u00e4uschen Finns Naschgarten mit Tomaten"}]},{"@type":"WebSite","@id":"https:\/\/Regalino-Shop.de\/#website","url":"https:\/\/Regalino-Shop.de\/","name":"Regalino -Lively Style","description":"gelebtes Zuhause","potentialAction":[{"@type":"SearchAction","target":{"@type":"EntryPoint","urlTemplate":"https:\/\/Regalino-Shop.de\/?s={search_term_string}"},"query-input":{"@type":"PropertyValueSpecification","valueRequired":true,"valueName":"search_term_string"}}],"inLanguage":"de"}]}},"_links":{"self":[{"href":"https:\/\/Regalino-Shop.de\/index.php?rest_route=\/wp\/v2\/product\/15574","targetHints":{"allow":["GET"]}}],"collection":[{"href":"https:\/\/Regalino-Shop.de\/index.php?rest_route=\/wp\/v2\/product"}],"about":[{"href":"https:\/\/Regalino-Shop.de\/index.php?rest_route=\/wp\/v2\/types\/product"}],"wp:featuredmedia":[{"embeddable":true,"href":"https:\/\/Regalino-Shop.de\/index.php?rest_route=\/wp\/v2\/media\/15575"}],"wp:attachment":[{"href":"https:\/\/Regalino-Shop.de\/index.php?rest_route=%2Fwp%2Fv2%2Fmedia&parent=15574"}],"wp:term":[{"taxonomy":"product_brand","embeddable":true,"href":"https:\/\/Regalino-Shop.de\/index.php?rest_route=%2Fwp%2Fv2%2Fproduct_brand&post=15574"},{"taxonomy":"product_cat","embeddable":true,"href":"https:\/\/Regalino-Shop.de\/index.php?rest_route=%2Fwp%2Fv2%2Fproduct_cat&post=15574"},{"taxonomy":"product_tag","embeddable":true,"href":"https:\/\/Regalino-Shop.de\/index.php?rest_route=%2Fwp%2Fv2%2Fproduct_tag&post=15574"}],"curies":[{"name":"wp","href":"https:\/\/api.w.org\/{rel}","templated":true}]}}