{"id":15719,"date":"2025-02-04T13:09:49","date_gmt":"2025-02-04T13:09:49","guid":{"rendered":"https:\/\/Regalino-Shop.de\/?post_type=product&#038;p=15719"},"modified":"2025-07-22T12:26:49","modified_gmt":"2025-07-22T12:26:49","slug":"ring-greifling-lama","status":"publish","type":"product","link":"https:\/\/Regalino-Shop.de\/?product=ring-greifling-lama","title":{"rendered":"Ring-Greifling Lama"},"content":{"rendered":"","protected":false},"excerpt":{"rendered":"<h3 class=\"uk-h5 uk-margin-remove-top\">Motorikspielzeug mit Rassel \u2013 treuer Begleiter f\u00fcr Babys und Kleinkinder ab 0+ Monaten<\/h3>\n<ul class=\"uk-list uk-list-bullet\">\n<li>TREUER BEGLEITER &#8211; Das kleine Lama als Greifling ist ein treuer Begleiter: Das flauschige Babyspielzeug ist ideal zum Greifen &amp; Kuscheln, die integrierte Rassel weckt Babys Entdeckergeist im Nu und regt zum Spielen an<\/li>\n<li>SPIELERISCH LERNEN &#8211; Der Greifling mit der kleinen Rassel in sanften Farben f\u00f6rdert den Greif- und H\u00f6rsinn, sowie die Motorik des Babys, die kuschelige Oberfl\u00e4che animiert zum F\u00fchlen &amp; Tasten<\/li>\n<li>TOLLE EINSCHLAFHILFE &#8211; Im Bettchen, in der Babyschale oder im Kinderwagen: Das kleine Lama ist nicht nur ein Spielzeug, sondern hilft auch beim Einschlafen<\/li>\n<li>PRAKTISCH &amp; PFLEGELEICHT &#8211; Das Motorikspielzeug ist vielseitig einsetzbar &amp; immer dabei: Damit das Fell des kleinen Lamas weich und kuschelig bleibt, kann dieses in der Waschmaschine bei 30\u00b0C gewaschen werden<\/li>\n<li>Gr\u00f6\u00dfe: 15,5 cm<\/li>\n<li>Altersempfehlung: 0+ Monate<\/li>\n<\/ul>\n<p>Lieferumfang: 1 Ring-Greifling<\/p>\n","protected":false},"featured_media":15720,"template":"","meta":{"_et_pb_use_builder":"","_et_pb_old_content":"","_et_gb_content_width":""},"product_brand":[],"product_cat":[93],"product_tag":[837,272,280,271,273,284],"class_list":{"0":"post-15719","1":"product","2":"type-product","3":"status-publish","4":"has-post-thumbnail","6":"product_cat-spielzeug-kuscheltiere-mit-liebevollen-details-regalino","7":"product_tag-baby","8":"product_tag-geburt","9":"product_tag-kuscheltier","10":"product_tag-rassel","11":"product_tag-taufe","12":"product_tag-tiere","14":"first","15":"instock","16":"taxable","17":"shipping-taxable","18":"purchasable","19":"product-type-simple"},"yoast_head":"<!-- This site is optimized with the Yoast SEO plugin v27.5 - https:\/\/yoast.com\/product\/yoast-seo-wordpress\/ -->\n<title>Ring-Greifling Lama - Regalino -Lively Style<\/title>\n<meta name=\"description\" content=\"Motorikspielzeug mit Rassel \u2013 treuer Begleiter f\u00fcr Babys und Kleinkinder ab 0+ Monaten\" \/>\n<meta name=\"robots\" content=\"index, follow, max-snippet:-1, max-image-preview:large, max-video-preview:-1\" \/>\n<link rel=\"canonical\" href=\"https:\/\/Regalino-Shop.de\/?product=ring-greifling-lama\" \/>\n<meta property=\"og:locale\" content=\"de_DE\" \/>\n<meta property=\"og:type\" content=\"article\" \/>\n<meta property=\"og:title\" content=\"Ring-Greifling Lama - Regalino -Lively Style\" \/>\n<meta property=\"og:description\" content=\"Motorikspielzeug mit Rassel \u2013 treuer Begleiter f\u00fcr Babys und Kleinkinder ab 0+ Monaten\" \/>\n<meta property=\"og:url\" content=\"https:\/\/Regalino-Shop.de\/?product=ring-greifling-lama\" \/>\n<meta property=\"og:site_name\" content=\"Regalino -Lively Style\" \/>\n<meta property=\"article:modified_time\" content=\"2025-07-22T12:26:49+00:00\" \/>\n<meta property=\"og:image\" content=\"https:\/\/Regalino-Shop.de\/wp-content\/uploads\/2025\/02\/Ring-Greifling-Lama.jpg\" \/>\n\t<meta property=\"og:image:width\" content=\"1000\" \/>\n\t<meta property=\"og:image:height\" content=\"1000\" \/>\n\t<meta property=\"og:image:type\" content=\"image\/jpeg\" \/>\n<meta name=\"twitter:card\" content=\"summary_large_image\" \/>\n<meta name=\"twitter:label1\" content=\"Gesch\u00e4tzte Lesezeit\" \/>\n\t<meta name=\"twitter:data1\" content=\"1\u00a0Minute\" \/>\n<script type=\"application\/ld+json\" class=\"yoast-schema-graph\">{\"@context\":\"https:\\\/\\\/schema.org\",\"@graph\":[{\"@type\":\"WebPage\",\"@id\":\"https:\\\/\\\/Regalino-Shop.de\\\/?product=ring-greifling-lama\",\"url\":\"https:\\\/\\\/Regalino-Shop.de\\\/?product=ring-greifling-lama\",\"name\":\"Ring-Greifling Lama - Regalino -Lively Style\",\"isPartOf\":{\"@id\":\"https:\\\/\\\/Regalino-Shop.de\\\/#website\"},\"primaryImageOfPage\":{\"@id\":\"https:\\\/\\\/Regalino-Shop.de\\\/?product=ring-greifling-lama#primaryimage\"},\"image\":{\"@id\":\"https:\\\/\\\/Regalino-Shop.de\\\/?product=ring-greifling-lama#primaryimage\"},\"thumbnailUrl\":\"https:\\\/\\\/Regalino-Shop.de\\\/wp-content\\\/uploads\\\/2025\\\/02\\\/Ring-Greifling-Lama.jpg\",\"datePublished\":\"2025-02-04T13:09:49+00:00\",\"dateModified\":\"2025-07-22T12:26:49+00:00\",\"description\":\"Motorikspielzeug mit Rassel \u2013 treuer Begleiter f\u00fcr Babys und Kleinkinder ab 0+ Monaten\",\"breadcrumb\":{\"@id\":\"https:\\\/\\\/Regalino-Shop.de\\\/?product=ring-greifling-lama#breadcrumb\"},\"inLanguage\":\"de\",\"potentialAction\":[{\"@type\":\"ReadAction\",\"target\":[\"https:\\\/\\\/Regalino-Shop.de\\\/?product=ring-greifling-lama\"]}]},{\"@type\":\"ImageObject\",\"inLanguage\":\"de\",\"@id\":\"https:\\\/\\\/Regalino-Shop.de\\\/?product=ring-greifling-lama#primaryimage\",\"url\":\"https:\\\/\\\/Regalino-Shop.de\\\/wp-content\\\/uploads\\\/2025\\\/02\\\/Ring-Greifling-Lama.jpg\",\"contentUrl\":\"https:\\\/\\\/Regalino-Shop.de\\\/wp-content\\\/uploads\\\/2025\\\/02\\\/Ring-Greifling-Lama.jpg\",\"width\":1000,\"height\":1000,\"caption\":\"Ring-Greifling\"},{\"@type\":\"BreadcrumbList\",\"@id\":\"https:\\\/\\\/Regalino-Shop.de\\\/?product=ring-greifling-lama#breadcrumb\",\"itemListElement\":[{\"@type\":\"ListItem\",\"position\":1,\"name\":\"Startseite\",\"item\":\"https:\\\/\\\/Regalino-Shop.de\\\/\"},{\"@type\":\"ListItem\",\"position\":2,\"name\":\"Shop\",\"item\":\"https:\\\/\\\/Regalino-Shop.de\\\/?page_id=40\"},{\"@type\":\"ListItem\",\"position\":3,\"name\":\"Ring-Greifling Lama\"}]},{\"@type\":\"WebSite\",\"@id\":\"https:\\\/\\\/Regalino-Shop.de\\\/#website\",\"url\":\"https:\\\/\\\/Regalino-Shop.de\\\/\",\"name\":\"Regalino -Lively Style\",\"description\":\"gelebtes Zuhause\",\"potentialAction\":[{\"@type\":\"SearchAction\",\"target\":{\"@type\":\"EntryPoint\",\"urlTemplate\":\"https:\\\/\\\/Regalino-Shop.de\\\/?s={search_term_string}\"},\"query-input\":{\"@type\":\"PropertyValueSpecification\",\"valueRequired\":true,\"valueName\":\"search_term_string\"}}],\"inLanguage\":\"de\"}]}<\/script>\n<!-- \/ Yoast SEO plugin. -->","yoast_head_json":{"title":"Ring-Greifling Lama - Regalino -Lively Style","description":"Motorikspielzeug mit Rassel \u2013 treuer Begleiter f\u00fcr Babys und Kleinkinder ab 0+ Monaten","robots":{"index":"index","follow":"follow","max-snippet":"max-snippet:-1","max-image-preview":"max-image-preview:large","max-video-preview":"max-video-preview:-1"},"canonical":"https:\/\/Regalino-Shop.de\/?product=ring-greifling-lama","og_locale":"de_DE","og_type":"article","og_title":"Ring-Greifling Lama - Regalino -Lively Style","og_description":"Motorikspielzeug mit Rassel \u2013 treuer Begleiter f\u00fcr Babys und Kleinkinder ab 0+ Monaten","og_url":"https:\/\/Regalino-Shop.de\/?product=ring-greifling-lama","og_site_name":"Regalino -Lively Style","article_modified_time":"2025-07-22T12:26:49+00:00","og_image":[{"width":1000,"height":1000,"url":"https:\/\/Regalino-Shop.de\/wp-content\/uploads\/2025\/02\/Ring-Greifling-Lama.jpg","type":"image\/jpeg"}],"twitter_card":"summary_large_image","twitter_misc":{"Gesch\u00e4tzte Lesezeit":"1\u00a0Minute"},"schema":{"@context":"https:\/\/schema.org","@graph":[{"@type":"WebPage","@id":"https:\/\/Regalino-Shop.de\/?product=ring-greifling-lama","url":"https:\/\/Regalino-Shop.de\/?product=ring-greifling-lama","name":"Ring-Greifling Lama - Regalino -Lively Style","isPartOf":{"@id":"https:\/\/Regalino-Shop.de\/#website"},"primaryImageOfPage":{"@id":"https:\/\/Regalino-Shop.de\/?product=ring-greifling-lama#primaryimage"},"image":{"@id":"https:\/\/Regalino-Shop.de\/?product=ring-greifling-lama#primaryimage"},"thumbnailUrl":"https:\/\/Regalino-Shop.de\/wp-content\/uploads\/2025\/02\/Ring-Greifling-Lama.jpg","datePublished":"2025-02-04T13:09:49+00:00","dateModified":"2025-07-22T12:26:49+00:00","description":"Motorikspielzeug mit Rassel \u2013 treuer Begleiter f\u00fcr Babys und Kleinkinder ab 0+ Monaten","breadcrumb":{"@id":"https:\/\/Regalino-Shop.de\/?product=ring-greifling-lama#breadcrumb"},"inLanguage":"de","potentialAction":[{"@type":"ReadAction","target":["https:\/\/Regalino-Shop.de\/?product=ring-greifling-lama"]}]},{"@type":"ImageObject","inLanguage":"de","@id":"https:\/\/Regalino-Shop.de\/?product=ring-greifling-lama#primaryimage","url":"https:\/\/Regalino-Shop.de\/wp-content\/uploads\/2025\/02\/Ring-Greifling-Lama.jpg","contentUrl":"https:\/\/Regalino-Shop.de\/wp-content\/uploads\/2025\/02\/Ring-Greifling-Lama.jpg","width":1000,"height":1000,"caption":"Ring-Greifling"},{"@type":"BreadcrumbList","@id":"https:\/\/Regalino-Shop.de\/?product=ring-greifling-lama#breadcrumb","itemListElement":[{"@type":"ListItem","position":1,"name":"Startseite","item":"https:\/\/Regalino-Shop.de\/"},{"@type":"ListItem","position":2,"name":"Shop","item":"https:\/\/Regalino-Shop.de\/?page_id=40"},{"@type":"ListItem","position":3,"name":"Ring-Greifling Lama"}]},{"@type":"WebSite","@id":"https:\/\/Regalino-Shop.de\/#website","url":"https:\/\/Regalino-Shop.de\/","name":"Regalino -Lively Style","description":"gelebtes Zuhause","potentialAction":[{"@type":"SearchAction","target":{"@type":"EntryPoint","urlTemplate":"https:\/\/Regalino-Shop.de\/?s={search_term_string}"},"query-input":{"@type":"PropertyValueSpecification","valueRequired":true,"valueName":"search_term_string"}}],"inLanguage":"de"}]}},"_links":{"self":[{"href":"https:\/\/Regalino-Shop.de\/index.php?rest_route=\/wp\/v2\/product\/15719","targetHints":{"allow":["GET"]}}],"collection":[{"href":"https:\/\/Regalino-Shop.de\/index.php?rest_route=\/wp\/v2\/product"}],"about":[{"href":"https:\/\/Regalino-Shop.de\/index.php?rest_route=\/wp\/v2\/types\/product"}],"wp:featuredmedia":[{"embeddable":true,"href":"https:\/\/Regalino-Shop.de\/index.php?rest_route=\/wp\/v2\/media\/15720"}],"wp:attachment":[{"href":"https:\/\/Regalino-Shop.de\/index.php?rest_route=%2Fwp%2Fv2%2Fmedia&parent=15719"}],"wp:term":[{"taxonomy":"product_brand","embeddable":true,"href":"https:\/\/Regalino-Shop.de\/index.php?rest_route=%2Fwp%2Fv2%2Fproduct_brand&post=15719"},{"taxonomy":"product_cat","embeddable":true,"href":"https:\/\/Regalino-Shop.de\/index.php?rest_route=%2Fwp%2Fv2%2Fproduct_cat&post=15719"},{"taxonomy":"product_tag","embeddable":true,"href":"https:\/\/Regalino-Shop.de\/index.php?rest_route=%2Fwp%2Fv2%2Fproduct_tag&post=15719"}],"curies":[{"name":"wp","href":"https:\/\/api.w.org\/{rel}","templated":true}]}}