{"id":15975,"date":"2025-03-04T15:03:23","date_gmt":"2025-03-04T15:03:23","guid":{"rendered":"https:\/\/Regalino-Shop.de\/?post_type=product&#038;p=15975"},"modified":"2025-10-28T14:00:53","modified_gmt":"2025-10-28T14:00:53","slug":"einschlafhilfe-schnuffeltuch-hase","status":"publish","type":"product","link":"https:\/\/Regalino-Shop.de\/?product=einschlafhilfe-schnuffeltuch-hase","title":{"rendered":"Einschlafhilfe &#038; Schnuffeltuch *Hase*"},"content":{"rendered":"","protected":false},"excerpt":{"rendered":"<h3>Das niedliche Schmusetuch mit Hasen-K\u00f6pfchen ist Tr\u00f6ster, Einschlafhelfer und Kuschelfreund in einem<\/h3>\n<p>und wird zum treuen Begleiter ob Zuhause oder auf Reisen. Der praktische Befestigungsring sorgt au\u00dferdem daf\u00fcr, dass auch der Schnuller auf gr\u00f6\u00dften Abenteuern nicht verloren geht!<\/p>\n<p>Beim Einschlafen ist das niedliche Kuscheltuch eine echte Hilfe \u2013 tags\u00fcber laden die kuschelweichen Materialien, der Kopf und die abgen\u00e4hten Enden zum Greifen, F\u00fchlen und Knuddeln ein, sodass das niedliche H\u00e4schen bald nicht mehr aus der Hand gelassen wird.<\/p>\n<ul class=\"uk-list uk-list-bullet\">\n<li>PFLEGELEICHTE REINIGUNG &#8211;\u00a0 bei 30\u00b0C waschbar<\/li>\n<li>Gr\u00f6\u00dfe: 40 cm<\/li>\n<li>Altersempfehlung: 0+ Monate<\/li>\n<li>Farbe: apricot\/grau<\/li>\n<li>Obermaterial: Pl\u00fcsch, Velours, Stoff \/ F\u00fcllung: Polyester<\/li>\n<\/ul>\n<p>Lieferumfang: Schmusetuch<\/p>\n","protected":false},"featured_media":15976,"template":"","meta":{"_et_pb_use_builder":"","_et_pb_old_content":"","_et_gb_content_width":""},"product_brand":[],"product_cat":[1608,93],"product_tag":[837,272,263,1797,280,268,894,273,284],"class_list":{"0":"post-15975","1":"product","2":"type-product","3":"status-publish","4":"has-post-thumbnail","6":"product_cat-ostern-osterdeko-geschenkideen-regalino","7":"product_cat-spielzeug-kuscheltiere-mit-liebevollen-details-regalino","8":"product_tag-baby","9":"product_tag-geburt","10":"product_tag-hase","11":"product_tag-kinderwagen","12":"product_tag-kuscheltier","13":"product_tag-ostern","14":"product_tag-schmusetuch","15":"product_tag-taufe","16":"product_tag-tiere","18":"first","19":"instock","20":"taxable","21":"shipping-taxable","22":"purchasable","23":"product-type-simple"},"yoast_head":"<!-- This site is optimized with the Yoast SEO plugin v27.5 - https:\/\/yoast.com\/product\/yoast-seo-wordpress\/ -->\n<title>Einschlafhilfe &amp; Schnuffeltuch *Hase* - Regalino -Lively Style<\/title>\n<meta name=\"description\" content=\"Das niedliche Schmusetuch mit Hasen-K\u00f6pfchen ist Tr\u00f6ster, Einschlafhelfer und Kuschelfreund in einem\" \/>\n<meta name=\"robots\" content=\"index, follow, max-snippet:-1, max-image-preview:large, max-video-preview:-1\" \/>\n<link rel=\"canonical\" href=\"https:\/\/Regalino-Shop.de\/?product=einschlafhilfe-schnuffeltuch-hase\" \/>\n<meta property=\"og:locale\" content=\"de_DE\" \/>\n<meta property=\"og:type\" content=\"article\" \/>\n<meta property=\"og:title\" content=\"Einschlafhilfe &amp; Schnuffeltuch *Hase* - Regalino -Lively Style\" \/>\n<meta property=\"og:description\" content=\"Das niedliche Schmusetuch mit Hasen-K\u00f6pfchen ist Tr\u00f6ster, Einschlafhelfer und Kuschelfreund in einem\" \/>\n<meta property=\"og:url\" content=\"https:\/\/Regalino-Shop.de\/?product=einschlafhilfe-schnuffeltuch-hase\" \/>\n<meta property=\"og:site_name\" content=\"Regalino -Lively Style\" \/>\n<meta property=\"article:modified_time\" content=\"2025-10-28T14:00:53+00:00\" \/>\n<meta property=\"og:image\" content=\"https:\/\/Regalino-Shop.de\/wp-content\/uploads\/2025\/03\/schmusetuch-Hase-Einschlafhilfe-Fehn.jpg\" \/>\n\t<meta property=\"og:image:width\" content=\"382\" \/>\n\t<meta property=\"og:image:height\" content=\"383\" \/>\n\t<meta property=\"og:image:type\" content=\"image\/jpeg\" \/>\n<meta name=\"twitter:card\" content=\"summary_large_image\" \/>\n<meta name=\"twitter:label1\" content=\"Gesch\u00e4tzte Lesezeit\" \/>\n\t<meta name=\"twitter:data1\" content=\"1\u00a0Minute\" \/>\n<script type=\"application\/ld+json\" class=\"yoast-schema-graph\">{\"@context\":\"https:\\\/\\\/schema.org\",\"@graph\":[{\"@type\":\"WebPage\",\"@id\":\"https:\\\/\\\/Regalino-Shop.de\\\/?product=einschlafhilfe-schnuffeltuch-hase\",\"url\":\"https:\\\/\\\/Regalino-Shop.de\\\/?product=einschlafhilfe-schnuffeltuch-hase\",\"name\":\"Einschlafhilfe & Schnuffeltuch *Hase* - Regalino -Lively Style\",\"isPartOf\":{\"@id\":\"https:\\\/\\\/Regalino-Shop.de\\\/#website\"},\"primaryImageOfPage\":{\"@id\":\"https:\\\/\\\/Regalino-Shop.de\\\/?product=einschlafhilfe-schnuffeltuch-hase#primaryimage\"},\"image\":{\"@id\":\"https:\\\/\\\/Regalino-Shop.de\\\/?product=einschlafhilfe-schnuffeltuch-hase#primaryimage\"},\"thumbnailUrl\":\"https:\\\/\\\/Regalino-Shop.de\\\/wp-content\\\/uploads\\\/2025\\\/03\\\/schmusetuch-Hase-Einschlafhilfe-Fehn.jpg\",\"datePublished\":\"2025-03-04T15:03:23+00:00\",\"dateModified\":\"2025-10-28T14:00:53+00:00\",\"description\":\"Das niedliche Schmusetuch mit Hasen-K\u00f6pfchen ist Tr\u00f6ster, Einschlafhelfer und Kuschelfreund in einem\",\"breadcrumb\":{\"@id\":\"https:\\\/\\\/Regalino-Shop.de\\\/?product=einschlafhilfe-schnuffeltuch-hase#breadcrumb\"},\"inLanguage\":\"de\",\"potentialAction\":[{\"@type\":\"ReadAction\",\"target\":[\"https:\\\/\\\/Regalino-Shop.de\\\/?product=einschlafhilfe-schnuffeltuch-hase\"]}]},{\"@type\":\"ImageObject\",\"inLanguage\":\"de\",\"@id\":\"https:\\\/\\\/Regalino-Shop.de\\\/?product=einschlafhilfe-schnuffeltuch-hase#primaryimage\",\"url\":\"https:\\\/\\\/Regalino-Shop.de\\\/wp-content\\\/uploads\\\/2025\\\/03\\\/schmusetuch-Hase-Einschlafhilfe-Fehn.jpg\",\"contentUrl\":\"https:\\\/\\\/Regalino-Shop.de\\\/wp-content\\\/uploads\\\/2025\\\/03\\\/schmusetuch-Hase-Einschlafhilfe-Fehn.jpg\",\"width\":382,\"height\":383,\"caption\":\"Schmusetuch\"},{\"@type\":\"BreadcrumbList\",\"@id\":\"https:\\\/\\\/Regalino-Shop.de\\\/?product=einschlafhilfe-schnuffeltuch-hase#breadcrumb\",\"itemListElement\":[{\"@type\":\"ListItem\",\"position\":1,\"name\":\"Startseite\",\"item\":\"https:\\\/\\\/Regalino-Shop.de\\\/\"},{\"@type\":\"ListItem\",\"position\":2,\"name\":\"Shop\",\"item\":\"https:\\\/\\\/Regalino-Shop.de\\\/?page_id=40\"},{\"@type\":\"ListItem\",\"position\":3,\"name\":\"Einschlafhilfe &#038; Schnuffeltuch *Hase*\"}]},{\"@type\":\"WebSite\",\"@id\":\"https:\\\/\\\/Regalino-Shop.de\\\/#website\",\"url\":\"https:\\\/\\\/Regalino-Shop.de\\\/\",\"name\":\"Regalino -Lively Style\",\"description\":\"gelebtes Zuhause\",\"potentialAction\":[{\"@type\":\"SearchAction\",\"target\":{\"@type\":\"EntryPoint\",\"urlTemplate\":\"https:\\\/\\\/Regalino-Shop.de\\\/?s={search_term_string}\"},\"query-input\":{\"@type\":\"PropertyValueSpecification\",\"valueRequired\":true,\"valueName\":\"search_term_string\"}}],\"inLanguage\":\"de\"}]}<\/script>\n<!-- \/ Yoast SEO plugin. -->","yoast_head_json":{"title":"Einschlafhilfe & Schnuffeltuch *Hase* - Regalino -Lively Style","description":"Das niedliche Schmusetuch mit Hasen-K\u00f6pfchen ist Tr\u00f6ster, Einschlafhelfer und Kuschelfreund in einem","robots":{"index":"index","follow":"follow","max-snippet":"max-snippet:-1","max-image-preview":"max-image-preview:large","max-video-preview":"max-video-preview:-1"},"canonical":"https:\/\/Regalino-Shop.de\/?product=einschlafhilfe-schnuffeltuch-hase","og_locale":"de_DE","og_type":"article","og_title":"Einschlafhilfe & Schnuffeltuch *Hase* - Regalino -Lively Style","og_description":"Das niedliche Schmusetuch mit Hasen-K\u00f6pfchen ist Tr\u00f6ster, Einschlafhelfer und Kuschelfreund in einem","og_url":"https:\/\/Regalino-Shop.de\/?product=einschlafhilfe-schnuffeltuch-hase","og_site_name":"Regalino -Lively Style","article_modified_time":"2025-10-28T14:00:53+00:00","og_image":[{"width":382,"height":383,"url":"https:\/\/Regalino-Shop.de\/wp-content\/uploads\/2025\/03\/schmusetuch-Hase-Einschlafhilfe-Fehn.jpg","type":"image\/jpeg"}],"twitter_card":"summary_large_image","twitter_misc":{"Gesch\u00e4tzte Lesezeit":"1\u00a0Minute"},"schema":{"@context":"https:\/\/schema.org","@graph":[{"@type":"WebPage","@id":"https:\/\/Regalino-Shop.de\/?product=einschlafhilfe-schnuffeltuch-hase","url":"https:\/\/Regalino-Shop.de\/?product=einschlafhilfe-schnuffeltuch-hase","name":"Einschlafhilfe & Schnuffeltuch *Hase* - Regalino -Lively Style","isPartOf":{"@id":"https:\/\/Regalino-Shop.de\/#website"},"primaryImageOfPage":{"@id":"https:\/\/Regalino-Shop.de\/?product=einschlafhilfe-schnuffeltuch-hase#primaryimage"},"image":{"@id":"https:\/\/Regalino-Shop.de\/?product=einschlafhilfe-schnuffeltuch-hase#primaryimage"},"thumbnailUrl":"https:\/\/Regalino-Shop.de\/wp-content\/uploads\/2025\/03\/schmusetuch-Hase-Einschlafhilfe-Fehn.jpg","datePublished":"2025-03-04T15:03:23+00:00","dateModified":"2025-10-28T14:00:53+00:00","description":"Das niedliche Schmusetuch mit Hasen-K\u00f6pfchen ist Tr\u00f6ster, Einschlafhelfer und Kuschelfreund in einem","breadcrumb":{"@id":"https:\/\/Regalino-Shop.de\/?product=einschlafhilfe-schnuffeltuch-hase#breadcrumb"},"inLanguage":"de","potentialAction":[{"@type":"ReadAction","target":["https:\/\/Regalino-Shop.de\/?product=einschlafhilfe-schnuffeltuch-hase"]}]},{"@type":"ImageObject","inLanguage":"de","@id":"https:\/\/Regalino-Shop.de\/?product=einschlafhilfe-schnuffeltuch-hase#primaryimage","url":"https:\/\/Regalino-Shop.de\/wp-content\/uploads\/2025\/03\/schmusetuch-Hase-Einschlafhilfe-Fehn.jpg","contentUrl":"https:\/\/Regalino-Shop.de\/wp-content\/uploads\/2025\/03\/schmusetuch-Hase-Einschlafhilfe-Fehn.jpg","width":382,"height":383,"caption":"Schmusetuch"},{"@type":"BreadcrumbList","@id":"https:\/\/Regalino-Shop.de\/?product=einschlafhilfe-schnuffeltuch-hase#breadcrumb","itemListElement":[{"@type":"ListItem","position":1,"name":"Startseite","item":"https:\/\/Regalino-Shop.de\/"},{"@type":"ListItem","position":2,"name":"Shop","item":"https:\/\/Regalino-Shop.de\/?page_id=40"},{"@type":"ListItem","position":3,"name":"Einschlafhilfe &#038; Schnuffeltuch *Hase*"}]},{"@type":"WebSite","@id":"https:\/\/Regalino-Shop.de\/#website","url":"https:\/\/Regalino-Shop.de\/","name":"Regalino -Lively Style","description":"gelebtes Zuhause","potentialAction":[{"@type":"SearchAction","target":{"@type":"EntryPoint","urlTemplate":"https:\/\/Regalino-Shop.de\/?s={search_term_string}"},"query-input":{"@type":"PropertyValueSpecification","valueRequired":true,"valueName":"search_term_string"}}],"inLanguage":"de"}]}},"_links":{"self":[{"href":"https:\/\/Regalino-Shop.de\/index.php?rest_route=\/wp\/v2\/product\/15975","targetHints":{"allow":["GET"]}}],"collection":[{"href":"https:\/\/Regalino-Shop.de\/index.php?rest_route=\/wp\/v2\/product"}],"about":[{"href":"https:\/\/Regalino-Shop.de\/index.php?rest_route=\/wp\/v2\/types\/product"}],"wp:featuredmedia":[{"embeddable":true,"href":"https:\/\/Regalino-Shop.de\/index.php?rest_route=\/wp\/v2\/media\/15976"}],"wp:attachment":[{"href":"https:\/\/Regalino-Shop.de\/index.php?rest_route=%2Fwp%2Fv2%2Fmedia&parent=15975"}],"wp:term":[{"taxonomy":"product_brand","embeddable":true,"href":"https:\/\/Regalino-Shop.de\/index.php?rest_route=%2Fwp%2Fv2%2Fproduct_brand&post=15975"},{"taxonomy":"product_cat","embeddable":true,"href":"https:\/\/Regalino-Shop.de\/index.php?rest_route=%2Fwp%2Fv2%2Fproduct_cat&post=15975"},{"taxonomy":"product_tag","embeddable":true,"href":"https:\/\/Regalino-Shop.de\/index.php?rest_route=%2Fwp%2Fv2%2Fproduct_tag&post=15975"}],"curies":[{"name":"wp","href":"https:\/\/api.w.org\/{rel}","templated":true}]}}