{"id":16137,"date":"2025-06-06T07:33:00","date_gmt":"2025-06-06T07:33:00","guid":{"rendered":"https:\/\/Regalino-Shop.de\/?post_type=product&#038;p=16137"},"modified":"2026-04-02T16:12:13","modified_gmt":"2026-04-02T16:12:13","slug":"tasse-das-leben-ist-eine-reise","status":"publish","type":"product","link":"https:\/\/Regalino-Shop.de\/?product=tasse-das-leben-ist-eine-reise","title":{"rendered":"Tasse *Das Leben ist eine Reise*"},"content":{"rendered":"","protected":false},"excerpt":{"rendered":"<h3 class=\"product--description block\">das Leben ist eine Reise<\/h3>\n<div class=\"product--description block\">\n<ul>\n<li>Material:\u00a0 Porzellan<\/li>\n<li>Ma\u00dfe: \u00d8 10 cm, H\u00f6he 9 cm<\/li>\n<li>Fassungsverm\u00f6gen 400 ml<\/li>\n<li>Farbe: wei\u00df, gold, grau<\/li>\n<li>sp\u00fclmaschinenfest<\/li>\n<\/ul>\n<p>handgemacht, leichte Abweichungen in Form &amp; Farbe m\u00f6glich<\/p>\n<p>Lieferumfang: 1 Tasse ohne Dekoration<\/p>\n<\/div>\n","protected":false},"featured_media":16138,"template":"","meta":{"_et_pb_use_builder":"","_et_pb_old_content":"","_et_gb_content_width":""},"product_brand":[],"product_cat":[76],"product_tag":[353,288,1018,1450,352],"class_list":{"0":"post-16137","1":"product","2":"type-product","3":"status-publish","4":"has-post-thumbnail","6":"product_cat-geschirr-fuer-stilvolle-genussmomente-regalino","7":"product_tag-becher","8":"product_tag-geschenk","9":"product_tag-kaffeebecher","10":"product_tag-krasilnikoff","11":"product_tag-tasse","13":"first","14":"instock","15":"taxable","16":"shipping-taxable","17":"purchasable","18":"product-type-simple"},"yoast_head":"<!-- This site is optimized with the Yoast SEO plugin v27.5 - https:\/\/yoast.com\/product\/yoast-seo-wordpress\/ -->\n<title>Tasse *Das Leben ist eine Reise* - Regalino -Lively Style<\/title>\n<meta name=\"description\" content=\"von Krasilnikoff - Porzellantasse - Fassungsverm\u00f6gen 400 ml\" \/>\n<meta name=\"robots\" content=\"index, follow, max-snippet:-1, max-image-preview:large, max-video-preview:-1\" \/>\n<link rel=\"canonical\" href=\"https:\/\/Regalino-Shop.de\/?product=tasse-das-leben-ist-eine-reise\" \/>\n<meta property=\"og:locale\" content=\"de_DE\" \/>\n<meta property=\"og:type\" content=\"article\" \/>\n<meta property=\"og:title\" content=\"Tasse *Das Leben ist eine Reise* - Regalino -Lively Style\" \/>\n<meta property=\"og:description\" content=\"von Krasilnikoff - Porzellantasse - Fassungsverm\u00f6gen 400 ml\" \/>\n<meta property=\"og:url\" content=\"https:\/\/Regalino-Shop.de\/?product=tasse-das-leben-ist-eine-reise\" \/>\n<meta property=\"og:site_name\" content=\"Regalino -Lively Style\" \/>\n<meta property=\"article:modified_time\" content=\"2026-04-02T16:12:13+00:00\" \/>\n<meta property=\"og:image\" content=\"https:\/\/Regalino-Shop.de\/wp-content\/uploads\/2025\/06\/Tasse-Das-Leben-ist-eine-Reise-Krasilnikoff.jpg\" \/>\n\t<meta property=\"og:image:width\" content=\"350\" \/>\n\t<meta property=\"og:image:height\" content=\"350\" \/>\n\t<meta property=\"og:image:type\" content=\"image\/jpeg\" \/>\n<meta name=\"twitter:card\" content=\"summary_large_image\" \/>\n<meta name=\"twitter:label1\" content=\"Gesch\u00e4tzte Lesezeit\" \/>\n\t<meta name=\"twitter:data1\" content=\"1\u00a0Minute\" \/>\n<script type=\"application\/ld+json\" class=\"yoast-schema-graph\">{\"@context\":\"https:\\\/\\\/schema.org\",\"@graph\":[{\"@type\":\"WebPage\",\"@id\":\"https:\\\/\\\/Regalino-Shop.de\\\/?product=tasse-das-leben-ist-eine-reise\",\"url\":\"https:\\\/\\\/Regalino-Shop.de\\\/?product=tasse-das-leben-ist-eine-reise\",\"name\":\"Tasse *Das Leben ist eine Reise* - Regalino -Lively Style\",\"isPartOf\":{\"@id\":\"https:\\\/\\\/Regalino-Shop.de\\\/#website\"},\"primaryImageOfPage\":{\"@id\":\"https:\\\/\\\/Regalino-Shop.de\\\/?product=tasse-das-leben-ist-eine-reise#primaryimage\"},\"image\":{\"@id\":\"https:\\\/\\\/Regalino-Shop.de\\\/?product=tasse-das-leben-ist-eine-reise#primaryimage\"},\"thumbnailUrl\":\"https:\\\/\\\/Regalino-Shop.de\\\/wp-content\\\/uploads\\\/2025\\\/06\\\/Tasse-Das-Leben-ist-eine-Reise-Krasilnikoff.jpg\",\"datePublished\":\"2025-06-06T07:33:00+00:00\",\"dateModified\":\"2026-04-02T16:12:13+00:00\",\"description\":\"von Krasilnikoff - Porzellantasse - Fassungsverm\u00f6gen 400 ml\",\"breadcrumb\":{\"@id\":\"https:\\\/\\\/Regalino-Shop.de\\\/?product=tasse-das-leben-ist-eine-reise#breadcrumb\"},\"inLanguage\":\"de\",\"potentialAction\":[{\"@type\":\"ReadAction\",\"target\":[\"https:\\\/\\\/Regalino-Shop.de\\\/?product=tasse-das-leben-ist-eine-reise\"]}]},{\"@type\":\"ImageObject\",\"inLanguage\":\"de\",\"@id\":\"https:\\\/\\\/Regalino-Shop.de\\\/?product=tasse-das-leben-ist-eine-reise#primaryimage\",\"url\":\"https:\\\/\\\/Regalino-Shop.de\\\/wp-content\\\/uploads\\\/2025\\\/06\\\/Tasse-Das-Leben-ist-eine-Reise-Krasilnikoff.jpg\",\"contentUrl\":\"https:\\\/\\\/Regalino-Shop.de\\\/wp-content\\\/uploads\\\/2025\\\/06\\\/Tasse-Das-Leben-ist-eine-Reise-Krasilnikoff.jpg\",\"width\":350,\"height\":350,\"caption\":\"Kaffeetasse\"},{\"@type\":\"BreadcrumbList\",\"@id\":\"https:\\\/\\\/Regalino-Shop.de\\\/?product=tasse-das-leben-ist-eine-reise#breadcrumb\",\"itemListElement\":[{\"@type\":\"ListItem\",\"position\":1,\"name\":\"Startseite\",\"item\":\"https:\\\/\\\/Regalino-Shop.de\\\/\"},{\"@type\":\"ListItem\",\"position\":2,\"name\":\"Shop\",\"item\":\"https:\\\/\\\/Regalino-Shop.de\\\/?page_id=40\"},{\"@type\":\"ListItem\",\"position\":3,\"name\":\"Tasse *Das Leben ist eine Reise*\"}]},{\"@type\":\"WebSite\",\"@id\":\"https:\\\/\\\/Regalino-Shop.de\\\/#website\",\"url\":\"https:\\\/\\\/Regalino-Shop.de\\\/\",\"name\":\"Regalino -Lively Style\",\"description\":\"gelebtes Zuhause\",\"potentialAction\":[{\"@type\":\"SearchAction\",\"target\":{\"@type\":\"EntryPoint\",\"urlTemplate\":\"https:\\\/\\\/Regalino-Shop.de\\\/?s={search_term_string}\"},\"query-input\":{\"@type\":\"PropertyValueSpecification\",\"valueRequired\":true,\"valueName\":\"search_term_string\"}}],\"inLanguage\":\"de\"}]}<\/script>\n<!-- \/ Yoast SEO plugin. -->","yoast_head_json":{"title":"Tasse *Das Leben ist eine Reise* - Regalino -Lively Style","description":"von Krasilnikoff - Porzellantasse - Fassungsverm\u00f6gen 400 ml","robots":{"index":"index","follow":"follow","max-snippet":"max-snippet:-1","max-image-preview":"max-image-preview:large","max-video-preview":"max-video-preview:-1"},"canonical":"https:\/\/Regalino-Shop.de\/?product=tasse-das-leben-ist-eine-reise","og_locale":"de_DE","og_type":"article","og_title":"Tasse *Das Leben ist eine Reise* - Regalino -Lively Style","og_description":"von Krasilnikoff - Porzellantasse - Fassungsverm\u00f6gen 400 ml","og_url":"https:\/\/Regalino-Shop.de\/?product=tasse-das-leben-ist-eine-reise","og_site_name":"Regalino -Lively Style","article_modified_time":"2026-04-02T16:12:13+00:00","og_image":[{"width":350,"height":350,"url":"https:\/\/Regalino-Shop.de\/wp-content\/uploads\/2025\/06\/Tasse-Das-Leben-ist-eine-Reise-Krasilnikoff.jpg","type":"image\/jpeg"}],"twitter_card":"summary_large_image","twitter_misc":{"Gesch\u00e4tzte Lesezeit":"1\u00a0Minute"},"schema":{"@context":"https:\/\/schema.org","@graph":[{"@type":"WebPage","@id":"https:\/\/Regalino-Shop.de\/?product=tasse-das-leben-ist-eine-reise","url":"https:\/\/Regalino-Shop.de\/?product=tasse-das-leben-ist-eine-reise","name":"Tasse *Das Leben ist eine Reise* - Regalino -Lively Style","isPartOf":{"@id":"https:\/\/Regalino-Shop.de\/#website"},"primaryImageOfPage":{"@id":"https:\/\/Regalino-Shop.de\/?product=tasse-das-leben-ist-eine-reise#primaryimage"},"image":{"@id":"https:\/\/Regalino-Shop.de\/?product=tasse-das-leben-ist-eine-reise#primaryimage"},"thumbnailUrl":"https:\/\/Regalino-Shop.de\/wp-content\/uploads\/2025\/06\/Tasse-Das-Leben-ist-eine-Reise-Krasilnikoff.jpg","datePublished":"2025-06-06T07:33:00+00:00","dateModified":"2026-04-02T16:12:13+00:00","description":"von Krasilnikoff - Porzellantasse - Fassungsverm\u00f6gen 400 ml","breadcrumb":{"@id":"https:\/\/Regalino-Shop.de\/?product=tasse-das-leben-ist-eine-reise#breadcrumb"},"inLanguage":"de","potentialAction":[{"@type":"ReadAction","target":["https:\/\/Regalino-Shop.de\/?product=tasse-das-leben-ist-eine-reise"]}]},{"@type":"ImageObject","inLanguage":"de","@id":"https:\/\/Regalino-Shop.de\/?product=tasse-das-leben-ist-eine-reise#primaryimage","url":"https:\/\/Regalino-Shop.de\/wp-content\/uploads\/2025\/06\/Tasse-Das-Leben-ist-eine-Reise-Krasilnikoff.jpg","contentUrl":"https:\/\/Regalino-Shop.de\/wp-content\/uploads\/2025\/06\/Tasse-Das-Leben-ist-eine-Reise-Krasilnikoff.jpg","width":350,"height":350,"caption":"Kaffeetasse"},{"@type":"BreadcrumbList","@id":"https:\/\/Regalino-Shop.de\/?product=tasse-das-leben-ist-eine-reise#breadcrumb","itemListElement":[{"@type":"ListItem","position":1,"name":"Startseite","item":"https:\/\/Regalino-Shop.de\/"},{"@type":"ListItem","position":2,"name":"Shop","item":"https:\/\/Regalino-Shop.de\/?page_id=40"},{"@type":"ListItem","position":3,"name":"Tasse *Das Leben ist eine Reise*"}]},{"@type":"WebSite","@id":"https:\/\/Regalino-Shop.de\/#website","url":"https:\/\/Regalino-Shop.de\/","name":"Regalino -Lively Style","description":"gelebtes Zuhause","potentialAction":[{"@type":"SearchAction","target":{"@type":"EntryPoint","urlTemplate":"https:\/\/Regalino-Shop.de\/?s={search_term_string}"},"query-input":{"@type":"PropertyValueSpecification","valueRequired":true,"valueName":"search_term_string"}}],"inLanguage":"de"}]}},"_links":{"self":[{"href":"https:\/\/Regalino-Shop.de\/index.php?rest_route=\/wp\/v2\/product\/16137","targetHints":{"allow":["GET"]}}],"collection":[{"href":"https:\/\/Regalino-Shop.de\/index.php?rest_route=\/wp\/v2\/product"}],"about":[{"href":"https:\/\/Regalino-Shop.de\/index.php?rest_route=\/wp\/v2\/types\/product"}],"wp:featuredmedia":[{"embeddable":true,"href":"https:\/\/Regalino-Shop.de\/index.php?rest_route=\/wp\/v2\/media\/16138"}],"wp:attachment":[{"href":"https:\/\/Regalino-Shop.de\/index.php?rest_route=%2Fwp%2Fv2%2Fmedia&parent=16137"}],"wp:term":[{"taxonomy":"product_brand","embeddable":true,"href":"https:\/\/Regalino-Shop.de\/index.php?rest_route=%2Fwp%2Fv2%2Fproduct_brand&post=16137"},{"taxonomy":"product_cat","embeddable":true,"href":"https:\/\/Regalino-Shop.de\/index.php?rest_route=%2Fwp%2Fv2%2Fproduct_cat&post=16137"},{"taxonomy":"product_tag","embeddable":true,"href":"https:\/\/Regalino-Shop.de\/index.php?rest_route=%2Fwp%2Fv2%2Fproduct_tag&post=16137"}],"curies":[{"name":"wp","href":"https:\/\/api.w.org\/{rel}","templated":true}]}}