{"id":16316,"date":"2025-07-18T11:26:06","date_gmt":"2025-07-18T11:26:06","guid":{"rendered":"https:\/\/Regalino-Shop.de\/?post_type=product&#038;p=16316"},"modified":"2026-02-03T12:30:11","modified_gmt":"2026-02-03T12:30:11","slug":"apothekerglas-f-13-cm-kerze-von-ib-laursen","status":"publish","type":"product","link":"https:\/\/Regalino-Shop.de\/?product=apothekerglas-f-13-cm-kerze-von-ib-laursen","title":{"rendered":"Apothekerglas f.1,3 cm Kerze von Ib Laursen"},"content":{"rendered":"","protected":false},"excerpt":{"rendered":"<div id=\"tab-product-description\" class=\"ui-tabs-panel ui-widget-content ui-corner-bottom\" role=\"tabpanel\" aria-labelledby=\"ui-id-1\" aria-hidden=\"false\">\n<h3>\u00a0f\u00fcr d\u00fcnne Kerze und\/oder als kleine Vase<\/h3>\n<p>Der Kerzenhalter ist mundgeblasen, was bedeutet, dass er in der Gr\u00f6\u00dfe leicht variieren kann. Daher kann es sein, dass die Kerze nicht genau in den Halter passt. Dies kann gel\u00f6st werden, indem die Kerze am unteren Ende ein wenig geschmolzen und vorsichtig in den Halter gedr\u00fcckt wird. Alternativ eignet sich dieses niedliche Apothekerglas auch perfekt als eine sch\u00f6ne kleine Vase f\u00fcr Lieblingsblumen<\/p>\n<ul>\n<li>Material: Glas<\/li>\n<li>Ma\u00dfe: <span class=\"data\">H: 8 \u00d8: 5<\/span><\/li>\n<\/ul>\n<p>Lieferumfang: 1 Glas ohne Kerze\/Dekoration<\/p>\n<\/div>\n","protected":false},"featured_media":16317,"template":"","meta":{"_et_pb_use_builder":"","_et_pb_old_content":"","_et_gb_content_width":""},"product_brand":[1851],"product_cat":[64,62,57],"product_tag":[245,216,423],"class_list":{"0":"post-16316","1":"product","2":"type-product","3":"status-publish","4":"has-post-thumbnail","6":"product_brand-ib-laursen","7":"product_cat-besondere-deko-im-nordischen-stil-maritime-akzente-regalino","8":"product_cat-licht-lampen-kerzen-im-scandi-breton-stil-regalino","9":"product_cat-neu-eingetroffen-neue-lieblingsstuecke-bei-regalino","10":"product_tag-ib-laursen","11":"product_tag-kerzenhalter","12":"product_tag-vase","14":"first","15":"instock","16":"taxable","17":"shipping-taxable","18":"purchasable","19":"product-type-simple"},"yoast_head":"<!-- This site is optimized with the Yoast SEO plugin v27.5 - https:\/\/yoast.com\/product\/yoast-seo-wordpress\/ -->\n<title>Apothekerglas f.1,3 cm Kerze von Ib Laursen - Regalino -Lively Style<\/title>\n<meta name=\"description\" content=\"Der Kerzenhalter ist mundgeblasen, was bedeutet, dass er in der Gr\u00f6\u00dfe leicht variieren kann\" \/>\n<meta name=\"robots\" content=\"index, follow, max-snippet:-1, max-image-preview:large, max-video-preview:-1\" \/>\n<link rel=\"canonical\" href=\"https:\/\/Regalino-Shop.de\/?product=apothekerglas-f-13-cm-kerze-von-ib-laursen\" \/>\n<meta property=\"og:locale\" content=\"de_DE\" \/>\n<meta property=\"og:type\" content=\"article\" \/>\n<meta property=\"og:title\" content=\"Apothekerglas f.1,3 cm Kerze von Ib Laursen - Regalino -Lively Style\" \/>\n<meta property=\"og:description\" content=\"Der Kerzenhalter ist mundgeblasen, was bedeutet, dass er in der Gr\u00f6\u00dfe leicht variieren kann\" \/>\n<meta property=\"og:url\" content=\"https:\/\/Regalino-Shop.de\/?product=apothekerglas-f-13-cm-kerze-von-ib-laursen\" \/>\n<meta property=\"og:site_name\" content=\"Regalino -Lively Style\" \/>\n<meta property=\"article:modified_time\" content=\"2026-02-03T12:30:11+00:00\" \/>\n<meta property=\"og:image\" content=\"https:\/\/Regalino-Shop.de\/wp-content\/uploads\/2025\/07\/8530-00.jpg\" \/>\n\t<meta property=\"og:image:width\" content=\"1400\" \/>\n\t<meta property=\"og:image:height\" content=\"1400\" \/>\n\t<meta property=\"og:image:type\" content=\"image\/jpeg\" \/>\n<meta name=\"twitter:card\" content=\"summary_large_image\" \/>\n<meta name=\"twitter:label1\" content=\"Gesch\u00e4tzte Lesezeit\" \/>\n\t<meta name=\"twitter:data1\" content=\"1\u00a0Minute\" \/>\n<script type=\"application\/ld+json\" class=\"yoast-schema-graph\">{\"@context\":\"https:\\\/\\\/schema.org\",\"@graph\":[{\"@type\":\"WebPage\",\"@id\":\"https:\\\/\\\/Regalino-Shop.de\\\/?product=apothekerglas-f-13-cm-kerze-von-ib-laursen\",\"url\":\"https:\\\/\\\/Regalino-Shop.de\\\/?product=apothekerglas-f-13-cm-kerze-von-ib-laursen\",\"name\":\"Apothekerglas f.1,3 cm Kerze von Ib Laursen - Regalino -Lively Style\",\"isPartOf\":{\"@id\":\"https:\\\/\\\/Regalino-Shop.de\\\/#website\"},\"primaryImageOfPage\":{\"@id\":\"https:\\\/\\\/Regalino-Shop.de\\\/?product=apothekerglas-f-13-cm-kerze-von-ib-laursen#primaryimage\"},\"image\":{\"@id\":\"https:\\\/\\\/Regalino-Shop.de\\\/?product=apothekerglas-f-13-cm-kerze-von-ib-laursen#primaryimage\"},\"thumbnailUrl\":\"https:\\\/\\\/Regalino-Shop.de\\\/wp-content\\\/uploads\\\/2025\\\/07\\\/8530-00.jpg\",\"datePublished\":\"2025-07-18T11:26:06+00:00\",\"dateModified\":\"2026-02-03T12:30:11+00:00\",\"description\":\"Der Kerzenhalter ist mundgeblasen, was bedeutet, dass er in der Gr\u00f6\u00dfe leicht variieren kann\",\"breadcrumb\":{\"@id\":\"https:\\\/\\\/Regalino-Shop.de\\\/?product=apothekerglas-f-13-cm-kerze-von-ib-laursen#breadcrumb\"},\"inLanguage\":\"de\",\"potentialAction\":[{\"@type\":\"ReadAction\",\"target\":[\"https:\\\/\\\/Regalino-Shop.de\\\/?product=apothekerglas-f-13-cm-kerze-von-ib-laursen\"]}]},{\"@type\":\"ImageObject\",\"inLanguage\":\"de\",\"@id\":\"https:\\\/\\\/Regalino-Shop.de\\\/?product=apothekerglas-f-13-cm-kerze-von-ib-laursen#primaryimage\",\"url\":\"https:\\\/\\\/Regalino-Shop.de\\\/wp-content\\\/uploads\\\/2025\\\/07\\\/8530-00.jpg\",\"contentUrl\":\"https:\\\/\\\/Regalino-Shop.de\\\/wp-content\\\/uploads\\\/2025\\\/07\\\/8530-00.jpg\",\"width\":1400,\"height\":1400,\"caption\":\"Kerzenhalter\"},{\"@type\":\"BreadcrumbList\",\"@id\":\"https:\\\/\\\/Regalino-Shop.de\\\/?product=apothekerglas-f-13-cm-kerze-von-ib-laursen#breadcrumb\",\"itemListElement\":[{\"@type\":\"ListItem\",\"position\":1,\"name\":\"Startseite\",\"item\":\"https:\\\/\\\/Regalino-Shop.de\\\/\"},{\"@type\":\"ListItem\",\"position\":2,\"name\":\"Shop\",\"item\":\"https:\\\/\\\/Regalino-Shop.de\\\/?page_id=40\"},{\"@type\":\"ListItem\",\"position\":3,\"name\":\"Apothekerglas f.1,3 cm Kerze von Ib Laursen\"}]},{\"@type\":\"WebSite\",\"@id\":\"https:\\\/\\\/Regalino-Shop.de\\\/#website\",\"url\":\"https:\\\/\\\/Regalino-Shop.de\\\/\",\"name\":\"Regalino -Lively Style\",\"description\":\"gelebtes Zuhause\",\"potentialAction\":[{\"@type\":\"SearchAction\",\"target\":{\"@type\":\"EntryPoint\",\"urlTemplate\":\"https:\\\/\\\/Regalino-Shop.de\\\/?s={search_term_string}\"},\"query-input\":{\"@type\":\"PropertyValueSpecification\",\"valueRequired\":true,\"valueName\":\"search_term_string\"}}],\"inLanguage\":\"de\"}]}<\/script>\n<!-- \/ Yoast SEO plugin. -->","yoast_head_json":{"title":"Apothekerglas f.1,3 cm Kerze von Ib Laursen - Regalino -Lively Style","description":"Der Kerzenhalter ist mundgeblasen, was bedeutet, dass er in der Gr\u00f6\u00dfe leicht variieren kann","robots":{"index":"index","follow":"follow","max-snippet":"max-snippet:-1","max-image-preview":"max-image-preview:large","max-video-preview":"max-video-preview:-1"},"canonical":"https:\/\/Regalino-Shop.de\/?product=apothekerglas-f-13-cm-kerze-von-ib-laursen","og_locale":"de_DE","og_type":"article","og_title":"Apothekerglas f.1,3 cm Kerze von Ib Laursen - Regalino -Lively Style","og_description":"Der Kerzenhalter ist mundgeblasen, was bedeutet, dass er in der Gr\u00f6\u00dfe leicht variieren kann","og_url":"https:\/\/Regalino-Shop.de\/?product=apothekerglas-f-13-cm-kerze-von-ib-laursen","og_site_name":"Regalino -Lively Style","article_modified_time":"2026-02-03T12:30:11+00:00","og_image":[{"width":1400,"height":1400,"url":"https:\/\/Regalino-Shop.de\/wp-content\/uploads\/2025\/07\/8530-00.jpg","type":"image\/jpeg"}],"twitter_card":"summary_large_image","twitter_misc":{"Gesch\u00e4tzte Lesezeit":"1\u00a0Minute"},"schema":{"@context":"https:\/\/schema.org","@graph":[{"@type":"WebPage","@id":"https:\/\/Regalino-Shop.de\/?product=apothekerglas-f-13-cm-kerze-von-ib-laursen","url":"https:\/\/Regalino-Shop.de\/?product=apothekerglas-f-13-cm-kerze-von-ib-laursen","name":"Apothekerglas f.1,3 cm Kerze von Ib Laursen - Regalino -Lively Style","isPartOf":{"@id":"https:\/\/Regalino-Shop.de\/#website"},"primaryImageOfPage":{"@id":"https:\/\/Regalino-Shop.de\/?product=apothekerglas-f-13-cm-kerze-von-ib-laursen#primaryimage"},"image":{"@id":"https:\/\/Regalino-Shop.de\/?product=apothekerglas-f-13-cm-kerze-von-ib-laursen#primaryimage"},"thumbnailUrl":"https:\/\/Regalino-Shop.de\/wp-content\/uploads\/2025\/07\/8530-00.jpg","datePublished":"2025-07-18T11:26:06+00:00","dateModified":"2026-02-03T12:30:11+00:00","description":"Der Kerzenhalter ist mundgeblasen, was bedeutet, dass er in der Gr\u00f6\u00dfe leicht variieren kann","breadcrumb":{"@id":"https:\/\/Regalino-Shop.de\/?product=apothekerglas-f-13-cm-kerze-von-ib-laursen#breadcrumb"},"inLanguage":"de","potentialAction":[{"@type":"ReadAction","target":["https:\/\/Regalino-Shop.de\/?product=apothekerglas-f-13-cm-kerze-von-ib-laursen"]}]},{"@type":"ImageObject","inLanguage":"de","@id":"https:\/\/Regalino-Shop.de\/?product=apothekerglas-f-13-cm-kerze-von-ib-laursen#primaryimage","url":"https:\/\/Regalino-Shop.de\/wp-content\/uploads\/2025\/07\/8530-00.jpg","contentUrl":"https:\/\/Regalino-Shop.de\/wp-content\/uploads\/2025\/07\/8530-00.jpg","width":1400,"height":1400,"caption":"Kerzenhalter"},{"@type":"BreadcrumbList","@id":"https:\/\/Regalino-Shop.de\/?product=apothekerglas-f-13-cm-kerze-von-ib-laursen#breadcrumb","itemListElement":[{"@type":"ListItem","position":1,"name":"Startseite","item":"https:\/\/Regalino-Shop.de\/"},{"@type":"ListItem","position":2,"name":"Shop","item":"https:\/\/Regalino-Shop.de\/?page_id=40"},{"@type":"ListItem","position":3,"name":"Apothekerglas f.1,3 cm Kerze von Ib Laursen"}]},{"@type":"WebSite","@id":"https:\/\/Regalino-Shop.de\/#website","url":"https:\/\/Regalino-Shop.de\/","name":"Regalino -Lively Style","description":"gelebtes Zuhause","potentialAction":[{"@type":"SearchAction","target":{"@type":"EntryPoint","urlTemplate":"https:\/\/Regalino-Shop.de\/?s={search_term_string}"},"query-input":{"@type":"PropertyValueSpecification","valueRequired":true,"valueName":"search_term_string"}}],"inLanguage":"de"}]}},"_links":{"self":[{"href":"https:\/\/Regalino-Shop.de\/index.php?rest_route=\/wp\/v2\/product\/16316","targetHints":{"allow":["GET"]}}],"collection":[{"href":"https:\/\/Regalino-Shop.de\/index.php?rest_route=\/wp\/v2\/product"}],"about":[{"href":"https:\/\/Regalino-Shop.de\/index.php?rest_route=\/wp\/v2\/types\/product"}],"wp:featuredmedia":[{"embeddable":true,"href":"https:\/\/Regalino-Shop.de\/index.php?rest_route=\/wp\/v2\/media\/16317"}],"wp:attachment":[{"href":"https:\/\/Regalino-Shop.de\/index.php?rest_route=%2Fwp%2Fv2%2Fmedia&parent=16316"}],"wp:term":[{"taxonomy":"product_brand","embeddable":true,"href":"https:\/\/Regalino-Shop.de\/index.php?rest_route=%2Fwp%2Fv2%2Fproduct_brand&post=16316"},{"taxonomy":"product_cat","embeddable":true,"href":"https:\/\/Regalino-Shop.de\/index.php?rest_route=%2Fwp%2Fv2%2Fproduct_cat&post=16316"},{"taxonomy":"product_tag","embeddable":true,"href":"https:\/\/Regalino-Shop.de\/index.php?rest_route=%2Fwp%2Fv2%2Fproduct_tag&post=16316"}],"curies":[{"name":"wp","href":"https:\/\/api.w.org\/{rel}","templated":true}]}}

<div id="tab-product-description" class="ui-tabs-panel ui-widget-content ui-corner-bottom" role="tabpanel" aria-labelledby="ui-id-1" aria-hidden="false">
<h3> für dünne Kerze und/oder als kleine Vase</h3>
<p>Der Kerzenhalter ist mundgeblasen, was bedeutet, dass er in der Größe leicht variieren kann. Daher kann es sein, dass die Kerze nicht genau in den Halter passt. Dies kann gelöst werden, indem die Kerze am unteren Ende ein wenig geschmolzen und vorsichtig in den Halter gedrückt wird. Alternativ eignet sich dieses niedliche Apothekerglas auch perfekt als eine schöne kleine Vase für Lieblingsblumen</p>
<ul>
<li>Material: Glas</li>
<li>Maße: <span class="data">H: 8 Ø: 5</span></li>
</ul>
<p>Lieferumfang: 1 Glas ohne Kerze/Dekoration</p>
</div>

<!-- This site is optimized with the Yoast SEO plugin v27.5 - https://yoast.com/product/yoast-seo-wordpress/ -->
<title>Apothekerglas f.1,3 cm Kerze von Ib Laursen - Regalino -Lively Style</title>
<meta name="description" content="Der Kerzenhalter ist mundgeblasen, was bedeutet, dass er in der Größe leicht variieren kann" />
<meta name="robots" content="index, follow, max-snippet:-1, max-image-preview:large, max-video-preview:-1" />
<link rel="canonical" href="https://Regalino-Shop.de/?product=apothekerglas-f-13-cm-kerze-von-ib-laursen" />
<meta property="og:locale" content="de_DE" />
<meta property="og:type" content="article" />
<meta property="og:title" content="Apothekerglas f.1,3 cm Kerze von Ib Laursen - Regalino -Lively Style" />
<meta property="og:description" content="Der Kerzenhalter ist mundgeblasen, was bedeutet, dass er in der Größe leicht variieren kann" />
<meta property="og:url" content="https://Regalino-Shop.de/?product=apothekerglas-f-13-cm-kerze-von-ib-laursen" />
<meta property="og:site_name" content="Regalino -Lively Style" />
<meta property="article:modified_time" content="2026-02-03T12:30:11+00:00" />
<meta property="og:image" content="https://Regalino-Shop.de/wp-content/uploads/2025/07/8530-00.jpg" />
	<meta property="og:image:width" content="1400" />
	<meta property="og:image:height" content="1400" />
	<meta property="og:image:type" content="image/jpeg" />
<meta name="twitter:card" content="summary_large_image" />
<meta name="twitter:label1" content="Geschätzte Lesezeit" />
	<meta name="twitter:data1" content="1 Minute" />
<script type="application/ld+json" class="yoast-schema-graph">{"@context":"https:\/\/schema.org","@graph":[{"@type":"WebPage","@id":"https:\/\/Regalino-Shop.de\/?product=apothekerglas-f-13-cm-kerze-von-ib-laursen","url":"https:\/\/Regalino-Shop.de\/?product=apothekerglas-f-13-cm-kerze-von-ib-laursen","name":"Apothekerglas f.1,3 cm Kerze von Ib Laursen - Regalino -Lively Style","isPartOf":{"@id":"https:\/\/Regalino-Shop.de\/#website"},"primaryImageOfPage":{"@id":"https:\/\/Regalino-Shop.de\/?product=apothekerglas-f-13-cm-kerze-von-ib-laursen#primaryimage"},"image":{"@id":"https:\/\/Regalino-Shop.de\/?product=apothekerglas-f-13-cm-kerze-von-ib-laursen#primaryimage"},"thumbnailUrl":"https:\/\/Regalino-Shop.de\/wp-content\/uploads\/2025\/07\/8530-00.jpg","datePublished":"2025-07-18T11:26:06+00:00","dateModified":"2026-02-03T12:30:11+00:00","description":"Der Kerzenhalter ist mundgeblasen, was bedeutet, dass er in der Größe leicht variieren kann","breadcrumb":{"@id":"https:\/\/Regalino-Shop.de\/?product=apothekerglas-f-13-cm-kerze-von-ib-laursen#breadcrumb"},"inLanguage":"de","potentialAction":[{"@type":"ReadAction","target":["https:\/\/Regalino-Shop.de\/?product=apothekerglas-f-13-cm-kerze-von-ib-laursen"]}]},{"@type":"ImageObject","inLanguage":"de","@id":"https:\/\/Regalino-Shop.de\/?product=apothekerglas-f-13-cm-kerze-von-ib-laursen#primaryimage","url":"https:\/\/Regalino-Shop.de\/wp-content\/uploads\/2025\/07\/8530-00.jpg","contentUrl":"https:\/\/Regalino-Shop.de\/wp-content\/uploads\/2025\/07\/8530-00.jpg","width":1400,"height":1400,"caption":"Kerzenhalter"},{"@type":"BreadcrumbList","@id":"https:\/\/Regalino-Shop.de\/?product=apothekerglas-f-13-cm-kerze-von-ib-laursen#breadcrumb","itemListElement":[{"@type":"ListItem","position":1,"name":"Startseite","item":"https:\/\/Regalino-Shop.de\/"},{"@type":"ListItem","position":2,"name":"Shop","item":"https:\/\/Regalino-Shop.de\/?page_id=40"},{"@type":"ListItem","position":3,"name":"Apothekerglas f.1,3 cm Kerze von Ib Laursen"}]},{"@type":"WebSite","@id":"https:\/\/Regalino-Shop.de\/#website","url":"https:\/\/Regalino-Shop.de\/","name":"Regalino -Lively Style","description":"gelebtes Zuhause","potentialAction":[{"@type":"SearchAction","target":{"@type":"EntryPoint","urlTemplate":"https:\/\/Regalino-Shop.de\/?s={search_term_string}"},"query-input":{"@type":"PropertyValueSpecification","valueRequired":true,"valueName":"search_term_string"}}],"inLanguage":"de"}]}</script>
<!-- / Yoast SEO plugin. -->

Der Kerzenhalter ist mundgeblasen, was bedeutet, dass er in der Größe leicht variieren kann
