{"id":16403,"date":"2025-07-29T10:30:11","date_gmt":"2025-07-29T10:30:11","guid":{"rendered":"https:\/\/Regalino-Shop.de\/?post_type=product&#038;p=16403"},"modified":"2025-07-29T10:43:48","modified_gmt":"2025-07-29T10:43:48","slug":"beppo-wird-alt","status":"publish","type":"product","link":"https:\/\/Regalino-Shop.de\/?product=beppo-wird-alt","title":{"rendered":"Beppo wird alt"},"content":{"rendered":"","protected":false},"excerpt":{"rendered":"<p>Das ist Beppo, unser Hund. Beppo ist 12 Jahre alt, aber morgen wird er 13. F\u00fcr einen Menschen ist das gar nicht viel, f\u00fcr einen Hund aber schon. Ich wei\u00df, dass er irgendwann sterben muss. Das macht mich traurig. Aber Beppo ist nun mal ein Hund. Und Hunde\u00a0sind anders als Menschen. Sie reden nicht \u00fcber ihre Liebe und ihren \u00c4rger und ihren Stolz und ihr Bauchweh. Sie reden auch nicht \u00fcber das Altwerden, das Sterben und den Tod. Sie leben einfach und freuen sich auf jeden neuen Tag<\/p>\n<div class=\"WaaZC\">\n<div class=\"rPeykc\" data-hveid=\"CBEQAQ\" data-ved=\"2ahUKEwix5PiPxsaOAxVR3QIHHfjHHlUQo_EKegQIERAB\"><\/div>\n<\/div>\n<div class=\"WaaZC\">\n<div data-hveid=\"CBgQAQ\" data-ved=\"2ahUKEwix5PiPxsaOAxVR3QIHHfjHHlUQo_EKegQIGBAB\"><\/div>\n<div class=\"rPeykc\" data-hveid=\"CBgQAQ\" data-ved=\"2ahUKEwix5PiPxsaOAxVR3QIHHfjHHlUQo_EKegQIGBAB\"><span data-huuid=\"6698003508625857638\">Illustrationen von Andrea Stegmaier<\/span><\/div>\n<\/div>\n<section class=\"artikeldetail\">\n<ul>\n<li>Altersempfehlung ab 3 Jahren<\/li>\n<li>Seitenanzahl:\u00a0 32<\/li>\n<li>ISBN 978-3-649-64389-0<\/li>\n<\/ul>\n<\/section>\n","protected":false},"featured_media":16404,"template":"","meta":{"_et_pb_use_builder":"","_et_pb_old_content":"","_et_gb_content_width":""},"product_brand":[1855],"product_cat":[1781,96],"product_tag":[1821,1833,1737,1863,1865,1864],"class_list":{"0":"post-16403","1":"product","2":"type-product","3":"status-publish","4":"has-post-thumbnail","6":"product_brand-coppenrath-verlag","7":"product_cat-vorlesen-bilderbuecher-fuer-kinder-regalino","8":"product_cat-buecher-fuer-erwachsene-besondere-lieblingsstuecke-regalino","9":"product_tag-bilderbuch","10":"product_tag-freundschaft","11":"product_tag-hund","12":"product_tag-sterben","13":"product_tag-tierliebe","14":"product_tag-tod","16":"first","17":"instock","18":"taxable","19":"shipping-taxable","20":"purchasable","21":"product-type-simple"},"yoast_head":"<!-- This site is optimized with the Yoast SEO plugin v27.5 - https:\/\/yoast.com\/product\/yoast-seo-wordpress\/ -->\n<title>Beppo wird alt - Regalino -Lively Style<\/title>\n<meta name=\"description\" content=\"Das ist Beppo, unser Hund. Beppo ist 12 Jahre alt, aber morgen wird er 13. F\u00fcr einen Menschen ist das gar nicht viel, f\u00fcr einen Hund aber schon.\" \/>\n<meta name=\"robots\" content=\"index, follow, max-snippet:-1, max-image-preview:large, max-video-preview:-1\" \/>\n<link rel=\"canonical\" href=\"https:\/\/Regalino-Shop.de\/?product=beppo-wird-alt\" \/>\n<meta property=\"og:locale\" content=\"de_DE\" \/>\n<meta property=\"og:type\" content=\"article\" \/>\n<meta property=\"og:title\" content=\"Beppo wird alt - Regalino -Lively Style\" \/>\n<meta property=\"og:description\" content=\"Das ist Beppo, unser Hund. Beppo ist 12 Jahre alt, aber morgen wird er 13. F\u00fcr einen Menschen ist das gar nicht viel, f\u00fcr einen Hund aber schon.\" \/>\n<meta property=\"og:url\" content=\"https:\/\/Regalino-Shop.de\/?product=beppo-wird-alt\" \/>\n<meta property=\"og:site_name\" content=\"Regalino -Lively Style\" \/>\n<meta property=\"article:modified_time\" content=\"2025-07-29T10:43:48+00:00\" \/>\n<meta property=\"og:image\" content=\"https:\/\/Regalino-Shop.de\/wp-content\/uploads\/2025\/07\/beppo-wird-alt-gebundene-ausgabe-burkhard-spinnen.webp\" \/>\n\t<meta property=\"og:image:width\" content=\"529\" \/>\n\t<meta property=\"og:image:height\" content=\"600\" \/>\n\t<meta property=\"og:image:type\" content=\"image\/webp\" \/>\n<meta name=\"twitter:card\" content=\"summary_large_image\" \/>\n<meta name=\"twitter:label1\" content=\"Gesch\u00e4tzte Lesezeit\" \/>\n\t<meta name=\"twitter:data1\" content=\"1\u00a0Minute\" \/>\n<script type=\"application\/ld+json\" class=\"yoast-schema-graph\">{\"@context\":\"https:\\\/\\\/schema.org\",\"@graph\":[{\"@type\":\"WebPage\",\"@id\":\"https:\\\/\\\/Regalino-Shop.de\\\/?product=beppo-wird-alt\",\"url\":\"https:\\\/\\\/Regalino-Shop.de\\\/?product=beppo-wird-alt\",\"name\":\"Beppo wird alt - Regalino -Lively Style\",\"isPartOf\":{\"@id\":\"https:\\\/\\\/Regalino-Shop.de\\\/#website\"},\"primaryImageOfPage\":{\"@id\":\"https:\\\/\\\/Regalino-Shop.de\\\/?product=beppo-wird-alt#primaryimage\"},\"image\":{\"@id\":\"https:\\\/\\\/Regalino-Shop.de\\\/?product=beppo-wird-alt#primaryimage\"},\"thumbnailUrl\":\"https:\\\/\\\/Regalino-Shop.de\\\/wp-content\\\/uploads\\\/2025\\\/07\\\/beppo-wird-alt-gebundene-ausgabe-burkhard-spinnen.webp\",\"datePublished\":\"2025-07-29T10:30:11+00:00\",\"dateModified\":\"2025-07-29T10:43:48+00:00\",\"description\":\"Das ist Beppo, unser Hund. Beppo ist 12 Jahre alt, aber morgen wird er 13. F\u00fcr einen Menschen ist das gar nicht viel, f\u00fcr einen Hund aber schon.\",\"breadcrumb\":{\"@id\":\"https:\\\/\\\/Regalino-Shop.de\\\/?product=beppo-wird-alt#breadcrumb\"},\"inLanguage\":\"de\",\"potentialAction\":[{\"@type\":\"ReadAction\",\"target\":[\"https:\\\/\\\/Regalino-Shop.de\\\/?product=beppo-wird-alt\"]}]},{\"@type\":\"ImageObject\",\"inLanguage\":\"de\",\"@id\":\"https:\\\/\\\/Regalino-Shop.de\\\/?product=beppo-wird-alt#primaryimage\",\"url\":\"https:\\\/\\\/Regalino-Shop.de\\\/wp-content\\\/uploads\\\/2025\\\/07\\\/beppo-wird-alt-gebundene-ausgabe-burkhard-spinnen.webp\",\"contentUrl\":\"https:\\\/\\\/Regalino-Shop.de\\\/wp-content\\\/uploads\\\/2025\\\/07\\\/beppo-wird-alt-gebundene-ausgabe-burkhard-spinnen.webp\",\"width\":529,\"height\":600},{\"@type\":\"BreadcrumbList\",\"@id\":\"https:\\\/\\\/Regalino-Shop.de\\\/?product=beppo-wird-alt#breadcrumb\",\"itemListElement\":[{\"@type\":\"ListItem\",\"position\":1,\"name\":\"Startseite\",\"item\":\"https:\\\/\\\/Regalino-Shop.de\\\/\"},{\"@type\":\"ListItem\",\"position\":2,\"name\":\"Shop\",\"item\":\"https:\\\/\\\/Regalino-Shop.de\\\/?page_id=40\"},{\"@type\":\"ListItem\",\"position\":3,\"name\":\"Beppo wird alt\"}]},{\"@type\":\"WebSite\",\"@id\":\"https:\\\/\\\/Regalino-Shop.de\\\/#website\",\"url\":\"https:\\\/\\\/Regalino-Shop.de\\\/\",\"name\":\"Regalino -Lively Style\",\"description\":\"gelebtes Zuhause\",\"potentialAction\":[{\"@type\":\"SearchAction\",\"target\":{\"@type\":\"EntryPoint\",\"urlTemplate\":\"https:\\\/\\\/Regalino-Shop.de\\\/?s={search_term_string}\"},\"query-input\":{\"@type\":\"PropertyValueSpecification\",\"valueRequired\":true,\"valueName\":\"search_term_string\"}}],\"inLanguage\":\"de\"}]}<\/script>\n<!-- \/ Yoast SEO plugin. -->","yoast_head_json":{"title":"Beppo wird alt - Regalino -Lively Style","description":"Das ist Beppo, unser Hund. Beppo ist 12 Jahre alt, aber morgen wird er 13. F\u00fcr einen Menschen ist das gar nicht viel, f\u00fcr einen Hund aber schon.","robots":{"index":"index","follow":"follow","max-snippet":"max-snippet:-1","max-image-preview":"max-image-preview:large","max-video-preview":"max-video-preview:-1"},"canonical":"https:\/\/Regalino-Shop.de\/?product=beppo-wird-alt","og_locale":"de_DE","og_type":"article","og_title":"Beppo wird alt - Regalino -Lively Style","og_description":"Das ist Beppo, unser Hund. Beppo ist 12 Jahre alt, aber morgen wird er 13. F\u00fcr einen Menschen ist das gar nicht viel, f\u00fcr einen Hund aber schon.","og_url":"https:\/\/Regalino-Shop.de\/?product=beppo-wird-alt","og_site_name":"Regalino -Lively Style","article_modified_time":"2025-07-29T10:43:48+00:00","og_image":[{"width":529,"height":600,"url":"https:\/\/Regalino-Shop.de\/wp-content\/uploads\/2025\/07\/beppo-wird-alt-gebundene-ausgabe-burkhard-spinnen.webp","type":"image\/webp"}],"twitter_card":"summary_large_image","twitter_misc":{"Gesch\u00e4tzte Lesezeit":"1\u00a0Minute"},"schema":{"@context":"https:\/\/schema.org","@graph":[{"@type":"WebPage","@id":"https:\/\/Regalino-Shop.de\/?product=beppo-wird-alt","url":"https:\/\/Regalino-Shop.de\/?product=beppo-wird-alt","name":"Beppo wird alt - Regalino -Lively Style","isPartOf":{"@id":"https:\/\/Regalino-Shop.de\/#website"},"primaryImageOfPage":{"@id":"https:\/\/Regalino-Shop.de\/?product=beppo-wird-alt#primaryimage"},"image":{"@id":"https:\/\/Regalino-Shop.de\/?product=beppo-wird-alt#primaryimage"},"thumbnailUrl":"https:\/\/Regalino-Shop.de\/wp-content\/uploads\/2025\/07\/beppo-wird-alt-gebundene-ausgabe-burkhard-spinnen.webp","datePublished":"2025-07-29T10:30:11+00:00","dateModified":"2025-07-29T10:43:48+00:00","description":"Das ist Beppo, unser Hund. Beppo ist 12 Jahre alt, aber morgen wird er 13. F\u00fcr einen Menschen ist das gar nicht viel, f\u00fcr einen Hund aber schon.","breadcrumb":{"@id":"https:\/\/Regalino-Shop.de\/?product=beppo-wird-alt#breadcrumb"},"inLanguage":"de","potentialAction":[{"@type":"ReadAction","target":["https:\/\/Regalino-Shop.de\/?product=beppo-wird-alt"]}]},{"@type":"ImageObject","inLanguage":"de","@id":"https:\/\/Regalino-Shop.de\/?product=beppo-wird-alt#primaryimage","url":"https:\/\/Regalino-Shop.de\/wp-content\/uploads\/2025\/07\/beppo-wird-alt-gebundene-ausgabe-burkhard-spinnen.webp","contentUrl":"https:\/\/Regalino-Shop.de\/wp-content\/uploads\/2025\/07\/beppo-wird-alt-gebundene-ausgabe-burkhard-spinnen.webp","width":529,"height":600},{"@type":"BreadcrumbList","@id":"https:\/\/Regalino-Shop.de\/?product=beppo-wird-alt#breadcrumb","itemListElement":[{"@type":"ListItem","position":1,"name":"Startseite","item":"https:\/\/Regalino-Shop.de\/"},{"@type":"ListItem","position":2,"name":"Shop","item":"https:\/\/Regalino-Shop.de\/?page_id=40"},{"@type":"ListItem","position":3,"name":"Beppo wird alt"}]},{"@type":"WebSite","@id":"https:\/\/Regalino-Shop.de\/#website","url":"https:\/\/Regalino-Shop.de\/","name":"Regalino -Lively Style","description":"gelebtes Zuhause","potentialAction":[{"@type":"SearchAction","target":{"@type":"EntryPoint","urlTemplate":"https:\/\/Regalino-Shop.de\/?s={search_term_string}"},"query-input":{"@type":"PropertyValueSpecification","valueRequired":true,"valueName":"search_term_string"}}],"inLanguage":"de"}]}},"_links":{"self":[{"href":"https:\/\/Regalino-Shop.de\/index.php?rest_route=\/wp\/v2\/product\/16403","targetHints":{"allow":["GET"]}}],"collection":[{"href":"https:\/\/Regalino-Shop.de\/index.php?rest_route=\/wp\/v2\/product"}],"about":[{"href":"https:\/\/Regalino-Shop.de\/index.php?rest_route=\/wp\/v2\/types\/product"}],"wp:featuredmedia":[{"embeddable":true,"href":"https:\/\/Regalino-Shop.de\/index.php?rest_route=\/wp\/v2\/media\/16404"}],"wp:attachment":[{"href":"https:\/\/Regalino-Shop.de\/index.php?rest_route=%2Fwp%2Fv2%2Fmedia&parent=16403"}],"wp:term":[{"taxonomy":"product_brand","embeddable":true,"href":"https:\/\/Regalino-Shop.de\/index.php?rest_route=%2Fwp%2Fv2%2Fproduct_brand&post=16403"},{"taxonomy":"product_cat","embeddable":true,"href":"https:\/\/Regalino-Shop.de\/index.php?rest_route=%2Fwp%2Fv2%2Fproduct_cat&post=16403"},{"taxonomy":"product_tag","embeddable":true,"href":"https:\/\/Regalino-Shop.de\/index.php?rest_route=%2Fwp%2Fv2%2Fproduct_tag&post=16403"}],"curies":[{"name":"wp","href":"https:\/\/api.w.org\/{rel}","templated":true}]}}

<p>Das ist Beppo, unser Hund. Beppo ist 12 Jahre alt, aber morgen wird er 13. Für einen Menschen ist das gar nicht viel, für einen Hund aber schon. Ich weiß, dass er irgendwann sterben muss. Das macht mich traurig. Aber Beppo ist nun mal ein Hund. Und Hunde sind anders als Menschen. Sie reden nicht über ihre Liebe und ihren Ärger und ihren Stolz und ihr Bauchweh. Sie reden auch nicht über das Altwerden, das Sterben und den Tod. Sie leben einfach und freuen sich auf jeden neuen Tag</p>
<div class="WaaZC">
<div class="rPeykc" data-hveid="CBEQAQ" data-ved="2ahUKEwix5PiPxsaOAxVR3QIHHfjHHlUQo_EKegQIERAB"></div>
</div>
<div class="WaaZC">
<div data-hveid="CBgQAQ" data-ved="2ahUKEwix5PiPxsaOAxVR3QIHHfjHHlUQo_EKegQIGBAB"></div>
<div class="rPeykc" data-hveid="CBgQAQ" data-ved="2ahUKEwix5PiPxsaOAxVR3QIHHfjHHlUQo_EKegQIGBAB"><span data-huuid="6698003508625857638">Illustrationen von Andrea Stegmaier</span></div>
</div>
<section class="artikeldetail">
<ul>
<li>Altersempfehlung ab 3 Jahren</li>
<li>Seitenanzahl:  32</li>
<li>ISBN 978-3-649-64389-0</li>
</ul>
</section>

<!-- This site is optimized with the Yoast SEO plugin v27.5 - https://yoast.com/product/yoast-seo-wordpress/ -->
<title>Beppo wird alt - Regalino -Lively Style</title>
<meta name="description" content="Das ist Beppo, unser Hund. Beppo ist 12 Jahre alt, aber morgen wird er 13. Für einen Menschen ist das gar nicht viel, für einen Hund aber schon." />
<meta name="robots" content="index, follow, max-snippet:-1, max-image-preview:large, max-video-preview:-1" />
<link rel="canonical" href="https://Regalino-Shop.de/?product=beppo-wird-alt" />
<meta property="og:locale" content="de_DE" />
<meta property="og:type" content="article" />
<meta property="og:title" content="Beppo wird alt - Regalino -Lively Style" />
<meta property="og:description" content="Das ist Beppo, unser Hund. Beppo ist 12 Jahre alt, aber morgen wird er 13. Für einen Menschen ist das gar nicht viel, für einen Hund aber schon." />
<meta property="og:url" content="https://Regalino-Shop.de/?product=beppo-wird-alt" />
<meta property="og:site_name" content="Regalino -Lively Style" />
<meta property="article:modified_time" content="2025-07-29T10:43:48+00:00" />
<meta property="og:image" content="https://Regalino-Shop.de/wp-content/uploads/2025/07/beppo-wird-alt-gebundene-ausgabe-burkhard-spinnen.webp" />
	<meta property="og:image:width" content="529" />
	<meta property="og:image:height" content="600" />
	<meta property="og:image:type" content="image/webp" />
<meta name="twitter:card" content="summary_large_image" />
<meta name="twitter:label1" content="Geschätzte Lesezeit" />
	<meta name="twitter:data1" content="1 Minute" />
<script type="application/ld+json" class="yoast-schema-graph">{"@context":"https:\/\/schema.org","@graph":[{"@type":"WebPage","@id":"https:\/\/Regalino-Shop.de\/?product=beppo-wird-alt","url":"https:\/\/Regalino-Shop.de\/?product=beppo-wird-alt","name":"Beppo wird alt - Regalino -Lively Style","isPartOf":{"@id":"https:\/\/Regalino-Shop.de\/#website"},"primaryImageOfPage":{"@id":"https:\/\/Regalino-Shop.de\/?product=beppo-wird-alt#primaryimage"},"image":{"@id":"https:\/\/Regalino-Shop.de\/?product=beppo-wird-alt#primaryimage"},"thumbnailUrl":"https:\/\/Regalino-Shop.de\/wp-content\/uploads\/2025\/07\/beppo-wird-alt-gebundene-ausgabe-burkhard-spinnen.webp","datePublished":"2025-07-29T10:30:11+00:00","dateModified":"2025-07-29T10:43:48+00:00","description":"Das ist Beppo, unser Hund. Beppo ist 12 Jahre alt, aber morgen wird er 13. Für einen Menschen ist das gar nicht viel, für einen Hund aber schon.","breadcrumb":{"@id":"https:\/\/Regalino-Shop.de\/?product=beppo-wird-alt#breadcrumb"},"inLanguage":"de","potentialAction":[{"@type":"ReadAction","target":["https:\/\/Regalino-Shop.de\/?product=beppo-wird-alt"]}]},{"@type":"ImageObject","inLanguage":"de","@id":"https:\/\/Regalino-Shop.de\/?product=beppo-wird-alt#primaryimage","url":"https:\/\/Regalino-Shop.de\/wp-content\/uploads\/2025\/07\/beppo-wird-alt-gebundene-ausgabe-burkhard-spinnen.webp","contentUrl":"https:\/\/Regalino-Shop.de\/wp-content\/uploads\/2025\/07\/beppo-wird-alt-gebundene-ausgabe-burkhard-spinnen.webp","width":529,"height":600},{"@type":"BreadcrumbList","@id":"https:\/\/Regalino-Shop.de\/?product=beppo-wird-alt#breadcrumb","itemListElement":[{"@type":"ListItem","position":1,"name":"Startseite","item":"https:\/\/Regalino-Shop.de\/"},{"@type":"ListItem","position":2,"name":"Shop","item":"https:\/\/Regalino-Shop.de\/?page_id=40"},{"@type":"ListItem","position":3,"name":"Beppo wird alt"}]},{"@type":"WebSite","@id":"https:\/\/Regalino-Shop.de\/#website","url":"https:\/\/Regalino-Shop.de\/","name":"Regalino -Lively Style","description":"gelebtes Zuhause","potentialAction":[{"@type":"SearchAction","target":{"@type":"EntryPoint","urlTemplate":"https:\/\/Regalino-Shop.de\/?s={search_term_string}"},"query-input":{"@type":"PropertyValueSpecification","valueRequired":true,"valueName":"search_term_string"}}],"inLanguage":"de"}]}</script>
<!-- / Yoast SEO plugin. -->

Das ist Beppo, unser Hund. Beppo ist 12 Jahre alt, aber morgen wird er 13. Für einen Menschen ist das gar nicht viel, für einen Hund aber schon.
