{"id":16526,"date":"2025-08-14T10:03:20","date_gmt":"2025-08-14T10:03:20","guid":{"rendered":"https:\/\/Regalino-Shop.de\/?post_type=product&#038;p=16526"},"modified":"2026-04-22T12:42:07","modified_gmt":"2026-04-22T12:42:07","slug":"badehandschuh-mango-tranquillo","status":"publish","type":"product","link":"https:\/\/Regalino-Shop.de\/?product=badehandschuh-mango-tranquillo","title":{"rendered":"Badehandschuh *Mango* Tranquillo"},"content":{"rendered":"","protected":false},"excerpt":{"rendered":"<h3>sanftes Peeling<\/h3>\n<div>\n<div class=\"product-info__description\">\n<div class=\"prose\">G\u00f6nne deiner Haut mit diesem wunderbaren Badehandschuh ein sanftes Peeling und eine duftende Extraportion Wellness. Der Badehandschuh ist aus 100 % Jute gefertigt und mit einer milden, handgefertigten Seife gef\u00fcllt, die in Verbindung mit Wasser sanft aufsch\u00e4umt. Die Seife hat einen fruchtigen Duft und enth\u00e4lt naturreine, pflegende, \u00e4therische \u00d6le. Lass deine Sinne von dem frischen Duft verw\u00f6hnen. In Kombination mit einer Seifenschale \u00fcbrigens auch ein tolles Geschenk. Die Seife wird von Hand hergestellt und liebevoll einzeln verpackt. Die Hersteller sind Mitglied in der World Fair Organisation und setzen sich f\u00fcr faire und nachhaltige Projekte ein. Alle Seifen sind frei von Palm\u00f6l und tierischen Inhaltsstoffen.Inhaltsstoffe: Cocos Nucifera Oil, Oryza Sativa Bran Oil, Aqua, Sodium Hydroxide, Parfum, Hibiscus sabdariffa flower extract, CI 77492, CI 77491, Benzyl Alcohol, Limonene, Linalool<\/div>\n<div><\/div>\n<div class=\"prose\">Anwendung: Feuchte den Badehandschuh mit Wasser an und massiere deine Haut mit kreisenden Bewegungen ein. Anschlie\u00dfend gr\u00fcndlich mit Wasser absp\u00fclen. Nur zur \u00e4u\u00dferlichen Anwendung. Augenkontakt vermeiden. Au\u00dferhalb der Reichweite von Kindern aufbewahren.<\/div>\n<\/div>\n<div class=\"sustainability-criteria-container\">\n<div class=\"sustainability-criterion\"><\/div>\n<\/div>\n<\/div>\n<ul>\n<li>Inhalt 140 g<\/li>\n<li>Badehandschuh aus 100% Jute<\/li>\n<\/ul>\n<p>Lieferung 1 Badehandschuh mit Seife<\/p>\n<p>&nbsp;<\/p>\n","protected":false},"featured_media":16527,"template":"","meta":{"_et_pb_use_builder":"","_et_pb_old_content":"","_et_gb_content_width":""},"product_brand":[1903],"product_cat":[83,3068,3067,57],"product_tag":[1906,1905,882,1904,1099],"class_list":{"0":"post-16526","1":"product","2":"type-product","3":"status-publish","4":"has-post-thumbnail","6":"product_brand-tranquillo","7":"product_cat-bad-spa-besondere-wohlfuehlmomente-regalino","8":"product_cat-fuer-mama-oma","9":"product_cat-geschenkideen","10":"product_cat-neu-eingetroffen-neue-lieblingsstuecke-bei-regalino","11":"product_tag-baddekoration","12":"product_tag-badehandschuh","13":"product_tag-baden","14":"product_tag-seife","15":"product_tag-wellness","17":"first","18":"instock","19":"taxable","20":"shipping-taxable","21":"purchasable","22":"product-type-simple"},"yoast_head":"<!-- This site is optimized with the Yoast SEO plugin v27.5 - https:\/\/yoast.com\/product\/yoast-seo-wordpress\/ -->\n<title>Badehandschuh *Mango* Tranquillo - Regalino -Lively Style<\/title>\n<meta name=\"description\" content=\"G\u00f6nne deiner Haut mit diesem wunderbaren Badehandschuh ein sanftes Peeling und eine duftende Extraportion Wellness\" \/>\n<meta name=\"robots\" content=\"index, follow, max-snippet:-1, max-image-preview:large, max-video-preview:-1\" \/>\n<link rel=\"canonical\" href=\"https:\/\/Regalino-Shop.de\/?product=badehandschuh-mango-tranquillo\" \/>\n<meta property=\"og:locale\" content=\"de_DE\" \/>\n<meta property=\"og:type\" content=\"article\" \/>\n<meta property=\"og:title\" content=\"Badehandschuh *Mango* Tranquillo - Regalino -Lively Style\" \/>\n<meta property=\"og:description\" content=\"G\u00f6nne deiner Haut mit diesem wunderbaren Badehandschuh ein sanftes Peeling und eine duftende Extraportion Wellness\" \/>\n<meta property=\"og:url\" content=\"https:\/\/Regalino-Shop.de\/?product=badehandschuh-mango-tranquillo\" \/>\n<meta property=\"og:site_name\" content=\"Regalino -Lively Style\" \/>\n<meta property=\"article:modified_time\" content=\"2026-04-22T12:42:07+00:00\" \/>\n<meta property=\"og:image\" content=\"https:\/\/Regalino-Shop.de\/wp-content\/uploads\/2025\/08\/seifensaeckchen-mango-tranquillo-netz.webp\" \/>\n\t<meta property=\"og:image:width\" content=\"800\" \/>\n\t<meta property=\"og:image:height\" content=\"1200\" \/>\n\t<meta property=\"og:image:type\" content=\"image\/webp\" \/>\n<meta name=\"twitter:card\" content=\"summary_large_image\" \/>\n<meta name=\"twitter:label1\" content=\"Gesch\u00e4tzte Lesezeit\" \/>\n\t<meta name=\"twitter:data1\" content=\"1\u00a0Minute\" \/>\n<script type=\"application\/ld+json\" class=\"yoast-schema-graph\">{\"@context\":\"https:\\\/\\\/schema.org\",\"@graph\":[{\"@type\":\"WebPage\",\"@id\":\"https:\\\/\\\/Regalino-Shop.de\\\/?product=badehandschuh-mango-tranquillo\",\"url\":\"https:\\\/\\\/Regalino-Shop.de\\\/?product=badehandschuh-mango-tranquillo\",\"name\":\"Badehandschuh *Mango* Tranquillo - Regalino -Lively Style\",\"isPartOf\":{\"@id\":\"https:\\\/\\\/Regalino-Shop.de\\\/#website\"},\"primaryImageOfPage\":{\"@id\":\"https:\\\/\\\/Regalino-Shop.de\\\/?product=badehandschuh-mango-tranquillo#primaryimage\"},\"image\":{\"@id\":\"https:\\\/\\\/Regalino-Shop.de\\\/?product=badehandschuh-mango-tranquillo#primaryimage\"},\"thumbnailUrl\":\"https:\\\/\\\/Regalino-Shop.de\\\/wp-content\\\/uploads\\\/2025\\\/08\\\/seifensaeckchen-mango-tranquillo-netz.webp\",\"datePublished\":\"2025-08-14T10:03:20+00:00\",\"dateModified\":\"2026-04-22T12:42:07+00:00\",\"description\":\"G\u00f6nne deiner Haut mit diesem wunderbaren Badehandschuh ein sanftes Peeling und eine duftende Extraportion Wellness\",\"breadcrumb\":{\"@id\":\"https:\\\/\\\/Regalino-Shop.de\\\/?product=badehandschuh-mango-tranquillo#breadcrumb\"},\"inLanguage\":\"de\",\"potentialAction\":[{\"@type\":\"ReadAction\",\"target\":[\"https:\\\/\\\/Regalino-Shop.de\\\/?product=badehandschuh-mango-tranquillo\"]}]},{\"@type\":\"ImageObject\",\"inLanguage\":\"de\",\"@id\":\"https:\\\/\\\/Regalino-Shop.de\\\/?product=badehandschuh-mango-tranquillo#primaryimage\",\"url\":\"https:\\\/\\\/Regalino-Shop.de\\\/wp-content\\\/uploads\\\/2025\\\/08\\\/seifensaeckchen-mango-tranquillo-netz.webp\",\"contentUrl\":\"https:\\\/\\\/Regalino-Shop.de\\\/wp-content\\\/uploads\\\/2025\\\/08\\\/seifensaeckchen-mango-tranquillo-netz.webp\",\"width\":800,\"height\":1200},{\"@type\":\"BreadcrumbList\",\"@id\":\"https:\\\/\\\/Regalino-Shop.de\\\/?product=badehandschuh-mango-tranquillo#breadcrumb\",\"itemListElement\":[{\"@type\":\"ListItem\",\"position\":1,\"name\":\"Startseite\",\"item\":\"https:\\\/\\\/Regalino-Shop.de\\\/\"},{\"@type\":\"ListItem\",\"position\":2,\"name\":\"Shop\",\"item\":\"https:\\\/\\\/Regalino-Shop.de\\\/?page_id=40\"},{\"@type\":\"ListItem\",\"position\":3,\"name\":\"Badehandschuh *Mango* Tranquillo\"}]},{\"@type\":\"WebSite\",\"@id\":\"https:\\\/\\\/Regalino-Shop.de\\\/#website\",\"url\":\"https:\\\/\\\/Regalino-Shop.de\\\/\",\"name\":\"Regalino -Lively Style\",\"description\":\"gelebtes Zuhause\",\"potentialAction\":[{\"@type\":\"SearchAction\",\"target\":{\"@type\":\"EntryPoint\",\"urlTemplate\":\"https:\\\/\\\/Regalino-Shop.de\\\/?s={search_term_string}\"},\"query-input\":{\"@type\":\"PropertyValueSpecification\",\"valueRequired\":true,\"valueName\":\"search_term_string\"}}],\"inLanguage\":\"de\"}]}<\/script>\n<!-- \/ Yoast SEO plugin. -->","yoast_head_json":{"title":"Badehandschuh *Mango* Tranquillo - Regalino -Lively Style","description":"G\u00f6nne deiner Haut mit diesem wunderbaren Badehandschuh ein sanftes Peeling und eine duftende Extraportion Wellness","robots":{"index":"index","follow":"follow","max-snippet":"max-snippet:-1","max-image-preview":"max-image-preview:large","max-video-preview":"max-video-preview:-1"},"canonical":"https:\/\/Regalino-Shop.de\/?product=badehandschuh-mango-tranquillo","og_locale":"de_DE","og_type":"article","og_title":"Badehandschuh *Mango* Tranquillo - Regalino -Lively Style","og_description":"G\u00f6nne deiner Haut mit diesem wunderbaren Badehandschuh ein sanftes Peeling und eine duftende Extraportion Wellness","og_url":"https:\/\/Regalino-Shop.de\/?product=badehandschuh-mango-tranquillo","og_site_name":"Regalino -Lively Style","article_modified_time":"2026-04-22T12:42:07+00:00","og_image":[{"width":800,"height":1200,"url":"https:\/\/Regalino-Shop.de\/wp-content\/uploads\/2025\/08\/seifensaeckchen-mango-tranquillo-netz.webp","type":"image\/webp"}],"twitter_card":"summary_large_image","twitter_misc":{"Gesch\u00e4tzte Lesezeit":"1\u00a0Minute"},"schema":{"@context":"https:\/\/schema.org","@graph":[{"@type":"WebPage","@id":"https:\/\/Regalino-Shop.de\/?product=badehandschuh-mango-tranquillo","url":"https:\/\/Regalino-Shop.de\/?product=badehandschuh-mango-tranquillo","name":"Badehandschuh *Mango* Tranquillo - Regalino -Lively Style","isPartOf":{"@id":"https:\/\/Regalino-Shop.de\/#website"},"primaryImageOfPage":{"@id":"https:\/\/Regalino-Shop.de\/?product=badehandschuh-mango-tranquillo#primaryimage"},"image":{"@id":"https:\/\/Regalino-Shop.de\/?product=badehandschuh-mango-tranquillo#primaryimage"},"thumbnailUrl":"https:\/\/Regalino-Shop.de\/wp-content\/uploads\/2025\/08\/seifensaeckchen-mango-tranquillo-netz.webp","datePublished":"2025-08-14T10:03:20+00:00","dateModified":"2026-04-22T12:42:07+00:00","description":"G\u00f6nne deiner Haut mit diesem wunderbaren Badehandschuh ein sanftes Peeling und eine duftende Extraportion Wellness","breadcrumb":{"@id":"https:\/\/Regalino-Shop.de\/?product=badehandschuh-mango-tranquillo#breadcrumb"},"inLanguage":"de","potentialAction":[{"@type":"ReadAction","target":["https:\/\/Regalino-Shop.de\/?product=badehandschuh-mango-tranquillo"]}]},{"@type":"ImageObject","inLanguage":"de","@id":"https:\/\/Regalino-Shop.de\/?product=badehandschuh-mango-tranquillo#primaryimage","url":"https:\/\/Regalino-Shop.de\/wp-content\/uploads\/2025\/08\/seifensaeckchen-mango-tranquillo-netz.webp","contentUrl":"https:\/\/Regalino-Shop.de\/wp-content\/uploads\/2025\/08\/seifensaeckchen-mango-tranquillo-netz.webp","width":800,"height":1200},{"@type":"BreadcrumbList","@id":"https:\/\/Regalino-Shop.de\/?product=badehandschuh-mango-tranquillo#breadcrumb","itemListElement":[{"@type":"ListItem","position":1,"name":"Startseite","item":"https:\/\/Regalino-Shop.de\/"},{"@type":"ListItem","position":2,"name":"Shop","item":"https:\/\/Regalino-Shop.de\/?page_id=40"},{"@type":"ListItem","position":3,"name":"Badehandschuh *Mango* Tranquillo"}]},{"@type":"WebSite","@id":"https:\/\/Regalino-Shop.de\/#website","url":"https:\/\/Regalino-Shop.de\/","name":"Regalino -Lively Style","description":"gelebtes Zuhause","potentialAction":[{"@type":"SearchAction","target":{"@type":"EntryPoint","urlTemplate":"https:\/\/Regalino-Shop.de\/?s={search_term_string}"},"query-input":{"@type":"PropertyValueSpecification","valueRequired":true,"valueName":"search_term_string"}}],"inLanguage":"de"}]}},"_links":{"self":[{"href":"https:\/\/Regalino-Shop.de\/index.php?rest_route=\/wp\/v2\/product\/16526","targetHints":{"allow":["GET"]}}],"collection":[{"href":"https:\/\/Regalino-Shop.de\/index.php?rest_route=\/wp\/v2\/product"}],"about":[{"href":"https:\/\/Regalino-Shop.de\/index.php?rest_route=\/wp\/v2\/types\/product"}],"wp:featuredmedia":[{"embeddable":true,"href":"https:\/\/Regalino-Shop.de\/index.php?rest_route=\/wp\/v2\/media\/16527"}],"wp:attachment":[{"href":"https:\/\/Regalino-Shop.de\/index.php?rest_route=%2Fwp%2Fv2%2Fmedia&parent=16526"}],"wp:term":[{"taxonomy":"product_brand","embeddable":true,"href":"https:\/\/Regalino-Shop.de\/index.php?rest_route=%2Fwp%2Fv2%2Fproduct_brand&post=16526"},{"taxonomy":"product_cat","embeddable":true,"href":"https:\/\/Regalino-Shop.de\/index.php?rest_route=%2Fwp%2Fv2%2Fproduct_cat&post=16526"},{"taxonomy":"product_tag","embeddable":true,"href":"https:\/\/Regalino-Shop.de\/index.php?rest_route=%2Fwp%2Fv2%2Fproduct_tag&post=16526"}],"curies":[{"name":"wp","href":"https:\/\/api.w.org\/{rel}","templated":true}]}}