{"id":16584,"date":"2025-08-19T08:04:49","date_gmt":"2025-08-19T08:04:49","guid":{"rendered":"https:\/\/Regalino-Shop.de\/?post_type=product&#038;p=16584"},"modified":"2026-03-11T14:45:10","modified_gmt":"2026-03-11T14:45:10","slug":"kerzenhalter-traditionell-einzeln-tranquillo","status":"publish","type":"product","link":"https:\/\/Regalino-Shop.de\/?product=kerzenhalter-traditionell-einzeln-tranquillo","title":{"rendered":"Kerzenhalter *Traditionell* einzeln Tranquillo"},"content":{"rendered":"","protected":false},"excerpt":{"rendered":"<h3>f\u00fcr ein bisschen mehr Romantik<\/h3>\n<div>\n<div class=\"product-info__description\">\n<div class=\"prose\">Bring eine romantische Atmosph\u00e4re dein Zuhause mit unserem Kerzenhalter f\u00fcr Stabkerzen, verziert mit filigranen handgestempelten Mustern, die florale Akzente setzen! Dieser zauberhafte Kerzenhalter vereint kunstvolles Design mit praktischer Funktionalit\u00e4t. Die romantischen, filigranen Muster verleihen dem Halter eine anmutige Note, wobei florale Elemente f\u00fcr eine besonders reizvolle \u00c4sthetik sorgen. Perfekt f\u00fcr Stabkerzen geeignet, wird dieser Halter nicht nur zum romantischen Accessoire, sondern auch zum bezaubernden Blickfang in jedem Raum. Genie\u00dfe die zarte Sch\u00f6nheit dieses handgefertigten Kerzenhalters und schaffe eine vertr\u00e4umte Stimmung in deinem Zuhause.<\/div>\n<ul>\n<li class=\"prose\">Ma\u00dfe: 11 x 11 x 3 cm<\/li>\n<li class=\"prose\">Material: Steinzeug.<\/li>\n<\/ul>\n<p>Lieferumfang: 1 Kerzenhalter ohne Kerzen\/Deko<\/p>\n<\/div>\n<\/div>\n","protected":false},"featured_media":16585,"template":"","meta":{"_et_pb_use_builder":"","_et_pb_old_content":"","_et_gb_content_width":""},"product_brand":[1903],"product_cat":[62,57],"product_tag":[344,216,917],"class_list":{"0":"post-16584","1":"product","2":"type-product","3":"status-publish","4":"has-post-thumbnail","6":"product_brand-tranquillo","7":"product_cat-licht-lampen-kerzen-im-scandi-breton-stil-regalino","8":"product_cat-neu-eingetroffen-neue-lieblingsstuecke-bei-regalino","9":"product_tag-kerze","10":"product_tag-kerzenhalter","11":"product_tag-stabkerzenhalter","13":"first","14":"instock","15":"taxable","16":"shipping-taxable","17":"purchasable","18":"product-type-simple"},"yoast_head":"<!-- This site is optimized with the Yoast SEO plugin v27.5 - https:\/\/yoast.com\/product\/yoast-seo-wordpress\/ -->\n<title>Kerzenhalter *Traditionell* einzeln Tranquillo - Regalino -Lively Style<\/title>\n<meta name=\"description\" content=\"mit kunstvollen Details versehen, die eine anmutige Atmosph\u00e4re schaffen - Durchmesser 11 cm - H\u00f6he 3 cm - Material: Steinzeug\" \/>\n<meta name=\"robots\" content=\"index, follow, max-snippet:-1, max-image-preview:large, max-video-preview:-1\" \/>\n<link rel=\"canonical\" href=\"https:\/\/Regalino-Shop.de\/?product=kerzenhalter-traditionell-einzeln-tranquillo\" \/>\n<meta property=\"og:locale\" content=\"de_DE\" \/>\n<meta property=\"og:type\" content=\"article\" \/>\n<meta property=\"og:title\" content=\"Kerzenhalter *Traditionell* einzeln Tranquillo - Regalino -Lively Style\" \/>\n<meta property=\"og:description\" content=\"mit kunstvollen Details versehen, die eine anmutige Atmosph\u00e4re schaffen - Durchmesser 11 cm - H\u00f6he 3 cm - Material: Steinzeug\" \/>\n<meta property=\"og:url\" content=\"https:\/\/Regalino-Shop.de\/?product=kerzenhalter-traditionell-einzeln-tranquillo\" \/>\n<meta property=\"og:site_name\" content=\"Regalino -Lively Style\" \/>\n<meta property=\"article:modified_time\" content=\"2026-03-11T14:45:10+00:00\" \/>\n<meta property=\"og:image\" content=\"https:\/\/Regalino-Shop.de\/wp-content\/uploads\/2025\/08\/Kerzenhalter-tranquillo-traditionell-frei-einzeln.webp\" \/>\n\t<meta property=\"og:image:width\" content=\"800\" \/>\n\t<meta property=\"og:image:height\" content=\"1200\" \/>\n\t<meta property=\"og:image:type\" content=\"image\/webp\" \/>\n<meta name=\"twitter:card\" content=\"summary_large_image\" \/>\n<meta name=\"twitter:label1\" content=\"Gesch\u00e4tzte Lesezeit\" \/>\n\t<meta name=\"twitter:data1\" content=\"1\u00a0Minute\" \/>\n<script type=\"application\/ld+json\" class=\"yoast-schema-graph\">{\"@context\":\"https:\\\/\\\/schema.org\",\"@graph\":[{\"@type\":\"WebPage\",\"@id\":\"https:\\\/\\\/Regalino-Shop.de\\\/?product=kerzenhalter-traditionell-einzeln-tranquillo\",\"url\":\"https:\\\/\\\/Regalino-Shop.de\\\/?product=kerzenhalter-traditionell-einzeln-tranquillo\",\"name\":\"Kerzenhalter *Traditionell* einzeln Tranquillo - Regalino -Lively Style\",\"isPartOf\":{\"@id\":\"https:\\\/\\\/Regalino-Shop.de\\\/#website\"},\"primaryImageOfPage\":{\"@id\":\"https:\\\/\\\/Regalino-Shop.de\\\/?product=kerzenhalter-traditionell-einzeln-tranquillo#primaryimage\"},\"image\":{\"@id\":\"https:\\\/\\\/Regalino-Shop.de\\\/?product=kerzenhalter-traditionell-einzeln-tranquillo#primaryimage\"},\"thumbnailUrl\":\"https:\\\/\\\/Regalino-Shop.de\\\/wp-content\\\/uploads\\\/2025\\\/08\\\/Kerzenhalter-tranquillo-traditionell-frei-einzeln.webp\",\"datePublished\":\"2025-08-19T08:04:49+00:00\",\"dateModified\":\"2026-03-11T14:45:10+00:00\",\"description\":\"mit kunstvollen Details versehen, die eine anmutige Atmosph\u00e4re schaffen - Durchmesser 11 cm - H\u00f6he 3 cm - Material: Steinzeug\",\"breadcrumb\":{\"@id\":\"https:\\\/\\\/Regalino-Shop.de\\\/?product=kerzenhalter-traditionell-einzeln-tranquillo#breadcrumb\"},\"inLanguage\":\"de\",\"potentialAction\":[{\"@type\":\"ReadAction\",\"target\":[\"https:\\\/\\\/Regalino-Shop.de\\\/?product=kerzenhalter-traditionell-einzeln-tranquillo\"]}]},{\"@type\":\"ImageObject\",\"inLanguage\":\"de\",\"@id\":\"https:\\\/\\\/Regalino-Shop.de\\\/?product=kerzenhalter-traditionell-einzeln-tranquillo#primaryimage\",\"url\":\"https:\\\/\\\/Regalino-Shop.de\\\/wp-content\\\/uploads\\\/2025\\\/08\\\/Kerzenhalter-tranquillo-traditionell-frei-einzeln.webp\",\"contentUrl\":\"https:\\\/\\\/Regalino-Shop.de\\\/wp-content\\\/uploads\\\/2025\\\/08\\\/Kerzenhalter-tranquillo-traditionell-frei-einzeln.webp\",\"width\":800,\"height\":1200},{\"@type\":\"BreadcrumbList\",\"@id\":\"https:\\\/\\\/Regalino-Shop.de\\\/?product=kerzenhalter-traditionell-einzeln-tranquillo#breadcrumb\",\"itemListElement\":[{\"@type\":\"ListItem\",\"position\":1,\"name\":\"Startseite\",\"item\":\"https:\\\/\\\/Regalino-Shop.de\\\/\"},{\"@type\":\"ListItem\",\"position\":2,\"name\":\"Shop\",\"item\":\"https:\\\/\\\/Regalino-Shop.de\\\/?page_id=40\"},{\"@type\":\"ListItem\",\"position\":3,\"name\":\"Kerzenhalter *Traditionell* einzeln Tranquillo\"}]},{\"@type\":\"WebSite\",\"@id\":\"https:\\\/\\\/Regalino-Shop.de\\\/#website\",\"url\":\"https:\\\/\\\/Regalino-Shop.de\\\/\",\"name\":\"Regalino -Lively Style\",\"description\":\"gelebtes Zuhause\",\"potentialAction\":[{\"@type\":\"SearchAction\",\"target\":{\"@type\":\"EntryPoint\",\"urlTemplate\":\"https:\\\/\\\/Regalino-Shop.de\\\/?s={search_term_string}\"},\"query-input\":{\"@type\":\"PropertyValueSpecification\",\"valueRequired\":true,\"valueName\":\"search_term_string\"}}],\"inLanguage\":\"de\"}]}<\/script>\n<!-- \/ Yoast SEO plugin. -->","yoast_head_json":{"title":"Kerzenhalter *Traditionell* einzeln Tranquillo - Regalino -Lively Style","description":"mit kunstvollen Details versehen, die eine anmutige Atmosph\u00e4re schaffen - Durchmesser 11 cm - H\u00f6he 3 cm - Material: Steinzeug","robots":{"index":"index","follow":"follow","max-snippet":"max-snippet:-1","max-image-preview":"max-image-preview:large","max-video-preview":"max-video-preview:-1"},"canonical":"https:\/\/Regalino-Shop.de\/?product=kerzenhalter-traditionell-einzeln-tranquillo","og_locale":"de_DE","og_type":"article","og_title":"Kerzenhalter *Traditionell* einzeln Tranquillo - Regalino -Lively Style","og_description":"mit kunstvollen Details versehen, die eine anmutige Atmosph\u00e4re schaffen - Durchmesser 11 cm - H\u00f6he 3 cm - Material: Steinzeug","og_url":"https:\/\/Regalino-Shop.de\/?product=kerzenhalter-traditionell-einzeln-tranquillo","og_site_name":"Regalino -Lively Style","article_modified_time":"2026-03-11T14:45:10+00:00","og_image":[{"width":800,"height":1200,"url":"https:\/\/Regalino-Shop.de\/wp-content\/uploads\/2025\/08\/Kerzenhalter-tranquillo-traditionell-frei-einzeln.webp","type":"image\/webp"}],"twitter_card":"summary_large_image","twitter_misc":{"Gesch\u00e4tzte Lesezeit":"1\u00a0Minute"},"schema":{"@context":"https:\/\/schema.org","@graph":[{"@type":"WebPage","@id":"https:\/\/Regalino-Shop.de\/?product=kerzenhalter-traditionell-einzeln-tranquillo","url":"https:\/\/Regalino-Shop.de\/?product=kerzenhalter-traditionell-einzeln-tranquillo","name":"Kerzenhalter *Traditionell* einzeln Tranquillo - Regalino -Lively Style","isPartOf":{"@id":"https:\/\/Regalino-Shop.de\/#website"},"primaryImageOfPage":{"@id":"https:\/\/Regalino-Shop.de\/?product=kerzenhalter-traditionell-einzeln-tranquillo#primaryimage"},"image":{"@id":"https:\/\/Regalino-Shop.de\/?product=kerzenhalter-traditionell-einzeln-tranquillo#primaryimage"},"thumbnailUrl":"https:\/\/Regalino-Shop.de\/wp-content\/uploads\/2025\/08\/Kerzenhalter-tranquillo-traditionell-frei-einzeln.webp","datePublished":"2025-08-19T08:04:49+00:00","dateModified":"2026-03-11T14:45:10+00:00","description":"mit kunstvollen Details versehen, die eine anmutige Atmosph\u00e4re schaffen - Durchmesser 11 cm - H\u00f6he 3 cm - Material: Steinzeug","breadcrumb":{"@id":"https:\/\/Regalino-Shop.de\/?product=kerzenhalter-traditionell-einzeln-tranquillo#breadcrumb"},"inLanguage":"de","potentialAction":[{"@type":"ReadAction","target":["https:\/\/Regalino-Shop.de\/?product=kerzenhalter-traditionell-einzeln-tranquillo"]}]},{"@type":"ImageObject","inLanguage":"de","@id":"https:\/\/Regalino-Shop.de\/?product=kerzenhalter-traditionell-einzeln-tranquillo#primaryimage","url":"https:\/\/Regalino-Shop.de\/wp-content\/uploads\/2025\/08\/Kerzenhalter-tranquillo-traditionell-frei-einzeln.webp","contentUrl":"https:\/\/Regalino-Shop.de\/wp-content\/uploads\/2025\/08\/Kerzenhalter-tranquillo-traditionell-frei-einzeln.webp","width":800,"height":1200},{"@type":"BreadcrumbList","@id":"https:\/\/Regalino-Shop.de\/?product=kerzenhalter-traditionell-einzeln-tranquillo#breadcrumb","itemListElement":[{"@type":"ListItem","position":1,"name":"Startseite","item":"https:\/\/Regalino-Shop.de\/"},{"@type":"ListItem","position":2,"name":"Shop","item":"https:\/\/Regalino-Shop.de\/?page_id=40"},{"@type":"ListItem","position":3,"name":"Kerzenhalter *Traditionell* einzeln Tranquillo"}]},{"@type":"WebSite","@id":"https:\/\/Regalino-Shop.de\/#website","url":"https:\/\/Regalino-Shop.de\/","name":"Regalino -Lively Style","description":"gelebtes Zuhause","potentialAction":[{"@type":"SearchAction","target":{"@type":"EntryPoint","urlTemplate":"https:\/\/Regalino-Shop.de\/?s={search_term_string}"},"query-input":{"@type":"PropertyValueSpecification","valueRequired":true,"valueName":"search_term_string"}}],"inLanguage":"de"}]}},"_links":{"self":[{"href":"https:\/\/Regalino-Shop.de\/index.php?rest_route=\/wp\/v2\/product\/16584","targetHints":{"allow":["GET"]}}],"collection":[{"href":"https:\/\/Regalino-Shop.de\/index.php?rest_route=\/wp\/v2\/product"}],"about":[{"href":"https:\/\/Regalino-Shop.de\/index.php?rest_route=\/wp\/v2\/types\/product"}],"wp:featuredmedia":[{"embeddable":true,"href":"https:\/\/Regalino-Shop.de\/index.php?rest_route=\/wp\/v2\/media\/16585"}],"wp:attachment":[{"href":"https:\/\/Regalino-Shop.de\/index.php?rest_route=%2Fwp%2Fv2%2Fmedia&parent=16584"}],"wp:term":[{"taxonomy":"product_brand","embeddable":true,"href":"https:\/\/Regalino-Shop.de\/index.php?rest_route=%2Fwp%2Fv2%2Fproduct_brand&post=16584"},{"taxonomy":"product_cat","embeddable":true,"href":"https:\/\/Regalino-Shop.de\/index.php?rest_route=%2Fwp%2Fv2%2Fproduct_cat&post=16584"},{"taxonomy":"product_tag","embeddable":true,"href":"https:\/\/Regalino-Shop.de\/index.php?rest_route=%2Fwp%2Fv2%2Fproduct_tag&post=16584"}],"curies":[{"name":"wp","href":"https:\/\/api.w.org\/{rel}","templated":true}]}}