{"id":17150,"date":"2025-10-14T10:04:19","date_gmt":"2025-10-14T10:04:19","guid":{"rendered":"https:\/\/Regalino-Shop.de\/?post_type=product&#038;p=17150"},"modified":"2025-12-27T09:57:55","modified_gmt":"2025-12-27T09:57:55","slug":"eule-elli-und-der-neue-im-wald","status":"publish","type":"product","link":"https:\/\/Regalino-Shop.de\/?product=eule-elli-und-der-neue-im-wald","title":{"rendered":"Eule Elli und der Neue im Wald"},"content":{"rendered":"","protected":false},"excerpt":{"rendered":"<div class=\"subtitle mt-1\">\n<h3 class=\"h3\">Ein Bilderbuch ab 3 Jahren \u00fcber Eifersucht und das Gef\u00fchl, ausgeschlossen zu werden<\/h3>\n<\/div>\n<div class=\"description mt-3\">\n<p><strong>Ein Vorlesebuch \u00fcber Freundschaft, die gro\u00dfen Gef\u00fchle und den Umgang mit Ver\u00e4nderung.<\/strong><\/p>\n<\/div>\n<section class=\"artikeldetail\">\n<ul>\n<li class=\"age label col-6\">Eigentlich sind die Eule Elli und die Fledermaus Thea ein Herz und eine Seele. Doch als pl\u00f6tzlich der Siebenschl\u00e4fer Maxi im Wald auftaucht, ger\u00e4t die Freundschaft der beiden ins Wanken. Mag Thea den Neuen jetzt etwa lieber?\n<p>Der Elli geht es gar nicht gut,<br \/>\nsie sp\u00fcrt in sich ein bisschen Wut<br \/>\nund ein Gef\u00fchl, das sie nicht kennt,<br \/>\nals ob sie gegen Mauern rennt.<\/p>\n<p>Dann trifft es sie mit voller Wucht:<br \/>\nEs ist der Neid, die Eifersucht!<br \/>\n\u201eKaum kommt ein Siebenschl\u00e4fer her,<br \/>\nschon mag mich Thea gar nicht mehr!\u201c<\/li>\n<li class=\"age label col-6\">Altersempfehlung: ab 3 Jahren<\/li>\n<li>\n<div class=\"pages label col-6\">Seiten:\u00a032<\/div>\n<\/li>\n<li>Erscheinungsdatum: 17. Juli 2025<\/li>\n<li>\n<div class=\"date label col-6\">Format: 22,0 x 28,5 x 0,8 cm<\/div>\n<\/li>\n<li>\n<div class=\"date label col-6\">ISBN: 978-3-7348-2081-6<\/div>\n<\/li>\n<\/ul>\n<p>&nbsp;<\/p>\n<\/section>\n","protected":false},"featured_media":17151,"template":"","meta":{"_et_pb_use_builder":"","_et_pb_old_content":"","_et_gb_content_width":""},"product_brand":[1961],"product_cat":[1781,96],"product_tag":[1821,1963,901,912],"class_list":{"0":"post-17150","1":"product","2":"type-product","3":"status-publish","4":"has-post-thumbnail","6":"product_brand-magellan-verlag","7":"product_cat-vorlesen-bilderbuecher-fuer-kinder-regalino","8":"product_cat-buecher-fuer-erwachsene-besondere-lieblingsstuecke-regalino","9":"product_tag-bilderbuch","10":"product_tag-eifersucht","11":"product_tag-kinderbuch","12":"product_tag-vorlesebuch","14":"first","15":"instock","16":"taxable","17":"shipping-taxable","18":"purchasable","19":"product-type-simple"},"yoast_head":"<!-- This site is optimized with the Yoast SEO plugin v27.5 - https:\/\/yoast.com\/product\/yoast-seo-wordpress\/ -->\n<title>Eule Elli und der Neue im Wald - Regalino -Lively Style<\/title>\n<meta name=\"description\" content=\"Ein Bilderbuch ab 3 Jahren \u00fcber Eifersucht und das Gef\u00fchl, ausgeschlossen zu werden. Ein Vorlesebuch \u00fcber Freundschaft, die gro\u00dfen Gef\u00fchle und den Umgang mit Ver\u00e4nderung.\" \/>\n<meta name=\"robots\" content=\"index, follow, max-snippet:-1, max-image-preview:large, max-video-preview:-1\" \/>\n<link rel=\"canonical\" href=\"https:\/\/Regalino-Shop.de\/?product=eule-elli-und-der-neue-im-wald\" \/>\n<meta property=\"og:locale\" content=\"de_DE\" \/>\n<meta property=\"og:type\" content=\"article\" \/>\n<meta property=\"og:title\" content=\"Eule Elli und der Neue im Wald - Regalino -Lively Style\" \/>\n<meta property=\"og:description\" content=\"Ein Bilderbuch ab 3 Jahren \u00fcber Eifersucht und das Gef\u00fchl, ausgeschlossen zu werden. Ein Vorlesebuch \u00fcber Freundschaft, die gro\u00dfen Gef\u00fchle und den Umgang mit Ver\u00e4nderung.\" \/>\n<meta property=\"og:url\" content=\"https:\/\/Regalino-Shop.de\/?product=eule-elli-und-der-neue-im-wald\" \/>\n<meta property=\"og:site_name\" content=\"Regalino -Lively Style\" \/>\n<meta property=\"article:modified_time\" content=\"2025-12-27T09:57:55+00:00\" \/>\n<meta property=\"og:image\" content=\"https:\/\/Regalino-Shop.de\/wp-content\/uploads\/2025\/10\/bilderbuch-kinderbuch-vorlesen-ab-drei-jahren-traeumen-gute-nacht-geschichte-eule-elli.jpg\" \/>\n\t<meta property=\"og:image:width\" content=\"1638\" \/>\n\t<meta property=\"og:image:height\" content=\"2048\" \/>\n\t<meta property=\"og:image:type\" content=\"image\/jpeg\" \/>\n<meta name=\"twitter:card\" content=\"summary_large_image\" \/>\n<meta name=\"twitter:label1\" content=\"Gesch\u00e4tzte Lesezeit\" \/>\n\t<meta name=\"twitter:data1\" content=\"1\u00a0Minute\" \/>\n<script type=\"application\/ld+json\" class=\"yoast-schema-graph\">{\"@context\":\"https:\\\/\\\/schema.org\",\"@graph\":[{\"@type\":\"WebPage\",\"@id\":\"https:\\\/\\\/Regalino-Shop.de\\\/?product=eule-elli-und-der-neue-im-wald\",\"url\":\"https:\\\/\\\/Regalino-Shop.de\\\/?product=eule-elli-und-der-neue-im-wald\",\"name\":\"Eule Elli und der Neue im Wald - Regalino -Lively Style\",\"isPartOf\":{\"@id\":\"https:\\\/\\\/Regalino-Shop.de\\\/#website\"},\"primaryImageOfPage\":{\"@id\":\"https:\\\/\\\/Regalino-Shop.de\\\/?product=eule-elli-und-der-neue-im-wald#primaryimage\"},\"image\":{\"@id\":\"https:\\\/\\\/Regalino-Shop.de\\\/?product=eule-elli-und-der-neue-im-wald#primaryimage\"},\"thumbnailUrl\":\"https:\\\/\\\/Regalino-Shop.de\\\/wp-content\\\/uploads\\\/2025\\\/10\\\/bilderbuch-kinderbuch-vorlesen-ab-drei-jahren-traeumen-gute-nacht-geschichte-eule-elli.jpg\",\"datePublished\":\"2025-10-14T10:04:19+00:00\",\"dateModified\":\"2025-12-27T09:57:55+00:00\",\"description\":\"Ein Bilderbuch ab 3 Jahren \u00fcber Eifersucht und das Gef\u00fchl, ausgeschlossen zu werden. Ein Vorlesebuch \u00fcber Freundschaft, die gro\u00dfen Gef\u00fchle und den Umgang mit Ver\u00e4nderung.\",\"breadcrumb\":{\"@id\":\"https:\\\/\\\/Regalino-Shop.de\\\/?product=eule-elli-und-der-neue-im-wald#breadcrumb\"},\"inLanguage\":\"de\",\"potentialAction\":[{\"@type\":\"ReadAction\",\"target\":[\"https:\\\/\\\/Regalino-Shop.de\\\/?product=eule-elli-und-der-neue-im-wald\"]}]},{\"@type\":\"ImageObject\",\"inLanguage\":\"de\",\"@id\":\"https:\\\/\\\/Regalino-Shop.de\\\/?product=eule-elli-und-der-neue-im-wald#primaryimage\",\"url\":\"https:\\\/\\\/Regalino-Shop.de\\\/wp-content\\\/uploads\\\/2025\\\/10\\\/bilderbuch-kinderbuch-vorlesen-ab-drei-jahren-traeumen-gute-nacht-geschichte-eule-elli.jpg\",\"contentUrl\":\"https:\\\/\\\/Regalino-Shop.de\\\/wp-content\\\/uploads\\\/2025\\\/10\\\/bilderbuch-kinderbuch-vorlesen-ab-drei-jahren-traeumen-gute-nacht-geschichte-eule-elli.jpg\",\"width\":1638,\"height\":2048,\"caption\":\"Bilderbuch\"},{\"@type\":\"BreadcrumbList\",\"@id\":\"https:\\\/\\\/Regalino-Shop.de\\\/?product=eule-elli-und-der-neue-im-wald#breadcrumb\",\"itemListElement\":[{\"@type\":\"ListItem\",\"position\":1,\"name\":\"Startseite\",\"item\":\"https:\\\/\\\/Regalino-Shop.de\\\/\"},{\"@type\":\"ListItem\",\"position\":2,\"name\":\"Shop\",\"item\":\"https:\\\/\\\/Regalino-Shop.de\\\/?page_id=40\"},{\"@type\":\"ListItem\",\"position\":3,\"name\":\"Eule Elli und der Neue im Wald\"}]},{\"@type\":\"WebSite\",\"@id\":\"https:\\\/\\\/Regalino-Shop.de\\\/#website\",\"url\":\"https:\\\/\\\/Regalino-Shop.de\\\/\",\"name\":\"Regalino -Lively Style\",\"description\":\"gelebtes Zuhause\",\"potentialAction\":[{\"@type\":\"SearchAction\",\"target\":{\"@type\":\"EntryPoint\",\"urlTemplate\":\"https:\\\/\\\/Regalino-Shop.de\\\/?s={search_term_string}\"},\"query-input\":{\"@type\":\"PropertyValueSpecification\",\"valueRequired\":true,\"valueName\":\"search_term_string\"}}],\"inLanguage\":\"de\"}]}<\/script>\n<!-- \/ Yoast SEO plugin. -->","yoast_head_json":{"title":"Eule Elli und der Neue im Wald - Regalino -Lively Style","description":"Ein Bilderbuch ab 3 Jahren \u00fcber Eifersucht und das Gef\u00fchl, ausgeschlossen zu werden. Ein Vorlesebuch \u00fcber Freundschaft, die gro\u00dfen Gef\u00fchle und den Umgang mit Ver\u00e4nderung.","robots":{"index":"index","follow":"follow","max-snippet":"max-snippet:-1","max-image-preview":"max-image-preview:large","max-video-preview":"max-video-preview:-1"},"canonical":"https:\/\/Regalino-Shop.de\/?product=eule-elli-und-der-neue-im-wald","og_locale":"de_DE","og_type":"article","og_title":"Eule Elli und der Neue im Wald - Regalino -Lively Style","og_description":"Ein Bilderbuch ab 3 Jahren \u00fcber Eifersucht und das Gef\u00fchl, ausgeschlossen zu werden. Ein Vorlesebuch \u00fcber Freundschaft, die gro\u00dfen Gef\u00fchle und den Umgang mit Ver\u00e4nderung.","og_url":"https:\/\/Regalino-Shop.de\/?product=eule-elli-und-der-neue-im-wald","og_site_name":"Regalino -Lively Style","article_modified_time":"2025-12-27T09:57:55+00:00","og_image":[{"width":1638,"height":2048,"url":"https:\/\/Regalino-Shop.de\/wp-content\/uploads\/2025\/10\/bilderbuch-kinderbuch-vorlesen-ab-drei-jahren-traeumen-gute-nacht-geschichte-eule-elli.jpg","type":"image\/jpeg"}],"twitter_card":"summary_large_image","twitter_misc":{"Gesch\u00e4tzte Lesezeit":"1\u00a0Minute"},"schema":{"@context":"https:\/\/schema.org","@graph":[{"@type":"WebPage","@id":"https:\/\/Regalino-Shop.de\/?product=eule-elli-und-der-neue-im-wald","url":"https:\/\/Regalino-Shop.de\/?product=eule-elli-und-der-neue-im-wald","name":"Eule Elli und der Neue im Wald - Regalino -Lively Style","isPartOf":{"@id":"https:\/\/Regalino-Shop.de\/#website"},"primaryImageOfPage":{"@id":"https:\/\/Regalino-Shop.de\/?product=eule-elli-und-der-neue-im-wald#primaryimage"},"image":{"@id":"https:\/\/Regalino-Shop.de\/?product=eule-elli-und-der-neue-im-wald#primaryimage"},"thumbnailUrl":"https:\/\/Regalino-Shop.de\/wp-content\/uploads\/2025\/10\/bilderbuch-kinderbuch-vorlesen-ab-drei-jahren-traeumen-gute-nacht-geschichte-eule-elli.jpg","datePublished":"2025-10-14T10:04:19+00:00","dateModified":"2025-12-27T09:57:55+00:00","description":"Ein Bilderbuch ab 3 Jahren \u00fcber Eifersucht und das Gef\u00fchl, ausgeschlossen zu werden. Ein Vorlesebuch \u00fcber Freundschaft, die gro\u00dfen Gef\u00fchle und den Umgang mit Ver\u00e4nderung.","breadcrumb":{"@id":"https:\/\/Regalino-Shop.de\/?product=eule-elli-und-der-neue-im-wald#breadcrumb"},"inLanguage":"de","potentialAction":[{"@type":"ReadAction","target":["https:\/\/Regalino-Shop.de\/?product=eule-elli-und-der-neue-im-wald"]}]},{"@type":"ImageObject","inLanguage":"de","@id":"https:\/\/Regalino-Shop.de\/?product=eule-elli-und-der-neue-im-wald#primaryimage","url":"https:\/\/Regalino-Shop.de\/wp-content\/uploads\/2025\/10\/bilderbuch-kinderbuch-vorlesen-ab-drei-jahren-traeumen-gute-nacht-geschichte-eule-elli.jpg","contentUrl":"https:\/\/Regalino-Shop.de\/wp-content\/uploads\/2025\/10\/bilderbuch-kinderbuch-vorlesen-ab-drei-jahren-traeumen-gute-nacht-geschichte-eule-elli.jpg","width":1638,"height":2048,"caption":"Bilderbuch"},{"@type":"BreadcrumbList","@id":"https:\/\/Regalino-Shop.de\/?product=eule-elli-und-der-neue-im-wald#breadcrumb","itemListElement":[{"@type":"ListItem","position":1,"name":"Startseite","item":"https:\/\/Regalino-Shop.de\/"},{"@type":"ListItem","position":2,"name":"Shop","item":"https:\/\/Regalino-Shop.de\/?page_id=40"},{"@type":"ListItem","position":3,"name":"Eule Elli und der Neue im Wald"}]},{"@type":"WebSite","@id":"https:\/\/Regalino-Shop.de\/#website","url":"https:\/\/Regalino-Shop.de\/","name":"Regalino -Lively Style","description":"gelebtes Zuhause","potentialAction":[{"@type":"SearchAction","target":{"@type":"EntryPoint","urlTemplate":"https:\/\/Regalino-Shop.de\/?s={search_term_string}"},"query-input":{"@type":"PropertyValueSpecification","valueRequired":true,"valueName":"search_term_string"}}],"inLanguage":"de"}]}},"_links":{"self":[{"href":"https:\/\/Regalino-Shop.de\/index.php?rest_route=\/wp\/v2\/product\/17150","targetHints":{"allow":["GET"]}}],"collection":[{"href":"https:\/\/Regalino-Shop.de\/index.php?rest_route=\/wp\/v2\/product"}],"about":[{"href":"https:\/\/Regalino-Shop.de\/index.php?rest_route=\/wp\/v2\/types\/product"}],"wp:featuredmedia":[{"embeddable":true,"href":"https:\/\/Regalino-Shop.de\/index.php?rest_route=\/wp\/v2\/media\/17151"}],"wp:attachment":[{"href":"https:\/\/Regalino-Shop.de\/index.php?rest_route=%2Fwp%2Fv2%2Fmedia&parent=17150"}],"wp:term":[{"taxonomy":"product_brand","embeddable":true,"href":"https:\/\/Regalino-Shop.de\/index.php?rest_route=%2Fwp%2Fv2%2Fproduct_brand&post=17150"},{"taxonomy":"product_cat","embeddable":true,"href":"https:\/\/Regalino-Shop.de\/index.php?rest_route=%2Fwp%2Fv2%2Fproduct_cat&post=17150"},{"taxonomy":"product_tag","embeddable":true,"href":"https:\/\/Regalino-Shop.de\/index.php?rest_route=%2Fwp%2Fv2%2Fproduct_tag&post=17150"}],"curies":[{"name":"wp","href":"https:\/\/api.w.org\/{rel}","templated":true}]}}

<div class="subtitle mt-1">
<h3 class="h3">Ein Bilderbuch ab 3 Jahren über Eifersucht und das Gefühl, ausgeschlossen zu werden</h3>
</div>
<div class="description mt-3">
<p><strong>Ein Vorlesebuch über Freundschaft, die großen Gefühle und den Umgang mit Veränderung.</strong></p>
</div>
<section class="artikeldetail">
<ul>
<li class="age label col-6">Eigentlich sind die Eule Elli und die Fledermaus Thea ein Herz und eine Seele. Doch als plötzlich der Siebenschläfer Maxi im Wald auftaucht, gerät die Freundschaft der beiden ins Wanken. Mag Thea den Neuen jetzt etwa lieber?
<p>Der Elli geht es gar nicht gut,<br />
sie spürt in sich ein bisschen Wut<br />
und ein Gefühl, das sie nicht kennt,<br />
als ob sie gegen Mauern rennt.</p>
<p>Dann trifft es sie mit voller Wucht:<br />
Es ist der Neid, die Eifersucht!<br />
„Kaum kommt ein Siebenschläfer her,<br />
schon mag mich Thea gar nicht mehr!“</li>
<li class="age label col-6">Altersempfehlung: ab 3 Jahren</li>
<li>
<div class="pages label col-6">Seiten: 32</div>
</li>
<li>Erscheinungsdatum: 17. Juli 2025</li>
<li>
<div class="date label col-6">Format: 22,0 x 28,5 x 0,8 cm</div>
</li>
<li>
<div class="date label col-6">ISBN: 978-3-7348-2081-6</div>
</li>
</ul>
<p>&nbsp;</p>
</section>

<!-- This site is optimized with the Yoast SEO plugin v27.5 - https://yoast.com/product/yoast-seo-wordpress/ -->
<title>Eule Elli und der Neue im Wald - Regalino -Lively Style</title>
<meta name="description" content="Ein Bilderbuch ab 3 Jahren über Eifersucht und das Gefühl, ausgeschlossen zu werden. Ein Vorlesebuch über Freundschaft, die großen Gefühle und den Umgang mit Veränderung." />
<meta name="robots" content="index, follow, max-snippet:-1, max-image-preview:large, max-video-preview:-1" />
<link rel="canonical" href="https://Regalino-Shop.de/?product=eule-elli-und-der-neue-im-wald" />
<meta property="og:locale" content="de_DE" />
<meta property="og:type" content="article" />
<meta property="og:title" content="Eule Elli und der Neue im Wald - Regalino -Lively Style" />
<meta property="og:description" content="Ein Bilderbuch ab 3 Jahren über Eifersucht und das Gefühl, ausgeschlossen zu werden. Ein Vorlesebuch über Freundschaft, die großen Gefühle und den Umgang mit Veränderung." />
<meta property="og:url" content="https://Regalino-Shop.de/?product=eule-elli-und-der-neue-im-wald" />
<meta property="og:site_name" content="Regalino -Lively Style" />
<meta property="article:modified_time" content="2025-12-27T09:57:55+00:00" />
<meta property="og:image" content="https://Regalino-Shop.de/wp-content/uploads/2025/10/bilderbuch-kinderbuch-vorlesen-ab-drei-jahren-traeumen-gute-nacht-geschichte-eule-elli.jpg" />
	<meta property="og:image:width" content="1638" />
	<meta property="og:image:height" content="2048" />
	<meta property="og:image:type" content="image/jpeg" />
<meta name="twitter:card" content="summary_large_image" />
<meta name="twitter:label1" content="Geschätzte Lesezeit" />
	<meta name="twitter:data1" content="1 Minute" />
<script type="application/ld+json" class="yoast-schema-graph">{"@context":"https:\/\/schema.org","@graph":[{"@type":"WebPage","@id":"https:\/\/Regalino-Shop.de\/?product=eule-elli-und-der-neue-im-wald","url":"https:\/\/Regalino-Shop.de\/?product=eule-elli-und-der-neue-im-wald","name":"Eule Elli und der Neue im Wald - Regalino -Lively Style","isPartOf":{"@id":"https:\/\/Regalino-Shop.de\/#website"},"primaryImageOfPage":{"@id":"https:\/\/Regalino-Shop.de\/?product=eule-elli-und-der-neue-im-wald#primaryimage"},"image":{"@id":"https:\/\/Regalino-Shop.de\/?product=eule-elli-und-der-neue-im-wald#primaryimage"},"thumbnailUrl":"https:\/\/Regalino-Shop.de\/wp-content\/uploads\/2025\/10\/bilderbuch-kinderbuch-vorlesen-ab-drei-jahren-traeumen-gute-nacht-geschichte-eule-elli.jpg","datePublished":"2025-10-14T10:04:19+00:00","dateModified":"2025-12-27T09:57:55+00:00","description":"Ein Bilderbuch ab 3 Jahren über Eifersucht und das Gefühl, ausgeschlossen zu werden. Ein Vorlesebuch über Freundschaft, die großen Gefühle und den Umgang mit Veränderung.","breadcrumb":{"@id":"https:\/\/Regalino-Shop.de\/?product=eule-elli-und-der-neue-im-wald#breadcrumb"},"inLanguage":"de","potentialAction":[{"@type":"ReadAction","target":["https:\/\/Regalino-Shop.de\/?product=eule-elli-und-der-neue-im-wald"]}]},{"@type":"ImageObject","inLanguage":"de","@id":"https:\/\/Regalino-Shop.de\/?product=eule-elli-und-der-neue-im-wald#primaryimage","url":"https:\/\/Regalino-Shop.de\/wp-content\/uploads\/2025\/10\/bilderbuch-kinderbuch-vorlesen-ab-drei-jahren-traeumen-gute-nacht-geschichte-eule-elli.jpg","contentUrl":"https:\/\/Regalino-Shop.de\/wp-content\/uploads\/2025\/10\/bilderbuch-kinderbuch-vorlesen-ab-drei-jahren-traeumen-gute-nacht-geschichte-eule-elli.jpg","width":1638,"height":2048,"caption":"Bilderbuch"},{"@type":"BreadcrumbList","@id":"https:\/\/Regalino-Shop.de\/?product=eule-elli-und-der-neue-im-wald#breadcrumb","itemListElement":[{"@type":"ListItem","position":1,"name":"Startseite","item":"https:\/\/Regalino-Shop.de\/"},{"@type":"ListItem","position":2,"name":"Shop","item":"https:\/\/Regalino-Shop.de\/?page_id=40"},{"@type":"ListItem","position":3,"name":"Eule Elli und der Neue im Wald"}]},{"@type":"WebSite","@id":"https:\/\/Regalino-Shop.de\/#website","url":"https:\/\/Regalino-Shop.de\/","name":"Regalino -Lively Style","description":"gelebtes Zuhause","potentialAction":[{"@type":"SearchAction","target":{"@type":"EntryPoint","urlTemplate":"https:\/\/Regalino-Shop.de\/?s={search_term_string}"},"query-input":{"@type":"PropertyValueSpecification","valueRequired":true,"valueName":"search_term_string"}}],"inLanguage":"de"}]}</script>
<!-- / Yoast SEO plugin. -->

Ein Bilderbuch ab 3 Jahren über Eifersucht und das Gefühl, ausgeschlossen zu werden. Ein Vorlesebuch über Freundschaft, die großen Gefühle und den Umgang mit Veränderung.
