{"id":17669,"date":"2026-02-10T16:10:11","date_gmt":"2026-02-10T16:10:11","guid":{"rendered":"https:\/\/Regalino-Shop.de\/?post_type=product&#038;p=17669"},"modified":"2026-03-26T14:10:02","modified_gmt":"2026-03-26T14:10:02","slug":"lampenschirm-ida-von-innocreo","status":"publish","type":"product","link":"https:\/\/Regalino-Shop.de\/?product=lampenschirm-ida-von-innocreo","title":{"rendered":"Lampenschirm *Ida* von Innocreo"},"content":{"rendered":"","protected":false},"excerpt":{"rendered":"<h3 data-start=\"191\" data-end=\"252\">Lampenschirm \u201eIda\u201c \u2013 zeitloses Licht f\u00fcr dein Zuhause<\/h3>\n<p data-start=\"243\" data-end=\"577\">Neues Licht f\u00fcr dein Zuhause: Der Lampenschirm <strong data-start=\"290\" data-end=\"299\">\u201eIda\u201c<\/strong> schenkt deinem Raum eine ruhige, warme Atmosph\u00e4re und l\u00e4sst sich ganz unkompliziert auf die vorhandene Aufh\u00e4ngung des A1 oder auf unsere Beleuchtungseinheit montieren. So begleitet dich ihr sanftes Licht weit \u00fcber die Weihnachtszeit hinaus \u2013 das ganze Jahr.<\/p>\n<p data-start=\"579\" data-end=\"987\">\u201eIda\u201c \u00fcberzeugt durch ihre klare, nahtlose Kugelform, die an die stille Ausstrahlung des Mondes erinnert. Die fein strukturierte, samtige Oberfl\u00e4che sorgt f\u00fcr eine gleichm\u00e4\u00dfige und weiche Lichtverteilung, die den Raum ruhig wirken l\u00e4sst und eine behagliche Stimmung schafft. Ihre perfekte Symmetrie macht sie zu einem zeitlosen Designobjekt, das sich m\u00fchelos in moderne wie auch klassische Wohnstile einf\u00fcgt.<\/p>\n<p data-start=\"989\" data-end=\"1182\">Besonders sch\u00f6n in Kombination mit weiteren Modellen. \u00a0Doch auch allein entfaltet sie ihre Wirkung und ist eine wunderbare Dekolampe \u2013 ideal f\u00fcr kleinere R\u00e4ume oder als dezenter Lichtakzent.<\/p>\n<p data-start=\"1184\" data-end=\"1345\">Wie alle diese Lampenschirme wird auch \u201eIda\u201c mit viel Sorgfalt in einer Manufaktur in Enger (NRW) gefertigt \u2013 nachhaltig, hochwertig und mit Liebe zum Detail.<\/p>\n<p data-start=\"1248\" data-end=\"1532\"><strong data-start=\"1248\" data-end=\"1266\">Gut zu wissen:<\/strong><br data-start=\"1266\" data-end=\"1269\" \/>Der Lampenschirm ist passend f\u00fcr die Beleuchtungseinheit E10 oder die Aufh\u00e4ngung des Sterns Modell A1 (e) mit \u00d8 13 cm und LED. Geliefert wird ausschlie\u00dflich der Lampenschirm in Wei\u00df, sofern kein Set ausgew\u00e4hlt wird. Aufh\u00e4ngung und Netzteil sind nicht enthalten (im Shop bei uns separat erh\u00e4ltlich)<\/p>\n<ul>\n<li data-start=\"1248\" data-end=\"1532\">Durchmesser 10 cm<\/li>\n<li data-start=\"1248\" data-end=\"1532\">Gewicht ca 35 g<\/li>\n<li data-start=\"1248\" data-end=\"1532\">Bio-Kunststoff<\/li>\n<li data-start=\"1248\" data-end=\"1532\">Herstellung in Deutschland<\/li>\n<\/ul>\n<p>Lieferumfang: 1 Lampenschirm im gew\u00e4hlten Design<\/p>\n<p data-start=\"1248\" data-end=\"1532\">\n","protected":false},"featured_media":17724,"template":"","meta":{"_et_pb_use_builder":"","_et_pb_old_content":"","_et_gb_content_width":""},"product_brand":[2235],"product_cat":[64,62,57],"product_tag":[2242,2240,1986,2238,2241,2239,2237],"class_list":{"0":"post-17669","1":"product","2":"type-product","3":"status-publish","4":"has-post-thumbnail","6":"product_brand-innocreo","7":"product_cat-besondere-deko-im-nordischen-stil-maritime-akzente-regalino","8":"product_cat-licht-lampen-kerzen-im-scandi-breton-stil-regalino","9":"product_cat-neu-eingetroffen-neue-lieblingsstuecke-bei-regalino","10":"product_tag-lampenschirm","11":"product_tag-nordisches-design","12":"product_tag-regalino","13":"product_tag-sanftes-licht","14":"product_tag-stern-a1","15":"product_tag-wohnraumbeleuchtung","16":"product_tag-zeitloser-lampenschirm","18":"first","19":"instock","20":"taxable","21":"shipping-taxable","22":"purchasable","23":"product-type-simple"},"yoast_head":"<!-- This site is optimized with the Yoast SEO plugin v27.3 - https:\/\/yoast.com\/product\/yoast-seo-wordpress\/ -->\n<title>Lampenschirm *Ida* von Innocreo - Regalino -Lively Style<\/title>\n<meta name=\"description\" content=\"Lampenschirm \u201eIda\u201c \u2013 ruhiges, elegantes Licht f\u00fcr dein Zuhause. Passend f\u00fcr Stern A1. Hochwertig &amp; nachhaltig in Deutschland gefertigt\" \/>\n<meta name=\"robots\" content=\"index, follow, max-snippet:-1, max-image-preview:large, max-video-preview:-1\" \/>\n<link rel=\"canonical\" href=\"https:\/\/Regalino-Shop.de\/?product=lampenschirm-ida-von-innocreo\" \/>\n<meta property=\"og:locale\" content=\"de_DE\" \/>\n<meta property=\"og:type\" content=\"article\" \/>\n<meta property=\"og:title\" content=\"Lampenschirm *Ida* von Innocreo - Regalino -Lively Style\" \/>\n<meta property=\"og:description\" content=\"Lampenschirm \u201eIda\u201c \u2013 ruhiges, elegantes Licht f\u00fcr dein Zuhause. Passend f\u00fcr Stern A1. Hochwertig &amp; nachhaltig in Deutschland gefertigt\" \/>\n<meta property=\"og:url\" content=\"https:\/\/Regalino-Shop.de\/?product=lampenschirm-ida-von-innocreo\" \/>\n<meta property=\"og:site_name\" content=\"Regalino -Lively Style\" \/>\n<meta property=\"article:modified_time\" content=\"2026-03-26T14:10:02+00:00\" \/>\n<meta property=\"og:image\" content=\"https:\/\/Regalino-Shop.de\/wp-content\/uploads\/2026\/02\/ida-lampe-weihnachtsstern-a1-mood.png\" \/>\n\t<meta property=\"og:image:width\" content=\"1024\" \/>\n\t<meta property=\"og:image:height\" content=\"1536\" \/>\n\t<meta property=\"og:image:type\" content=\"image\/png\" \/>\n<meta name=\"twitter:card\" content=\"summary_large_image\" \/>\n<meta name=\"twitter:label1\" content=\"Gesch\u00e4tzte Lesezeit\" \/>\n\t<meta name=\"twitter:data1\" content=\"1\u00a0Minute\" \/>\n<script type=\"application\/ld+json\" class=\"yoast-schema-graph\">{\"@context\":\"https:\\\/\\\/schema.org\",\"@graph\":[{\"@type\":\"WebPage\",\"@id\":\"https:\\\/\\\/Regalino-Shop.de\\\/?product=lampenschirm-ida-von-innocreo\",\"url\":\"https:\\\/\\\/Regalino-Shop.de\\\/?product=lampenschirm-ida-von-innocreo\",\"name\":\"Lampenschirm *Ida* von Innocreo - Regalino -Lively Style\",\"isPartOf\":{\"@id\":\"https:\\\/\\\/Regalino-Shop.de\\\/#website\"},\"primaryImageOfPage\":{\"@id\":\"https:\\\/\\\/Regalino-Shop.de\\\/?product=lampenschirm-ida-von-innocreo#primaryimage\"},\"image\":{\"@id\":\"https:\\\/\\\/Regalino-Shop.de\\\/?product=lampenschirm-ida-von-innocreo#primaryimage\"},\"thumbnailUrl\":\"https:\\\/\\\/Regalino-Shop.de\\\/wp-content\\\/uploads\\\/2026\\\/02\\\/ida-lampe-weihnachtsstern-a1-mood.png\",\"datePublished\":\"2026-02-10T16:10:11+00:00\",\"dateModified\":\"2026-03-26T14:10:02+00:00\",\"description\":\"Lampenschirm \u201eIda\u201c \u2013 ruhiges, elegantes Licht f\u00fcr dein Zuhause. Passend f\u00fcr Stern A1. Hochwertig & nachhaltig in Deutschland gefertigt\",\"breadcrumb\":{\"@id\":\"https:\\\/\\\/Regalino-Shop.de\\\/?product=lampenschirm-ida-von-innocreo#breadcrumb\"},\"inLanguage\":\"de\",\"potentialAction\":[{\"@type\":\"ReadAction\",\"target\":[\"https:\\\/\\\/Regalino-Shop.de\\\/?product=lampenschirm-ida-von-innocreo\"]}]},{\"@type\":\"ImageObject\",\"inLanguage\":\"de\",\"@id\":\"https:\\\/\\\/Regalino-Shop.de\\\/?product=lampenschirm-ida-von-innocreo#primaryimage\",\"url\":\"https:\\\/\\\/Regalino-Shop.de\\\/wp-content\\\/uploads\\\/2026\\\/02\\\/ida-lampe-weihnachtsstern-a1-mood.png\",\"contentUrl\":\"https:\\\/\\\/Regalino-Shop.de\\\/wp-content\\\/uploads\\\/2026\\\/02\\\/ida-lampe-weihnachtsstern-a1-mood.png\",\"width\":1024,\"height\":1536,\"caption\":\"Lampenschirm Ida schlicht\"},{\"@type\":\"BreadcrumbList\",\"@id\":\"https:\\\/\\\/Regalino-Shop.de\\\/?product=lampenschirm-ida-von-innocreo#breadcrumb\",\"itemListElement\":[{\"@type\":\"ListItem\",\"position\":1,\"name\":\"Startseite\",\"item\":\"https:\\\/\\\/Regalino-Shop.de\\\/\"},{\"@type\":\"ListItem\",\"position\":2,\"name\":\"Shop\",\"item\":\"https:\\\/\\\/Regalino-Shop.de\\\/?page_id=40\"},{\"@type\":\"ListItem\",\"position\":3,\"name\":\"Lampenschirm *Ida* von Innocreo\"}]},{\"@type\":\"WebSite\",\"@id\":\"https:\\\/\\\/Regalino-Shop.de\\\/#website\",\"url\":\"https:\\\/\\\/Regalino-Shop.de\\\/\",\"name\":\"Regalino -Lively Style\",\"description\":\"gelebtes Zuhause\",\"potentialAction\":[{\"@type\":\"SearchAction\",\"target\":{\"@type\":\"EntryPoint\",\"urlTemplate\":\"https:\\\/\\\/Regalino-Shop.de\\\/?s={search_term_string}\"},\"query-input\":{\"@type\":\"PropertyValueSpecification\",\"valueRequired\":true,\"valueName\":\"search_term_string\"}}],\"inLanguage\":\"de\"}]}<\/script>\n<!-- \/ Yoast SEO plugin. -->","yoast_head_json":{"title":"Lampenschirm *Ida* von Innocreo - Regalino -Lively Style","description":"Lampenschirm \u201eIda\u201c \u2013 ruhiges, elegantes Licht f\u00fcr dein Zuhause. Passend f\u00fcr Stern A1. Hochwertig & nachhaltig in Deutschland gefertigt","robots":{"index":"index","follow":"follow","max-snippet":"max-snippet:-1","max-image-preview":"max-image-preview:large","max-video-preview":"max-video-preview:-1"},"canonical":"https:\/\/Regalino-Shop.de\/?product=lampenschirm-ida-von-innocreo","og_locale":"de_DE","og_type":"article","og_title":"Lampenschirm *Ida* von Innocreo - Regalino -Lively Style","og_description":"Lampenschirm \u201eIda\u201c \u2013 ruhiges, elegantes Licht f\u00fcr dein Zuhause. Passend f\u00fcr Stern A1. Hochwertig & nachhaltig in Deutschland gefertigt","og_url":"https:\/\/Regalino-Shop.de\/?product=lampenschirm-ida-von-innocreo","og_site_name":"Regalino -Lively Style","article_modified_time":"2026-03-26T14:10:02+00:00","og_image":[{"width":1024,"height":1536,"url":"https:\/\/Regalino-Shop.de\/wp-content\/uploads\/2026\/02\/ida-lampe-weihnachtsstern-a1-mood.png","type":"image\/png"}],"twitter_card":"summary_large_image","twitter_misc":{"Gesch\u00e4tzte Lesezeit":"1\u00a0Minute"},"schema":{"@context":"https:\/\/schema.org","@graph":[{"@type":"WebPage","@id":"https:\/\/Regalino-Shop.de\/?product=lampenschirm-ida-von-innocreo","url":"https:\/\/Regalino-Shop.de\/?product=lampenschirm-ida-von-innocreo","name":"Lampenschirm *Ida* von Innocreo - Regalino -Lively Style","isPartOf":{"@id":"https:\/\/Regalino-Shop.de\/#website"},"primaryImageOfPage":{"@id":"https:\/\/Regalino-Shop.de\/?product=lampenschirm-ida-von-innocreo#primaryimage"},"image":{"@id":"https:\/\/Regalino-Shop.de\/?product=lampenschirm-ida-von-innocreo#primaryimage"},"thumbnailUrl":"https:\/\/Regalino-Shop.de\/wp-content\/uploads\/2026\/02\/ida-lampe-weihnachtsstern-a1-mood.png","datePublished":"2026-02-10T16:10:11+00:00","dateModified":"2026-03-26T14:10:02+00:00","description":"Lampenschirm \u201eIda\u201c \u2013 ruhiges, elegantes Licht f\u00fcr dein Zuhause. Passend f\u00fcr Stern A1. Hochwertig & nachhaltig in Deutschland gefertigt","breadcrumb":{"@id":"https:\/\/Regalino-Shop.de\/?product=lampenschirm-ida-von-innocreo#breadcrumb"},"inLanguage":"de","potentialAction":[{"@type":"ReadAction","target":["https:\/\/Regalino-Shop.de\/?product=lampenschirm-ida-von-innocreo"]}]},{"@type":"ImageObject","inLanguage":"de","@id":"https:\/\/Regalino-Shop.de\/?product=lampenschirm-ida-von-innocreo#primaryimage","url":"https:\/\/Regalino-Shop.de\/wp-content\/uploads\/2026\/02\/ida-lampe-weihnachtsstern-a1-mood.png","contentUrl":"https:\/\/Regalino-Shop.de\/wp-content\/uploads\/2026\/02\/ida-lampe-weihnachtsstern-a1-mood.png","width":1024,"height":1536,"caption":"Lampenschirm Ida schlicht"},{"@type":"BreadcrumbList","@id":"https:\/\/Regalino-Shop.de\/?product=lampenschirm-ida-von-innocreo#breadcrumb","itemListElement":[{"@type":"ListItem","position":1,"name":"Startseite","item":"https:\/\/Regalino-Shop.de\/"},{"@type":"ListItem","position":2,"name":"Shop","item":"https:\/\/Regalino-Shop.de\/?page_id=40"},{"@type":"ListItem","position":3,"name":"Lampenschirm *Ida* von Innocreo"}]},{"@type":"WebSite","@id":"https:\/\/Regalino-Shop.de\/#website","url":"https:\/\/Regalino-Shop.de\/","name":"Regalino -Lively Style","description":"gelebtes Zuhause","potentialAction":[{"@type":"SearchAction","target":{"@type":"EntryPoint","urlTemplate":"https:\/\/Regalino-Shop.de\/?s={search_term_string}"},"query-input":{"@type":"PropertyValueSpecification","valueRequired":true,"valueName":"search_term_string"}}],"inLanguage":"de"}]}},"_links":{"self":[{"href":"https:\/\/Regalino-Shop.de\/index.php?rest_route=\/wp\/v2\/product\/17669","targetHints":{"allow":["GET"]}}],"collection":[{"href":"https:\/\/Regalino-Shop.de\/index.php?rest_route=\/wp\/v2\/product"}],"about":[{"href":"https:\/\/Regalino-Shop.de\/index.php?rest_route=\/wp\/v2\/types\/product"}],"wp:featuredmedia":[{"embeddable":true,"href":"https:\/\/Regalino-Shop.de\/index.php?rest_route=\/wp\/v2\/media\/17724"}],"wp:attachment":[{"href":"https:\/\/Regalino-Shop.de\/index.php?rest_route=%2Fwp%2Fv2%2Fmedia&parent=17669"}],"wp:term":[{"taxonomy":"product_brand","embeddable":true,"href":"https:\/\/Regalino-Shop.de\/index.php?rest_route=%2Fwp%2Fv2%2Fproduct_brand&post=17669"},{"taxonomy":"product_cat","embeddable":true,"href":"https:\/\/Regalino-Shop.de\/index.php?rest_route=%2Fwp%2Fv2%2Fproduct_cat&post=17669"},{"taxonomy":"product_tag","embeddable":true,"href":"https:\/\/Regalino-Shop.de\/index.php?rest_route=%2Fwp%2Fv2%2Fproduct_tag&post=17669"}],"curies":[{"name":"wp","href":"https:\/\/api.w.org\/{rel}","templated":true}]}}