{"id":17796,"date":"2026-02-20T17:13:48","date_gmt":"2026-02-20T17:13:48","guid":{"rendered":"https:\/\/Regalino-Shop.de\/?post_type=product&#038;p=17796"},"modified":"2026-03-21T16:11:11","modified_gmt":"2026-03-21T16:11:11","slug":"tine-k-home-servietten-paperbow-caramel","status":"publish","type":"product","link":"https:\/\/Regalino-Shop.de\/?product=tine-k-home-servietten-paperbow-caramel","title":{"rendered":"Servietten Papier *Schleifen* caramell 25x25cm"},"content":{"rendered":"","protected":false},"excerpt":{"rendered":"<div class=\"product--description block\">\n<h3 data-start=\"111\" data-end=\"203\">Nordische Tischdekoration mit Tine K Home<\/h3>\n<p data-start=\"949\" data-end=\"1156\">Die Tine K Home Servietten Paperbow Caramel machen deine Tischdekoration sofort einladend und warm. Der sanfte Caramel-Ton passt perfekt zu nordischen Farben, hellem Steingut und nat\u00fcrlichen Materialien.<\/p>\n<p data-start=\"1158\" data-end=\"1336\">Mit den Tine K Home Servietten Paperbow Caramel gelingt dir im Handumdrehen ein ruhiger, skandinavischer Tisch \u2013 egal ob Fr\u00fchst\u00fcck, Kaffeezeit oder kleines Dinner mit G\u00e4sten.<\/p>\n<p data-start=\"1338\" data-end=\"1462\">Die Servietten werden nachhaltig in Europa produziert, sind FSC-zertifiziert und mit dem Nordic Swan Ecolabel ausgezeichnet<\/p>\n<ul data-start=\"668\" data-end=\"826\">\n<li data-start=\"668\" data-end=\"692\">\n<p data-start=\"670\" data-end=\"692\">50 St\u00fcck pro Packung<\/p>\n<\/li>\n<li data-start=\"693\" data-end=\"755\">\n<p data-start=\"695\" data-end=\"755\">Format: 12,5 \u00d7 12,5 cm (gefaltet) \/ 25 \u00d7 25 cm (entfaltet)<\/p>\n<\/li>\n<li data-start=\"756\" data-end=\"776\">\n<p data-start=\"758\" data-end=\"776\">FSC-zertifiziert<\/p>\n<\/li>\n<li data-start=\"777\" data-end=\"801\">\n<p data-start=\"779\" data-end=\"801\">Nordic Swan Ecolabel<\/p>\n<\/li>\n<li data-start=\"802\" data-end=\"826\">\n<p data-start=\"804\" data-end=\"826\">Produziert in Europa<\/p>\n<\/li>\n<\/ul>\n<p data-start=\"2015\" data-end=\"2043\"><strong data-start=\"2015\" data-end=\"2043\">Passt besonders sch\u00f6n zu<\/strong><\/p>\n<ul data-start=\"2044\" data-end=\"2121\">\n<li data-start=\"2044\" data-end=\"2052\">\n<p data-start=\"2046\" data-end=\"2052\">Leinen<\/p>\n<\/li>\n<li data-start=\"2053\" data-end=\"2063\">\n<p data-start=\"2055\" data-end=\"2063\">Steingut<\/p>\n<\/li>\n<li data-start=\"2064\" data-end=\"2091\">\n<p data-start=\"2066\" data-end=\"2091\">skandinavischer Tischdeko<\/p>\n<\/li>\n<li data-start=\"2092\" data-end=\"2121\">\n<p data-start=\"2094\" data-end=\"2121\">Fr\u00fchst\u00fcckstisch oder Dinner<\/p>\n<\/li>\n<\/ul>\n<p>&nbsp;<\/p>\n<p>Lieferumfang: 1 Packung ohne Deko<\/p>\n<p>&nbsp;<\/p>\n<\/div>\n","protected":false},"featured_media":17797,"template":"","meta":{"_et_pb_use_builder":"","_et_pb_old_content":"","_et_gb_content_width":""},"product_brand":[2329],"product_cat":[80,57],"product_tag":[2340,2339,2337,2341,2338,370,2342,2330],"class_list":{"0":"post-17796","1":"product","2":"type-product","3":"status-publish","4":"has-post-thumbnail","6":"product_brand-tine-k","7":"product_cat-kueche-servieren-im-scandi-breton-stil-regalino","8":"product_cat-neu-eingetroffen-neue-lieblingsstuecke-bei-regalino","9":"product_tag-25x25-cm","10":"product_tag-caramel","11":"product_tag-nachhaltige-servietten","12":"product_tag-nordische-tischdeko","13":"product_tag-paperbow","14":"product_tag-servietten","15":"product_tag-skandinavische-tischdekoration","16":"product_tag-tine-k-home","18":"first","19":"instock","20":"taxable","21":"shipping-taxable","22":"purchasable","23":"product-type-simple"},"yoast_head":"<!-- This site is optimized with the Yoast SEO plugin v27.3 - https:\/\/yoast.com\/product\/yoast-seo-wordpress\/ -->\n<title>Servietten Papier *Schleifen* caramell 25x25cm - Regalino -Lively Style<\/title>\n<meta name=\"description\" content=\"Nordische Servietten Paperbow Caramel von Tine K Home. 25\u00d725 cm, FSC-zertifiziert und nachhaltig produziert \u2013 perfekt f\u00fcr eine stilvolle Tischdekoration\" \/>\n<meta name=\"robots\" content=\"index, follow, max-snippet:-1, max-image-preview:large, max-video-preview:-1\" \/>\n<link rel=\"canonical\" href=\"https:\/\/Regalino-Shop.de\/?product=tine-k-home-servietten-paperbow-caramel\" \/>\n<meta property=\"og:locale\" content=\"de_DE\" \/>\n<meta property=\"og:type\" content=\"article\" \/>\n<meta property=\"og:title\" content=\"Servietten Papier *Schleifen* caramell 25x25cm - Regalino -Lively Style\" \/>\n<meta property=\"og:description\" content=\"Nordische Servietten Paperbow Caramel von Tine K Home. 25\u00d725 cm, FSC-zertifiziert und nachhaltig produziert \u2013 perfekt f\u00fcr eine stilvolle Tischdekoration\" \/>\n<meta property=\"og:url\" content=\"https:\/\/Regalino-Shop.de\/?product=tine-k-home-servietten-paperbow-caramel\" \/>\n<meta property=\"og:site_name\" content=\"Regalino -Lively Style\" \/>\n<meta property=\"article:modified_time\" content=\"2026-03-21T16:11:11+00:00\" \/>\n<meta property=\"og:image\" content=\"https:\/\/Regalino-Shop.de\/wp-content\/uploads\/2026\/02\/servietten-tinek-Schleifen-25x25cm-caramell.jpg\" \/>\n\t<meta property=\"og:image:width\" content=\"720\" \/>\n\t<meta property=\"og:image:height\" content=\"720\" \/>\n\t<meta property=\"og:image:type\" content=\"image\/jpeg\" \/>\n<meta name=\"twitter:card\" content=\"summary_large_image\" \/>\n<meta name=\"twitter:label1\" content=\"Gesch\u00e4tzte Lesezeit\" \/>\n\t<meta name=\"twitter:data1\" content=\"1\u00a0Minute\" \/>\n<script type=\"application\/ld+json\" class=\"yoast-schema-graph\">{\"@context\":\"https:\\\/\\\/schema.org\",\"@graph\":[{\"@type\":\"WebPage\",\"@id\":\"https:\\\/\\\/Regalino-Shop.de\\\/?product=tine-k-home-servietten-paperbow-caramel\",\"url\":\"https:\\\/\\\/Regalino-Shop.de\\\/?product=tine-k-home-servietten-paperbow-caramel\",\"name\":\"Servietten Papier *Schleifen* caramell 25x25cm - Regalino -Lively Style\",\"isPartOf\":{\"@id\":\"https:\\\/\\\/Regalino-Shop.de\\\/#website\"},\"primaryImageOfPage\":{\"@id\":\"https:\\\/\\\/Regalino-Shop.de\\\/?product=tine-k-home-servietten-paperbow-caramel#primaryimage\"},\"image\":{\"@id\":\"https:\\\/\\\/Regalino-Shop.de\\\/?product=tine-k-home-servietten-paperbow-caramel#primaryimage\"},\"thumbnailUrl\":\"https:\\\/\\\/Regalino-Shop.de\\\/wp-content\\\/uploads\\\/2026\\\/02\\\/servietten-tinek-Schleifen-25x25cm-caramell.jpg\",\"datePublished\":\"2026-02-20T17:13:48+00:00\",\"dateModified\":\"2026-03-21T16:11:11+00:00\",\"description\":\"Nordische Servietten Paperbow Caramel von Tine K Home. 25\u00d725 cm, FSC-zertifiziert und nachhaltig produziert \u2013 perfekt f\u00fcr eine stilvolle Tischdekoration\",\"breadcrumb\":{\"@id\":\"https:\\\/\\\/Regalino-Shop.de\\\/?product=tine-k-home-servietten-paperbow-caramel#breadcrumb\"},\"inLanguage\":\"de\",\"potentialAction\":[{\"@type\":\"ReadAction\",\"target\":[\"https:\\\/\\\/Regalino-Shop.de\\\/?product=tine-k-home-servietten-paperbow-caramel\"]}]},{\"@type\":\"ImageObject\",\"inLanguage\":\"de\",\"@id\":\"https:\\\/\\\/Regalino-Shop.de\\\/?product=tine-k-home-servietten-paperbow-caramel#primaryimage\",\"url\":\"https:\\\/\\\/Regalino-Shop.de\\\/wp-content\\\/uploads\\\/2026\\\/02\\\/servietten-tinek-Schleifen-25x25cm-caramell.jpg\",\"contentUrl\":\"https:\\\/\\\/Regalino-Shop.de\\\/wp-content\\\/uploads\\\/2026\\\/02\\\/servietten-tinek-Schleifen-25x25cm-caramell.jpg\",\"width\":720,\"height\":720,\"caption\":\"Tine K Home Servietten Paperbow Caramel 25x25 cm nordische Tischdekoration\"},{\"@type\":\"BreadcrumbList\",\"@id\":\"https:\\\/\\\/Regalino-Shop.de\\\/?product=tine-k-home-servietten-paperbow-caramel#breadcrumb\",\"itemListElement\":[{\"@type\":\"ListItem\",\"position\":1,\"name\":\"Startseite\",\"item\":\"https:\\\/\\\/Regalino-Shop.de\\\/\"},{\"@type\":\"ListItem\",\"position\":2,\"name\":\"Shop\",\"item\":\"https:\\\/\\\/Regalino-Shop.de\\\/?page_id=40\"},{\"@type\":\"ListItem\",\"position\":3,\"name\":\"Servietten Papier *Schleifen* caramell 25x25cm\"}]},{\"@type\":\"WebSite\",\"@id\":\"https:\\\/\\\/Regalino-Shop.de\\\/#website\",\"url\":\"https:\\\/\\\/Regalino-Shop.de\\\/\",\"name\":\"Regalino -Lively Style\",\"description\":\"gelebtes Zuhause\",\"potentialAction\":[{\"@type\":\"SearchAction\",\"target\":{\"@type\":\"EntryPoint\",\"urlTemplate\":\"https:\\\/\\\/Regalino-Shop.de\\\/?s={search_term_string}\"},\"query-input\":{\"@type\":\"PropertyValueSpecification\",\"valueRequired\":true,\"valueName\":\"search_term_string\"}}],\"inLanguage\":\"de\"}]}<\/script>\n<!-- \/ Yoast SEO plugin. -->","yoast_head_json":{"title":"Servietten Papier *Schleifen* caramell 25x25cm - Regalino -Lively Style","description":"Nordische Servietten Paperbow Caramel von Tine K Home. 25\u00d725 cm, FSC-zertifiziert und nachhaltig produziert \u2013 perfekt f\u00fcr eine stilvolle Tischdekoration","robots":{"index":"index","follow":"follow","max-snippet":"max-snippet:-1","max-image-preview":"max-image-preview:large","max-video-preview":"max-video-preview:-1"},"canonical":"https:\/\/Regalino-Shop.de\/?product=tine-k-home-servietten-paperbow-caramel","og_locale":"de_DE","og_type":"article","og_title":"Servietten Papier *Schleifen* caramell 25x25cm - Regalino -Lively Style","og_description":"Nordische Servietten Paperbow Caramel von Tine K Home. 25\u00d725 cm, FSC-zertifiziert und nachhaltig produziert \u2013 perfekt f\u00fcr eine stilvolle Tischdekoration","og_url":"https:\/\/Regalino-Shop.de\/?product=tine-k-home-servietten-paperbow-caramel","og_site_name":"Regalino -Lively Style","article_modified_time":"2026-03-21T16:11:11+00:00","og_image":[{"width":720,"height":720,"url":"https:\/\/Regalino-Shop.de\/wp-content\/uploads\/2026\/02\/servietten-tinek-Schleifen-25x25cm-caramell.jpg","type":"image\/jpeg"}],"twitter_card":"summary_large_image","twitter_misc":{"Gesch\u00e4tzte Lesezeit":"1\u00a0Minute"},"schema":{"@context":"https:\/\/schema.org","@graph":[{"@type":"WebPage","@id":"https:\/\/Regalino-Shop.de\/?product=tine-k-home-servietten-paperbow-caramel","url":"https:\/\/Regalino-Shop.de\/?product=tine-k-home-servietten-paperbow-caramel","name":"Servietten Papier *Schleifen* caramell 25x25cm - Regalino -Lively Style","isPartOf":{"@id":"https:\/\/Regalino-Shop.de\/#website"},"primaryImageOfPage":{"@id":"https:\/\/Regalino-Shop.de\/?product=tine-k-home-servietten-paperbow-caramel#primaryimage"},"image":{"@id":"https:\/\/Regalino-Shop.de\/?product=tine-k-home-servietten-paperbow-caramel#primaryimage"},"thumbnailUrl":"https:\/\/Regalino-Shop.de\/wp-content\/uploads\/2026\/02\/servietten-tinek-Schleifen-25x25cm-caramell.jpg","datePublished":"2026-02-20T17:13:48+00:00","dateModified":"2026-03-21T16:11:11+00:00","description":"Nordische Servietten Paperbow Caramel von Tine K Home. 25\u00d725 cm, FSC-zertifiziert und nachhaltig produziert \u2013 perfekt f\u00fcr eine stilvolle Tischdekoration","breadcrumb":{"@id":"https:\/\/Regalino-Shop.de\/?product=tine-k-home-servietten-paperbow-caramel#breadcrumb"},"inLanguage":"de","potentialAction":[{"@type":"ReadAction","target":["https:\/\/Regalino-Shop.de\/?product=tine-k-home-servietten-paperbow-caramel"]}]},{"@type":"ImageObject","inLanguage":"de","@id":"https:\/\/Regalino-Shop.de\/?product=tine-k-home-servietten-paperbow-caramel#primaryimage","url":"https:\/\/Regalino-Shop.de\/wp-content\/uploads\/2026\/02\/servietten-tinek-Schleifen-25x25cm-caramell.jpg","contentUrl":"https:\/\/Regalino-Shop.de\/wp-content\/uploads\/2026\/02\/servietten-tinek-Schleifen-25x25cm-caramell.jpg","width":720,"height":720,"caption":"Tine K Home Servietten Paperbow Caramel 25x25 cm nordische Tischdekoration"},{"@type":"BreadcrumbList","@id":"https:\/\/Regalino-Shop.de\/?product=tine-k-home-servietten-paperbow-caramel#breadcrumb","itemListElement":[{"@type":"ListItem","position":1,"name":"Startseite","item":"https:\/\/Regalino-Shop.de\/"},{"@type":"ListItem","position":2,"name":"Shop","item":"https:\/\/Regalino-Shop.de\/?page_id=40"},{"@type":"ListItem","position":3,"name":"Servietten Papier *Schleifen* caramell 25x25cm"}]},{"@type":"WebSite","@id":"https:\/\/Regalino-Shop.de\/#website","url":"https:\/\/Regalino-Shop.de\/","name":"Regalino -Lively Style","description":"gelebtes Zuhause","potentialAction":[{"@type":"SearchAction","target":{"@type":"EntryPoint","urlTemplate":"https:\/\/Regalino-Shop.de\/?s={search_term_string}"},"query-input":{"@type":"PropertyValueSpecification","valueRequired":true,"valueName":"search_term_string"}}],"inLanguage":"de"}]}},"_links":{"self":[{"href":"https:\/\/Regalino-Shop.de\/index.php?rest_route=\/wp\/v2\/product\/17796","targetHints":{"allow":["GET"]}}],"collection":[{"href":"https:\/\/Regalino-Shop.de\/index.php?rest_route=\/wp\/v2\/product"}],"about":[{"href":"https:\/\/Regalino-Shop.de\/index.php?rest_route=\/wp\/v2\/types\/product"}],"wp:featuredmedia":[{"embeddable":true,"href":"https:\/\/Regalino-Shop.de\/index.php?rest_route=\/wp\/v2\/media\/17797"}],"wp:attachment":[{"href":"https:\/\/Regalino-Shop.de\/index.php?rest_route=%2Fwp%2Fv2%2Fmedia&parent=17796"}],"wp:term":[{"taxonomy":"product_brand","embeddable":true,"href":"https:\/\/Regalino-Shop.de\/index.php?rest_route=%2Fwp%2Fv2%2Fproduct_brand&post=17796"},{"taxonomy":"product_cat","embeddable":true,"href":"https:\/\/Regalino-Shop.de\/index.php?rest_route=%2Fwp%2Fv2%2Fproduct_cat&post=17796"},{"taxonomy":"product_tag","embeddable":true,"href":"https:\/\/Regalino-Shop.de\/index.php?rest_route=%2Fwp%2Fv2%2Fproduct_tag&post=17796"}],"curies":[{"name":"wp","href":"https:\/\/api.w.org\/{rel}","templated":true}]}}