{"id":17812,"date":"2026-02-22T08:21:30","date_gmt":"2026-02-22T08:21:30","guid":{"rendered":"https:\/\/Regalino-Shop.de\/?post_type=product&#038;p=17812"},"modified":"2026-04-01T20:06:30","modified_gmt":"2026-04-01T20:06:30","slug":"tischlaeufer-recycled-cotton-caramel-50x160-cm-regalino","status":"publish","type":"product","link":"https:\/\/Regalino-Shop.de\/?product=tischlaeufer-recycled-cotton-caramel-50x160-cm-regalino","title":{"rendered":"Tischl\u00e4ufer aus recycelter Baumwolle *Caramel*| 50\u00d7160 cm"},"content":{"rendered":"","protected":false},"excerpt":{"rendered":"<div class=\"product--description block\">\n<p data-start=\"220\" data-end=\"254\">Nat\u00fcrlich gedeckt. Ruhig. Zeitlos.<\/p>\n<p data-start=\"256\" data-end=\"477\">Der <strong data-start=\"260\" data-end=\"286\">Recorunner Tischl\u00e4ufer<\/strong> bringt eine entspannte, sommerliche Leichtigkeit auf deinen Tisch. Gefertigt aus <strong data-start=\"368\" data-end=\"392\">recycelter Baumwolle<\/strong>, verbindet er nachhaltige Materialwahl mit einem warmen, nordisch inspirierten Look.<\/p>\n<p data-start=\"479\" data-end=\"729\">F\u00fcr die Reco-Kollektion werden Baumwollreste aus der Textilproduktion neu verarbeitet, mit Polyesterfasern erg\u00e4nzt und zu langlebigen Garnen versponnen. Dadurch entsteht eine angenehm robuste und gleichzeitig weiche Struktur mit lebendigem Charakter.<\/p>\n<p data-start=\"731\" data-end=\"863\">Leichte Farbnuancen geh\u00f6ren bewusst zum Design \u2014 jede Charge erz\u00e4hlt ihre eigene Geschichte und macht jeden Tischl\u00e4ufer einzigartig.<\/p>\n<p data-start=\"865\" data-end=\"1003\">Ob f\u00fcr den Alltag, das Fr\u00fchst\u00fcck am Wochenende oder eine nat\u00fcrlich gedeckte Tafel: Der Recorunner sorgt sofort f\u00fcr Ruhe und W\u00e4rme im Raum.<\/p>\n<hr data-start=\"1005\" data-end=\"1008\" \/>\n<h3 data-start=\"1010\" data-end=\"1023\">\u2728 Details<\/h3>\n<ul data-start=\"1024\" data-end=\"1234\">\n<li data-start=\"1024\" data-end=\"1048\">\n<p data-start=\"1026\" data-end=\"1048\">Gr\u00f6\u00dfe: <strong data-start=\"1033\" data-end=\"1048\">50 \u00d7 160 cm<\/strong><\/p>\n<\/li>\n<li data-start=\"1049\" data-end=\"1100\">\n<p data-start=\"1051\" data-end=\"1100\">Material: recycelte Baumwolle mit Polyesteranteil<\/p>\n<\/li>\n<li data-start=\"1101\" data-end=\"1131\">\n<p data-start=\"1103\" data-end=\"1131\">nachhaltige Textilproduktion<\/p>\n<\/li>\n<li data-start=\"1132\" data-end=\"1164\">\n<p data-start=\"1134\" data-end=\"1164\">weiche, strukturierte Qualit\u00e4t<\/p>\n<\/li>\n<li data-start=\"1165\" data-end=\"1201\">\n<p data-start=\"1167\" data-end=\"1201\">nat\u00fcrliche Farbvariationen m\u00f6glich<\/p>\n<\/li>\n<li data-start=\"1202\" data-end=\"1234\">\n<p data-start=\"1204\" data-end=\"1234\">zeitloser skandinavischer Stil<\/p>\n<\/li>\n<\/ul>\n<hr data-start=\"1236\" data-end=\"1239\" \/>\n<h3 data-start=\"1241\" data-end=\"1269\">\ud83e\udd0d Regalino Styling-Tipp<\/h3>\n<p data-start=\"1270\" data-end=\"1449\">Besonders sch\u00f6n wirkt der Tischl\u00e4ufer kombiniert mit Keramik in Sand- und Naturt\u00f6nen, Holzaccessoires oder schlichten Glasvasen \u2014 f\u00fcr eine moderne Nordic-Table-Setting Atmosph\u00e4re<\/p>\n<p>Lieferumfang: 1 Tischl\u00e4ufer<\/p>\n<p>&nbsp;<\/p>\n<\/div>\n","protected":false},"featured_media":17814,"template":"","meta":{"_et_pb_use_builder":"","_et_pb_old_content":"","_et_gb_content_width":""},"product_brand":[2329],"product_cat":[57,68],"product_tag":[2361,2362,2365,2355,1986,2364,2335,373,2363],"class_list":{"0":"post-17812","1":"product","2":"type-product","3":"status-publish","4":"has-post-thumbnail","6":"product_brand-tine-k","7":"product_cat-neu-eingetroffen-neue-lieblingsstuecke-bei-regalino","8":"product_cat-wohntextilien-fuer-ein-stilvolles-zuhause-regalino","9":"product_tag-kuechentextilien","10":"product_tag-nachhaltige-tischdeko","11":"product_tag-nordische-einrichtung","12":"product_tag-recycled-cotton","13":"product_tag-regalino","14":"product_tag-skandinavischer-stil","15":"product_tag-tischdekoration","16":"product_tag-tischlaeufer","17":"product_tag-tischlaeufer-caramel","19":"first","20":"instock","21":"taxable","22":"shipping-taxable","23":"purchasable","24":"product-type-simple"},"yoast_head":"<!-- This site is optimized with the Yoast SEO plugin v27.3 - https:\/\/yoast.com\/product\/yoast-seo-wordpress\/ -->\n<title>Tischl\u00e4ufer aus recycelter Baumwolle *Caramel*| 50\u00d7160 cm - Regalino -Lively Style<\/title>\n<meta name=\"description\" content=\"Nachhaltiger Tischl\u00e4ufer aus recycelter Baumwolle im Farbton Caramel. 50\u00d7160 cm f\u00fcr eine nat\u00fcrliche, nordisch inspirierte Tischdekoration\" \/>\n<meta name=\"robots\" content=\"index, follow, max-snippet:-1, max-image-preview:large, max-video-preview:-1\" \/>\n<link rel=\"canonical\" href=\"https:\/\/Regalino-Shop.de\/?product=tischlaeufer-recycled-cotton-caramel-50x160-cm-regalino\" \/>\n<meta property=\"og:locale\" content=\"de_DE\" \/>\n<meta property=\"og:type\" content=\"article\" \/>\n<meta property=\"og:title\" content=\"Tischl\u00e4ufer aus recycelter Baumwolle *Caramel*| 50\u00d7160 cm - Regalino -Lively Style\" \/>\n<meta property=\"og:description\" content=\"Nachhaltiger Tischl\u00e4ufer aus recycelter Baumwolle im Farbton Caramel. 50\u00d7160 cm f\u00fcr eine nat\u00fcrliche, nordisch inspirierte Tischdekoration\" \/>\n<meta property=\"og:url\" content=\"https:\/\/Regalino-Shop.de\/?product=tischlaeufer-recycled-cotton-caramel-50x160-cm-regalino\" \/>\n<meta property=\"og:site_name\" content=\"Regalino -Lively Style\" \/>\n<meta property=\"article:modified_time\" content=\"2026-04-01T20:06:30+00:00\" \/>\n<meta property=\"og:image\" content=\"https:\/\/Regalino-Shop.de\/wp-content\/uploads\/2026\/02\/recorunner-caramel-tischlaeufer-tine_k.jpg\" \/>\n\t<meta property=\"og:image:width\" content=\"720\" \/>\n\t<meta property=\"og:image:height\" content=\"720\" \/>\n\t<meta property=\"og:image:type\" content=\"image\/jpeg\" \/>\n<meta name=\"twitter:card\" content=\"summary_large_image\" \/>\n<meta name=\"twitter:label1\" content=\"Gesch\u00e4tzte Lesezeit\" \/>\n\t<meta name=\"twitter:data1\" content=\"1\u00a0Minute\" \/>\n<script type=\"application\/ld+json\" class=\"yoast-schema-graph\">{\"@context\":\"https:\\\/\\\/schema.org\",\"@graph\":[{\"@type\":\"WebPage\",\"@id\":\"https:\\\/\\\/Regalino-Shop.de\\\/?product=tischlaeufer-recycled-cotton-caramel-50x160-cm-regalino\",\"url\":\"https:\\\/\\\/Regalino-Shop.de\\\/?product=tischlaeufer-recycled-cotton-caramel-50x160-cm-regalino\",\"name\":\"Tischl\u00e4ufer aus recycelter Baumwolle *Caramel*| 50\u00d7160 cm - Regalino -Lively Style\",\"isPartOf\":{\"@id\":\"https:\\\/\\\/Regalino-Shop.de\\\/#website\"},\"primaryImageOfPage\":{\"@id\":\"https:\\\/\\\/Regalino-Shop.de\\\/?product=tischlaeufer-recycled-cotton-caramel-50x160-cm-regalino#primaryimage\"},\"image\":{\"@id\":\"https:\\\/\\\/Regalino-Shop.de\\\/?product=tischlaeufer-recycled-cotton-caramel-50x160-cm-regalino#primaryimage\"},\"thumbnailUrl\":\"https:\\\/\\\/Regalino-Shop.de\\\/wp-content\\\/uploads\\\/2026\\\/02\\\/recorunner-caramel-tischlaeufer-tine_k.jpg\",\"datePublished\":\"2026-02-22T08:21:30+00:00\",\"dateModified\":\"2026-04-01T20:06:30+00:00\",\"description\":\"Nachhaltiger Tischl\u00e4ufer aus recycelter Baumwolle im Farbton Caramel. 50\u00d7160 cm f\u00fcr eine nat\u00fcrliche, nordisch inspirierte Tischdekoration\",\"breadcrumb\":{\"@id\":\"https:\\\/\\\/Regalino-Shop.de\\\/?product=tischlaeufer-recycled-cotton-caramel-50x160-cm-regalino#breadcrumb\"},\"inLanguage\":\"de\",\"potentialAction\":[{\"@type\":\"ReadAction\",\"target\":[\"https:\\\/\\\/Regalino-Shop.de\\\/?product=tischlaeufer-recycled-cotton-caramel-50x160-cm-regalino\"]}]},{\"@type\":\"ImageObject\",\"inLanguage\":\"de\",\"@id\":\"https:\\\/\\\/Regalino-Shop.de\\\/?product=tischlaeufer-recycled-cotton-caramel-50x160-cm-regalino#primaryimage\",\"url\":\"https:\\\/\\\/Regalino-Shop.de\\\/wp-content\\\/uploads\\\/2026\\\/02\\\/recorunner-caramel-tischlaeufer-tine_k.jpg\",\"contentUrl\":\"https:\\\/\\\/Regalino-Shop.de\\\/wp-content\\\/uploads\\\/2026\\\/02\\\/recorunner-caramel-tischlaeufer-tine_k.jpg\",\"width\":720,\"height\":720,\"caption\":\"Tischl\u00e4ufer aus recycelter Baumwolle in Caramel auf nat\u00fcrlich gedecktem Tisch im nordischen Stil\"},{\"@type\":\"BreadcrumbList\",\"@id\":\"https:\\\/\\\/Regalino-Shop.de\\\/?product=tischlaeufer-recycled-cotton-caramel-50x160-cm-regalino#breadcrumb\",\"itemListElement\":[{\"@type\":\"ListItem\",\"position\":1,\"name\":\"Startseite\",\"item\":\"https:\\\/\\\/Regalino-Shop.de\\\/\"},{\"@type\":\"ListItem\",\"position\":2,\"name\":\"Shop\",\"item\":\"https:\\\/\\\/Regalino-Shop.de\\\/?page_id=40\"},{\"@type\":\"ListItem\",\"position\":3,\"name\":\"Tischl\u00e4ufer aus recycelter Baumwolle *Caramel*| 50\u00d7160 cm\"}]},{\"@type\":\"WebSite\",\"@id\":\"https:\\\/\\\/Regalino-Shop.de\\\/#website\",\"url\":\"https:\\\/\\\/Regalino-Shop.de\\\/\",\"name\":\"Regalino -Lively Style\",\"description\":\"gelebtes Zuhause\",\"potentialAction\":[{\"@type\":\"SearchAction\",\"target\":{\"@type\":\"EntryPoint\",\"urlTemplate\":\"https:\\\/\\\/Regalino-Shop.de\\\/?s={search_term_string}\"},\"query-input\":{\"@type\":\"PropertyValueSpecification\",\"valueRequired\":true,\"valueName\":\"search_term_string\"}}],\"inLanguage\":\"de\"}]}<\/script>\n<!-- \/ Yoast SEO plugin. -->","yoast_head_json":{"title":"Tischl\u00e4ufer aus recycelter Baumwolle *Caramel*| 50\u00d7160 cm - Regalino -Lively Style","description":"Nachhaltiger Tischl\u00e4ufer aus recycelter Baumwolle im Farbton Caramel. 50\u00d7160 cm f\u00fcr eine nat\u00fcrliche, nordisch inspirierte Tischdekoration","robots":{"index":"index","follow":"follow","max-snippet":"max-snippet:-1","max-image-preview":"max-image-preview:large","max-video-preview":"max-video-preview:-1"},"canonical":"https:\/\/Regalino-Shop.de\/?product=tischlaeufer-recycled-cotton-caramel-50x160-cm-regalino","og_locale":"de_DE","og_type":"article","og_title":"Tischl\u00e4ufer aus recycelter Baumwolle *Caramel*| 50\u00d7160 cm - Regalino -Lively Style","og_description":"Nachhaltiger Tischl\u00e4ufer aus recycelter Baumwolle im Farbton Caramel. 50\u00d7160 cm f\u00fcr eine nat\u00fcrliche, nordisch inspirierte Tischdekoration","og_url":"https:\/\/Regalino-Shop.de\/?product=tischlaeufer-recycled-cotton-caramel-50x160-cm-regalino","og_site_name":"Regalino -Lively Style","article_modified_time":"2026-04-01T20:06:30+00:00","og_image":[{"width":720,"height":720,"url":"https:\/\/Regalino-Shop.de\/wp-content\/uploads\/2026\/02\/recorunner-caramel-tischlaeufer-tine_k.jpg","type":"image\/jpeg"}],"twitter_card":"summary_large_image","twitter_misc":{"Gesch\u00e4tzte Lesezeit":"1\u00a0Minute"},"schema":{"@context":"https:\/\/schema.org","@graph":[{"@type":"WebPage","@id":"https:\/\/Regalino-Shop.de\/?product=tischlaeufer-recycled-cotton-caramel-50x160-cm-regalino","url":"https:\/\/Regalino-Shop.de\/?product=tischlaeufer-recycled-cotton-caramel-50x160-cm-regalino","name":"Tischl\u00e4ufer aus recycelter Baumwolle *Caramel*| 50\u00d7160 cm - Regalino -Lively Style","isPartOf":{"@id":"https:\/\/Regalino-Shop.de\/#website"},"primaryImageOfPage":{"@id":"https:\/\/Regalino-Shop.de\/?product=tischlaeufer-recycled-cotton-caramel-50x160-cm-regalino#primaryimage"},"image":{"@id":"https:\/\/Regalino-Shop.de\/?product=tischlaeufer-recycled-cotton-caramel-50x160-cm-regalino#primaryimage"},"thumbnailUrl":"https:\/\/Regalino-Shop.de\/wp-content\/uploads\/2026\/02\/recorunner-caramel-tischlaeufer-tine_k.jpg","datePublished":"2026-02-22T08:21:30+00:00","dateModified":"2026-04-01T20:06:30+00:00","description":"Nachhaltiger Tischl\u00e4ufer aus recycelter Baumwolle im Farbton Caramel. 50\u00d7160 cm f\u00fcr eine nat\u00fcrliche, nordisch inspirierte Tischdekoration","breadcrumb":{"@id":"https:\/\/Regalino-Shop.de\/?product=tischlaeufer-recycled-cotton-caramel-50x160-cm-regalino#breadcrumb"},"inLanguage":"de","potentialAction":[{"@type":"ReadAction","target":["https:\/\/Regalino-Shop.de\/?product=tischlaeufer-recycled-cotton-caramel-50x160-cm-regalino"]}]},{"@type":"ImageObject","inLanguage":"de","@id":"https:\/\/Regalino-Shop.de\/?product=tischlaeufer-recycled-cotton-caramel-50x160-cm-regalino#primaryimage","url":"https:\/\/Regalino-Shop.de\/wp-content\/uploads\/2026\/02\/recorunner-caramel-tischlaeufer-tine_k.jpg","contentUrl":"https:\/\/Regalino-Shop.de\/wp-content\/uploads\/2026\/02\/recorunner-caramel-tischlaeufer-tine_k.jpg","width":720,"height":720,"caption":"Tischl\u00e4ufer aus recycelter Baumwolle in Caramel auf nat\u00fcrlich gedecktem Tisch im nordischen Stil"},{"@type":"BreadcrumbList","@id":"https:\/\/Regalino-Shop.de\/?product=tischlaeufer-recycled-cotton-caramel-50x160-cm-regalino#breadcrumb","itemListElement":[{"@type":"ListItem","position":1,"name":"Startseite","item":"https:\/\/Regalino-Shop.de\/"},{"@type":"ListItem","position":2,"name":"Shop","item":"https:\/\/Regalino-Shop.de\/?page_id=40"},{"@type":"ListItem","position":3,"name":"Tischl\u00e4ufer aus recycelter Baumwolle *Caramel*| 50\u00d7160 cm"}]},{"@type":"WebSite","@id":"https:\/\/Regalino-Shop.de\/#website","url":"https:\/\/Regalino-Shop.de\/","name":"Regalino -Lively Style","description":"gelebtes Zuhause","potentialAction":[{"@type":"SearchAction","target":{"@type":"EntryPoint","urlTemplate":"https:\/\/Regalino-Shop.de\/?s={search_term_string}"},"query-input":{"@type":"PropertyValueSpecification","valueRequired":true,"valueName":"search_term_string"}}],"inLanguage":"de"}]}},"_links":{"self":[{"href":"https:\/\/Regalino-Shop.de\/index.php?rest_route=\/wp\/v2\/product\/17812","targetHints":{"allow":["GET"]}}],"collection":[{"href":"https:\/\/Regalino-Shop.de\/index.php?rest_route=\/wp\/v2\/product"}],"about":[{"href":"https:\/\/Regalino-Shop.de\/index.php?rest_route=\/wp\/v2\/types\/product"}],"wp:featuredmedia":[{"embeddable":true,"href":"https:\/\/Regalino-Shop.de\/index.php?rest_route=\/wp\/v2\/media\/17814"}],"wp:attachment":[{"href":"https:\/\/Regalino-Shop.de\/index.php?rest_route=%2Fwp%2Fv2%2Fmedia&parent=17812"}],"wp:term":[{"taxonomy":"product_brand","embeddable":true,"href":"https:\/\/Regalino-Shop.de\/index.php?rest_route=%2Fwp%2Fv2%2Fproduct_brand&post=17812"},{"taxonomy":"product_cat","embeddable":true,"href":"https:\/\/Regalino-Shop.de\/index.php?rest_route=%2Fwp%2Fv2%2Fproduct_cat&post=17812"},{"taxonomy":"product_tag","embeddable":true,"href":"https:\/\/Regalino-Shop.de\/index.php?rest_route=%2Fwp%2Fv2%2Fproduct_tag&post=17812"}],"curies":[{"name":"wp","href":"https:\/\/api.w.org\/{rel}","templated":true}]}}