{"id":17940,"date":"2026-02-20T12:28:57","date_gmt":"2026-02-20T12:28:57","guid":{"rendered":"https:\/\/Regalino-Shop.de\/?post_type=product&#038;p=17940"},"modified":"2026-04-01T14:15:54","modified_gmt":"2026-04-01T14:15:54","slug":"glas-teekanne-believe-in-yourself-15-l-teekanne-mit-sieb","status":"publish","type":"product","link":"https:\/\/Regalino-Shop.de\/?product=glas-teekanne-believe-in-yourself-15-l-teekanne-mit-sieb","title":{"rendered":"Glas Teekanne Believe in yourself 1,5 l &#8211; Teekanne mit Sieb"},"content":{"rendered":"","protected":false},"excerpt":{"rendered":"<h3 data-start=\"264\" data-end=\"429\">Schlichte Teekanne aus Glas mit feiner Lasergravur<\/h3>\n<p data-start=\"264\" data-end=\"429\">Die klare Form wirkt leicht und zeitlos und passt sowohl auf den Fr\u00fchst\u00fcckstisch als auch in eine ruhige Teeecke.<\/p>\n<p data-start=\"431\" data-end=\"608\">Der integrierte Siebeinsatz eignet sich ideal f\u00fcr losen Tee, Kr\u00e4uter oder frische Zitronenscheiben. Die dezente Gravur setzt einen unaufgeregten Akzent, ohne dominant zu wirken.<\/p>\n<p data-start=\"610\" data-end=\"686\">Eine unkomplizierte Teekanne f\u00fcr den Alltag \u2013 funktional, klar und stilvoll.<\/p>\n<hr data-start=\"688\" data-end=\"691\" \/>\n<h3 data-start=\"693\" data-end=\"704\">Details<\/h3>\n<ul data-start=\"705\" data-end=\"853\">\n<li data-start=\"705\" data-end=\"734\">\n<p data-start=\"707\" data-end=\"734\">Fassungsverm\u00f6gen: <strong data-start=\"725\" data-end=\"734\">1,5 l<\/strong><\/p>\n<\/li>\n<li data-start=\"735\" data-end=\"767\">\n<p data-start=\"737\" data-end=\"767\">Material: Glas mit Lasergravur<\/p>\n<\/li>\n<li data-start=\"768\" data-end=\"791\">\n<p data-start=\"770\" data-end=\"791\">inklusive Siebeinsatz<\/p>\n<\/li>\n<li data-start=\"792\" data-end=\"834\">\n<p data-start=\"794\" data-end=\"834\">geeignet f\u00fcr losen Tee &amp; Kr\u00e4uteraufg\u00fcsse<\/p>\n<\/li>\n<li data-start=\"835\" data-end=\"853\">\n<p data-start=\"837\" data-end=\"853\">zeitloses Design<\/p>\n<\/li>\n<li data-start=\"835\" data-end=\"853\">Handw\u00e4sche<\/li>\n<\/ul>\n<hr data-start=\"855\" data-end=\"858\" \/>\n<h3 data-start=\"860\" data-end=\"888\">\ud83e\udd0d Regalino Styling-Tipp<\/h3>\n<p data-start=\"889\" data-end=\"1022\">Sch\u00f6n in Kombination mit heller Keramik, Leinentextilien oder auf einem schlichten Tablett f\u00fcr eine ruhige, nordische Tischsituation.<\/p>\n<div class=\"product--description block\">\n<p>Lieferumfang: 1 Teekanne mit Sieb<\/p>\n<\/div>\n","protected":false},"featured_media":17942,"template":"","meta":{"_et_pb_use_builder":"","_et_pb_old_content":"","_et_gb_content_width":""},"product_brand":[2520],"product_cat":[76,79,57],"product_tag":[2165,2523,2528,2359,1986,2527,2521,2522,2526,2525],"class_list":{"0":"post-17940","1":"product","2":"type-product","3":"status-publish","4":"has-post-thumbnail","6":"product_brand-bake-affair","7":"product_cat-geschirr-fuer-stilvolle-genussmomente-regalino","8":"product_cat-kruege-kannen-im-scandi-breton-stil-regalino","9":"product_cat-neu-eingetroffen-neue-lieblingsstuecke-bei-regalino","10":"product_tag-geschenkidee-kueche","11":"product_tag-glas-teekanne-1","12":"product_tag-glasgeschirr","13":"product_tag-kuechenaccessoires","14":"product_tag-regalino","15":"product_tag-teegenuss","16":"product_tag-teekanne-glas","17":"product_tag-teekanne-mit-sieb","18":"product_tag-teekanne-modern","19":"product_tag-teezubehoer","21":"first","22":"instock","23":"taxable","24":"shipping-taxable","25":"purchasable","26":"product-type-simple"},"yoast_head":"<!-- This site is optimized with the Yoast SEO plugin v27.3 - https:\/\/yoast.com\/product\/yoast-seo-wordpress\/ -->\n<title>Glas Teekanne Believe in yourself 1,5 l - Teekanne mit Sieb - Regalino -Lively Style<\/title>\n<meta name=\"description\" content=\"Schlichte Glas-Teekanne \u201eBelieve in yourself\u201c mit Siebeinsatz und 1,5 l Fassungsverm\u00f6gen. Klar, funktional und zeitlos\" \/>\n<meta name=\"robots\" content=\"index, follow, max-snippet:-1, max-image-preview:large, max-video-preview:-1\" \/>\n<link rel=\"canonical\" href=\"https:\/\/Regalino-Shop.de\/?product=glas-teekanne-believe-in-yourself-15-l-teekanne-mit-sieb\" \/>\n<meta property=\"og:locale\" content=\"de_DE\" \/>\n<meta property=\"og:type\" content=\"article\" \/>\n<meta property=\"og:title\" content=\"Glas Teekanne Believe in yourself 1,5 l - Teekanne mit Sieb - Regalino -Lively Style\" \/>\n<meta property=\"og:description\" content=\"Schlichte Glas-Teekanne \u201eBelieve in yourself\u201c mit Siebeinsatz und 1,5 l Fassungsverm\u00f6gen. Klar, funktional und zeitlos\" \/>\n<meta property=\"og:url\" content=\"https:\/\/Regalino-Shop.de\/?product=glas-teekanne-believe-in-yourself-15-l-teekanne-mit-sieb\" \/>\n<meta property=\"og:site_name\" content=\"Regalino -Lively Style\" \/>\n<meta property=\"article:modified_time\" content=\"2026-04-01T14:15:54+00:00\" \/>\n<meta property=\"og:image\" content=\"https:\/\/Regalino-Shop.de\/wp-content\/uploads\/2026\/02\/Teekanne_believe_in_yourself_15l-mood.webp\" \/>\n\t<meta property=\"og:image:width\" content=\"713\" \/>\n\t<meta property=\"og:image:height\" content=\"713\" \/>\n\t<meta property=\"og:image:type\" content=\"image\/webp\" \/>\n<meta name=\"twitter:card\" content=\"summary_large_image\" \/>\n<meta name=\"twitter:label1\" content=\"Gesch\u00e4tzte Lesezeit\" \/>\n\t<meta name=\"twitter:data1\" content=\"1\u00a0Minute\" \/>\n<script type=\"application\/ld+json\" class=\"yoast-schema-graph\">{\"@context\":\"https:\\\/\\\/schema.org\",\"@graph\":[{\"@type\":\"WebPage\",\"@id\":\"https:\\\/\\\/Regalino-Shop.de\\\/?product=glas-teekanne-believe-in-yourself-15-l-teekanne-mit-sieb\",\"url\":\"https:\\\/\\\/Regalino-Shop.de\\\/?product=glas-teekanne-believe-in-yourself-15-l-teekanne-mit-sieb\",\"name\":\"Glas Teekanne Believe in yourself 1,5 l - Teekanne mit Sieb - Regalino -Lively Style\",\"isPartOf\":{\"@id\":\"https:\\\/\\\/Regalino-Shop.de\\\/#website\"},\"primaryImageOfPage\":{\"@id\":\"https:\\\/\\\/Regalino-Shop.de\\\/?product=glas-teekanne-believe-in-yourself-15-l-teekanne-mit-sieb#primaryimage\"},\"image\":{\"@id\":\"https:\\\/\\\/Regalino-Shop.de\\\/?product=glas-teekanne-believe-in-yourself-15-l-teekanne-mit-sieb#primaryimage\"},\"thumbnailUrl\":\"https:\\\/\\\/Regalino-Shop.de\\\/wp-content\\\/uploads\\\/2026\\\/02\\\/Teekanne_believe_in_yourself_15l-mood.webp\",\"datePublished\":\"2026-02-20T12:28:57+00:00\",\"dateModified\":\"2026-04-01T14:15:54+00:00\",\"description\":\"Schlichte Glas-Teekanne \u201eBelieve in yourself\u201c mit Siebeinsatz und 1,5 l Fassungsverm\u00f6gen. Klar, funktional und zeitlos\",\"breadcrumb\":{\"@id\":\"https:\\\/\\\/Regalino-Shop.de\\\/?product=glas-teekanne-believe-in-yourself-15-l-teekanne-mit-sieb#breadcrumb\"},\"inLanguage\":\"de\",\"potentialAction\":[{\"@type\":\"ReadAction\",\"target\":[\"https:\\\/\\\/Regalino-Shop.de\\\/?product=glas-teekanne-believe-in-yourself-15-l-teekanne-mit-sieb\"]}]},{\"@type\":\"ImageObject\",\"inLanguage\":\"de\",\"@id\":\"https:\\\/\\\/Regalino-Shop.de\\\/?product=glas-teekanne-believe-in-yourself-15-l-teekanne-mit-sieb#primaryimage\",\"url\":\"https:\\\/\\\/Regalino-Shop.de\\\/wp-content\\\/uploads\\\/2026\\\/02\\\/Teekanne_believe_in_yourself_15l-mood.webp\",\"contentUrl\":\"https:\\\/\\\/Regalino-Shop.de\\\/wp-content\\\/uploads\\\/2026\\\/02\\\/Teekanne_believe_in_yourself_15l-mood.webp\",\"width\":713,\"height\":713},{\"@type\":\"BreadcrumbList\",\"@id\":\"https:\\\/\\\/Regalino-Shop.de\\\/?product=glas-teekanne-believe-in-yourself-15-l-teekanne-mit-sieb#breadcrumb\",\"itemListElement\":[{\"@type\":\"ListItem\",\"position\":1,\"name\":\"Startseite\",\"item\":\"https:\\\/\\\/Regalino-Shop.de\\\/\"},{\"@type\":\"ListItem\",\"position\":2,\"name\":\"Shop\",\"item\":\"https:\\\/\\\/Regalino-Shop.de\\\/?page_id=40\"},{\"@type\":\"ListItem\",\"position\":3,\"name\":\"Glas Teekanne Believe in yourself 1,5 l &#8211; Teekanne mit Sieb\"}]},{\"@type\":\"WebSite\",\"@id\":\"https:\\\/\\\/Regalino-Shop.de\\\/#website\",\"url\":\"https:\\\/\\\/Regalino-Shop.de\\\/\",\"name\":\"Regalino -Lively Style\",\"description\":\"gelebtes Zuhause\",\"potentialAction\":[{\"@type\":\"SearchAction\",\"target\":{\"@type\":\"EntryPoint\",\"urlTemplate\":\"https:\\\/\\\/Regalino-Shop.de\\\/?s={search_term_string}\"},\"query-input\":{\"@type\":\"PropertyValueSpecification\",\"valueRequired\":true,\"valueName\":\"search_term_string\"}}],\"inLanguage\":\"de\"}]}<\/script>\n<!-- \/ Yoast SEO plugin. -->","yoast_head_json":{"title":"Glas Teekanne Believe in yourself 1,5 l - Teekanne mit Sieb - Regalino -Lively Style","description":"Schlichte Glas-Teekanne \u201eBelieve in yourself\u201c mit Siebeinsatz und 1,5 l Fassungsverm\u00f6gen. Klar, funktional und zeitlos","robots":{"index":"index","follow":"follow","max-snippet":"max-snippet:-1","max-image-preview":"max-image-preview:large","max-video-preview":"max-video-preview:-1"},"canonical":"https:\/\/Regalino-Shop.de\/?product=glas-teekanne-believe-in-yourself-15-l-teekanne-mit-sieb","og_locale":"de_DE","og_type":"article","og_title":"Glas Teekanne Believe in yourself 1,5 l - Teekanne mit Sieb - Regalino -Lively Style","og_description":"Schlichte Glas-Teekanne \u201eBelieve in yourself\u201c mit Siebeinsatz und 1,5 l Fassungsverm\u00f6gen. Klar, funktional und zeitlos","og_url":"https:\/\/Regalino-Shop.de\/?product=glas-teekanne-believe-in-yourself-15-l-teekanne-mit-sieb","og_site_name":"Regalino -Lively Style","article_modified_time":"2026-04-01T14:15:54+00:00","og_image":[{"width":713,"height":713,"url":"https:\/\/Regalino-Shop.de\/wp-content\/uploads\/2026\/02\/Teekanne_believe_in_yourself_15l-mood.webp","type":"image\/webp"}],"twitter_card":"summary_large_image","twitter_misc":{"Gesch\u00e4tzte Lesezeit":"1\u00a0Minute"},"schema":{"@context":"https:\/\/schema.org","@graph":[{"@type":"WebPage","@id":"https:\/\/Regalino-Shop.de\/?product=glas-teekanne-believe-in-yourself-15-l-teekanne-mit-sieb","url":"https:\/\/Regalino-Shop.de\/?product=glas-teekanne-believe-in-yourself-15-l-teekanne-mit-sieb","name":"Glas Teekanne Believe in yourself 1,5 l - Teekanne mit Sieb - Regalino -Lively Style","isPartOf":{"@id":"https:\/\/Regalino-Shop.de\/#website"},"primaryImageOfPage":{"@id":"https:\/\/Regalino-Shop.de\/?product=glas-teekanne-believe-in-yourself-15-l-teekanne-mit-sieb#primaryimage"},"image":{"@id":"https:\/\/Regalino-Shop.de\/?product=glas-teekanne-believe-in-yourself-15-l-teekanne-mit-sieb#primaryimage"},"thumbnailUrl":"https:\/\/Regalino-Shop.de\/wp-content\/uploads\/2026\/02\/Teekanne_believe_in_yourself_15l-mood.webp","datePublished":"2026-02-20T12:28:57+00:00","dateModified":"2026-04-01T14:15:54+00:00","description":"Schlichte Glas-Teekanne \u201eBelieve in yourself\u201c mit Siebeinsatz und 1,5 l Fassungsverm\u00f6gen. Klar, funktional und zeitlos","breadcrumb":{"@id":"https:\/\/Regalino-Shop.de\/?product=glas-teekanne-believe-in-yourself-15-l-teekanne-mit-sieb#breadcrumb"},"inLanguage":"de","potentialAction":[{"@type":"ReadAction","target":["https:\/\/Regalino-Shop.de\/?product=glas-teekanne-believe-in-yourself-15-l-teekanne-mit-sieb"]}]},{"@type":"ImageObject","inLanguage":"de","@id":"https:\/\/Regalino-Shop.de\/?product=glas-teekanne-believe-in-yourself-15-l-teekanne-mit-sieb#primaryimage","url":"https:\/\/Regalino-Shop.de\/wp-content\/uploads\/2026\/02\/Teekanne_believe_in_yourself_15l-mood.webp","contentUrl":"https:\/\/Regalino-Shop.de\/wp-content\/uploads\/2026\/02\/Teekanne_believe_in_yourself_15l-mood.webp","width":713,"height":713},{"@type":"BreadcrumbList","@id":"https:\/\/Regalino-Shop.de\/?product=glas-teekanne-believe-in-yourself-15-l-teekanne-mit-sieb#breadcrumb","itemListElement":[{"@type":"ListItem","position":1,"name":"Startseite","item":"https:\/\/Regalino-Shop.de\/"},{"@type":"ListItem","position":2,"name":"Shop","item":"https:\/\/Regalino-Shop.de\/?page_id=40"},{"@type":"ListItem","position":3,"name":"Glas Teekanne Believe in yourself 1,5 l &#8211; Teekanne mit Sieb"}]},{"@type":"WebSite","@id":"https:\/\/Regalino-Shop.de\/#website","url":"https:\/\/Regalino-Shop.de\/","name":"Regalino -Lively Style","description":"gelebtes Zuhause","potentialAction":[{"@type":"SearchAction","target":{"@type":"EntryPoint","urlTemplate":"https:\/\/Regalino-Shop.de\/?s={search_term_string}"},"query-input":{"@type":"PropertyValueSpecification","valueRequired":true,"valueName":"search_term_string"}}],"inLanguage":"de"}]}},"_links":{"self":[{"href":"https:\/\/Regalino-Shop.de\/index.php?rest_route=\/wp\/v2\/product\/17940","targetHints":{"allow":["GET"]}}],"collection":[{"href":"https:\/\/Regalino-Shop.de\/index.php?rest_route=\/wp\/v2\/product"}],"about":[{"href":"https:\/\/Regalino-Shop.de\/index.php?rest_route=\/wp\/v2\/types\/product"}],"wp:featuredmedia":[{"embeddable":true,"href":"https:\/\/Regalino-Shop.de\/index.php?rest_route=\/wp\/v2\/media\/17942"}],"wp:attachment":[{"href":"https:\/\/Regalino-Shop.de\/index.php?rest_route=%2Fwp%2Fv2%2Fmedia&parent=17940"}],"wp:term":[{"taxonomy":"product_brand","embeddable":true,"href":"https:\/\/Regalino-Shop.de\/index.php?rest_route=%2Fwp%2Fv2%2Fproduct_brand&post=17940"},{"taxonomy":"product_cat","embeddable":true,"href":"https:\/\/Regalino-Shop.de\/index.php?rest_route=%2Fwp%2Fv2%2Fproduct_cat&post=17940"},{"taxonomy":"product_tag","embeddable":true,"href":"https:\/\/Regalino-Shop.de\/index.php?rest_route=%2Fwp%2Fv2%2Fproduct_tag&post=17940"}],"curies":[{"name":"wp","href":"https:\/\/api.w.org\/{rel}","templated":true}]}}