{"id":18220,"date":"2026-03-12T21:31:28","date_gmt":"2026-03-12T21:31:28","guid":{"rendered":"https:\/\/Regalino-Shop.de\/?post_type=product&#038;p=18220"},"modified":"2026-03-14T11:38:57","modified_gmt":"2026-03-14T11:38:57","slug":"kissen-petite-love-samtkissen-mit-stickerei-18-x-32-cm","status":"publish","type":"product","link":"https:\/\/Regalino-Shop.de\/?product=kissen-petite-love-samtkissen-mit-stickerei-18-x-32-cm","title":{"rendered":"Kissen \u201ePetite Love\u201c &#8211; Samtkissen mit Stickerei -18 \u00d7 32 cm"},"content":{"rendered":"","protected":false},"excerpt":{"rendered":"<div class=\"product--description block\">\n<h3 data-start=\"273\" data-end=\"502\"><strong data-start=\"277\" data-end=\"301\">Kissen \u201ePetite Love\u201c<\/strong><\/h3>\n<p data-start=\"273\" data-end=\"502\">zeigt, dass kleine Dinge oft die gr\u00f6\u00dfte Wirkung haben. Das kompakte Dekokissen verbindet weiches Velours mit einer auff\u00e4lligen Stickerei im Schriftzug <strong data-start=\"453\" data-end=\"463\">\u201elove\u201c<\/strong> \u2013 ein kleines Statement voller Gef\u00fchl.<\/p>\n<p data-start=\"504\" data-end=\"779\">Der zarte Farbton <strong data-start=\"522\" data-end=\"538\">Light Purple<\/strong> bringt eine sanfte, warme Note in deine Einrichtung und l\u00e4sst sich wunderbar mit neutralen Naturt\u00f6nen, Wei\u00df oder Holz kombinieren. Durch seine handliche Gr\u00f6\u00dfe eignet sich das Kissen perfekt als dekorativer Akzent auf Sofa, Sessel oder Bett.<\/p>\n<p data-start=\"781\" data-end=\"956\">Die weiche synthetische F\u00fcllung sorgt f\u00fcr eine angenehme Haptik und macht das Kissen zu einem charmanten Hingucker \u2013 ideal auch als kleines Geschenk f\u00fcr einen lieben Menschen.<\/p>\n<hr data-start=\"958\" data-end=\"961\" \/>\n<h2 data-section-id=\"fykqkn\" data-start=\"963\" data-end=\"973\">Details<\/h2>\n<ul data-start=\"975\" data-end=\"1204\">\n<li data-section-id=\"1x3iouy\" data-start=\"975\" data-end=\"1000\">\n<p data-start=\"977\" data-end=\"1000\"><strong data-start=\"977\" data-end=\"987\">Gr\u00f6\u00dfe:<\/strong> 18 \u00d7 32 cm<\/p>\n<\/li>\n<li data-section-id=\"bqx0z6\" data-start=\"1001\" data-end=\"1034\">\n<p data-start=\"1003\" data-end=\"1034\"><strong data-start=\"1003\" data-end=\"1016\">Material:<\/strong> 100 % Polyester<\/p>\n<\/li>\n<li data-section-id=\"1kqae2b\" data-start=\"1035\" data-end=\"1069\">\n<p data-start=\"1037\" data-end=\"1069\"><strong data-start=\"1037\" data-end=\"1047\">Farbe:<\/strong> Love \u2013 Light Purple<\/p>\n<\/li>\n<li data-section-id=\"1pau7ep\" data-start=\"1070\" data-end=\"1109\">\n<p data-start=\"1072\" data-end=\"1109\"><strong data-start=\"1072\" data-end=\"1087\">Oberfl\u00e4che:<\/strong> samtweiches Velours<\/p>\n<\/li>\n<li data-section-id=\"1ghn6e5\" data-start=\"1110\" data-end=\"1135\">\n<p data-start=\"1112\" data-end=\"1135\"><strong data-start=\"1112\" data-end=\"1126\">Stickerei:<\/strong> \u201elove\u201c<\/p>\n<\/li>\n<li data-section-id=\"1nudvpr\" data-start=\"1136\" data-end=\"1173\">\n<p data-start=\"1138\" data-end=\"1173\"><strong data-start=\"1138\" data-end=\"1150\">F\u00fcllung:<\/strong> synthetische F\u00fcllung<\/p>\n<\/li>\n<li data-section-id=\"kivit8\" data-start=\"1174\" data-end=\"1204\">\n<p data-start=\"1176\" data-end=\"1204\">komplett vern\u00e4ht und gef\u00fcllt<\/p>\n<\/li>\n<\/ul>\n<hr data-start=\"1206\" data-end=\"1209\" \/>\n<h2 data-section-id=\"19nktbs\" data-start=\"1211\" data-end=\"1220\">Pflege<\/h2>\n<ul data-start=\"1222\" data-end=\"1386\">\n<li data-section-id=\"1n06cf4\" data-start=\"1222\" data-end=\"1250\">\n<p data-start=\"1224\" data-end=\"1250\"><strong data-start=\"1224\" data-end=\"1248\">30 \u00b0C Schonwaschgang<\/strong><\/p>\n<\/li>\n<li data-section-id=\"gkgqnm\" data-start=\"1251\" data-end=\"1273\">\n<p data-start=\"1253\" data-end=\"1273\"><strong data-start=\"1253\" data-end=\"1271\">nicht bleichen<\/strong><\/p>\n<\/li>\n<li data-section-id=\"4pk2mg\" data-start=\"1274\" data-end=\"1308\">\n<p data-start=\"1276\" data-end=\"1308\"><strong data-start=\"1276\" data-end=\"1306\">nicht im Trockner trocknen<\/strong><\/p>\n<\/li>\n<li data-section-id=\"17ju4mz\" data-start=\"1309\" data-end=\"1342\">\n<p data-start=\"1311\" data-end=\"1342\"><strong data-start=\"1311\" data-end=\"1340\">b\u00fcgeln bis 150 \u00b0C m\u00f6glich<\/strong><\/p>\n<\/li>\n<\/ul>\n<hr data-start=\"1388\" data-end=\"1391\" \/>\n<h2 data-start=\"1393\" data-end=\"1421\">\ud83e\udd0d <strong data-start=\"1396\" data-end=\"1421\">Regalino Styling-Tipp<\/strong><\/h2>\n<p data-start=\"1423\" data-end=\"1439\">Besonders sch\u00f6n:<\/p>\n<ul data-start=\"1441\" data-end=\"1621\">\n<li data-section-id=\"1mr0jzp\" data-start=\"1441\" data-end=\"1512\">\n<p data-start=\"1443\" data-end=\"1512\">auf einem <strong data-start=\"1453\" data-end=\"1510\">hellen Sofa mit Leinen- oder Boucl\u00e9-Kissen kombiniert<\/strong><\/p>\n<\/li>\n<li data-section-id=\"ug2dmm\" data-start=\"1513\" data-end=\"1572\">\n<p data-start=\"1515\" data-end=\"1572\">als kleines Highlight auf <strong data-start=\"1541\" data-end=\"1570\">Bett oder Lieblingssessel<\/strong><\/p>\n<\/li>\n<li data-section-id=\"1ldn3zp\" data-start=\"1573\" data-end=\"1621\">\n<p data-start=\"1575\" data-end=\"1621\">zusammen mit <strong data-start=\"1588\" data-end=\"1621\">Kerzen, Keramik oder Holzdeko<\/strong><\/p>\n<\/li>\n<\/ul>\n<p data-start=\"1623\" data-end=\"1701\">So entsteht eine <strong data-start=\"1640\" data-end=\"1700\">warme, liebevolle Wohnatmosph\u00e4re mit pers\u00f6nlichem Akzent<\/strong><\/p>\n<p>Lieferumfang: 1 Kissen incl. F\u00fcllung<\/p>\n<p>&nbsp;<\/p>\n<\/div>\n","protected":false},"featured_media":18221,"template":"","meta":{"_et_pb_use_builder":"","_et_pb_old_content":"","_et_gb_content_width":""},"product_brand":[2469],"product_cat":[57,68],"product_tag":[2662,2671,2669,2668,2665,2667,2666,2663,2664,2670],"class_list":{"0":"post-18220","1":"product","2":"type-product","3":"status-publish","4":"has-post-thumbnail","6":"product_brand-pad-concept","7":"product_cat-neu-eingetroffen-neue-lieblingsstuecke-bei-regalino","8":"product_cat-wohntextilien-fuer-ein-stilvolles-zuhause-regalino","9":"product_tag-dekokissen-love","10":"product_tag-dekoratives-kissen","11":"product_tag-geschenk-liebe","12":"product_tag-kissen-liebe","13":"product_tag-kissen-mit-stickerei","14":"product_tag-kissen-statement","15":"product_tag-kleines-dekokissen","16":"product_tag-petite-kissen","17":"product_tag-samtkissen-lila","18":"product_tag-wohnkissen-modern","20":"first","21":"instock","22":"taxable","23":"shipping-taxable","24":"purchasable","25":"product-type-simple"},"yoast_head":"<!-- This site is optimized with the Yoast SEO plugin v27.5 - https:\/\/yoast.com\/product\/yoast-seo-wordpress\/ -->\n<title>Kissen \u201ePetite Love\u201c - Samtkissen mit Stickerei -18 \u00d7 32 cm - Regalino -Lively Style<\/title>\n<meta name=\"description\" content=\"Dekokissen \u201ePetite Love\u201c in Light Purple mit Stickerei. Samtweiches Velourskissen im Format 18 \u00d7 32 cm \u2013 perfekt als Geschenk oder dekorativer Wohnakzent.\" \/>\n<meta name=\"robots\" content=\"index, follow, max-snippet:-1, max-image-preview:large, max-video-preview:-1\" \/>\n<link rel=\"canonical\" href=\"https:\/\/Regalino-Shop.de\/?product=kissen-petite-love-samtkissen-mit-stickerei-18-x-32-cm\" \/>\n<meta property=\"og:locale\" content=\"de_DE\" \/>\n<meta property=\"og:type\" content=\"article\" \/>\n<meta property=\"og:title\" content=\"Kissen \u201ePetite Love\u201c - Samtkissen mit Stickerei -18 \u00d7 32 cm - Regalino -Lively Style\" \/>\n<meta property=\"og:description\" content=\"Dekokissen \u201ePetite Love\u201c in Light Purple mit Stickerei. Samtweiches Velourskissen im Format 18 \u00d7 32 cm \u2013 perfekt als Geschenk oder dekorativer Wohnakzent.\" \/>\n<meta property=\"og:url\" content=\"https:\/\/Regalino-Shop.de\/?product=kissen-petite-love-samtkissen-mit-stickerei-18-x-32-cm\" \/>\n<meta property=\"og:site_name\" content=\"Regalino -Lively Style\" \/>\n<meta property=\"article:modified_time\" content=\"2026-03-14T11:38:57+00:00\" \/>\n<meta property=\"og:image\" content=\"https:\/\/Regalino-Shop.de\/wp-content\/uploads\/2026\/03\/Kissen_petite_love_pad.webp.png\" \/>\n\t<meta property=\"og:image:width\" content=\"667\" \/>\n\t<meta property=\"og:image:height\" content=\"460\" \/>\n\t<meta property=\"og:image:type\" content=\"image\/png\" \/>\n<meta name=\"twitter:card\" content=\"summary_large_image\" \/>\n<meta name=\"twitter:label1\" content=\"Gesch\u00e4tzte Lesezeit\" \/>\n\t<meta name=\"twitter:data1\" content=\"1\u00a0Minute\" \/>\n<script type=\"application\/ld+json\" class=\"yoast-schema-graph\">{\"@context\":\"https:\\\/\\\/schema.org\",\"@graph\":[{\"@type\":\"WebPage\",\"@id\":\"https:\\\/\\\/Regalino-Shop.de\\\/?product=kissen-petite-love-samtkissen-mit-stickerei-18-x-32-cm\",\"url\":\"https:\\\/\\\/Regalino-Shop.de\\\/?product=kissen-petite-love-samtkissen-mit-stickerei-18-x-32-cm\",\"name\":\"Kissen \u201ePetite Love\u201c - Samtkissen mit Stickerei -18 \u00d7 32 cm - Regalino -Lively Style\",\"isPartOf\":{\"@id\":\"https:\\\/\\\/Regalino-Shop.de\\\/#website\"},\"primaryImageOfPage\":{\"@id\":\"https:\\\/\\\/Regalino-Shop.de\\\/?product=kissen-petite-love-samtkissen-mit-stickerei-18-x-32-cm#primaryimage\"},\"image\":{\"@id\":\"https:\\\/\\\/Regalino-Shop.de\\\/?product=kissen-petite-love-samtkissen-mit-stickerei-18-x-32-cm#primaryimage\"},\"thumbnailUrl\":\"https:\\\/\\\/Regalino-Shop.de\\\/wp-content\\\/uploads\\\/2026\\\/03\\\/Kissen_petite_love_pad.webp.png\",\"datePublished\":\"2026-03-12T21:31:28+00:00\",\"dateModified\":\"2026-03-14T11:38:57+00:00\",\"description\":\"Dekokissen \u201ePetite Love\u201c in Light Purple mit Stickerei. Samtweiches Velourskissen im Format 18 \u00d7 32 cm \u2013 perfekt als Geschenk oder dekorativer Wohnakzent.\",\"breadcrumb\":{\"@id\":\"https:\\\/\\\/Regalino-Shop.de\\\/?product=kissen-petite-love-samtkissen-mit-stickerei-18-x-32-cm#breadcrumb\"},\"inLanguage\":\"de\",\"potentialAction\":[{\"@type\":\"ReadAction\",\"target\":[\"https:\\\/\\\/Regalino-Shop.de\\\/?product=kissen-petite-love-samtkissen-mit-stickerei-18-x-32-cm\"]}]},{\"@type\":\"ImageObject\",\"inLanguage\":\"de\",\"@id\":\"https:\\\/\\\/Regalino-Shop.de\\\/?product=kissen-petite-love-samtkissen-mit-stickerei-18-x-32-cm#primaryimage\",\"url\":\"https:\\\/\\\/Regalino-Shop.de\\\/wp-content\\\/uploads\\\/2026\\\/03\\\/Kissen_petite_love_pad.webp.png\",\"contentUrl\":\"https:\\\/\\\/Regalino-Shop.de\\\/wp-content\\\/uploads\\\/2026\\\/03\\\/Kissen_petite_love_pad.webp.png\",\"width\":667,\"height\":460,\"caption\":\"Dekokissen Petite Love in Light Purple mit pinker Love-Stickerei 18x32 cm\"},{\"@type\":\"BreadcrumbList\",\"@id\":\"https:\\\/\\\/Regalino-Shop.de\\\/?product=kissen-petite-love-samtkissen-mit-stickerei-18-x-32-cm#breadcrumb\",\"itemListElement\":[{\"@type\":\"ListItem\",\"position\":1,\"name\":\"Startseite\",\"item\":\"https:\\\/\\\/Regalino-Shop.de\\\/\"},{\"@type\":\"ListItem\",\"position\":2,\"name\":\"Shop\",\"item\":\"https:\\\/\\\/Regalino-Shop.de\\\/?page_id=40\"},{\"@type\":\"ListItem\",\"position\":3,\"name\":\"Kissen \u201ePetite Love\u201c &#8211; Samtkissen mit Stickerei -18 \u00d7 32 cm\"}]},{\"@type\":\"WebSite\",\"@id\":\"https:\\\/\\\/Regalino-Shop.de\\\/#website\",\"url\":\"https:\\\/\\\/Regalino-Shop.de\\\/\",\"name\":\"Regalino -Lively Style\",\"description\":\"gelebtes Zuhause\",\"potentialAction\":[{\"@type\":\"SearchAction\",\"target\":{\"@type\":\"EntryPoint\",\"urlTemplate\":\"https:\\\/\\\/Regalino-Shop.de\\\/?s={search_term_string}\"},\"query-input\":{\"@type\":\"PropertyValueSpecification\",\"valueRequired\":true,\"valueName\":\"search_term_string\"}}],\"inLanguage\":\"de\"}]}<\/script>\n<!-- \/ Yoast SEO plugin. -->","yoast_head_json":{"title":"Kissen \u201ePetite Love\u201c - Samtkissen mit Stickerei -18 \u00d7 32 cm - Regalino -Lively Style","description":"Dekokissen \u201ePetite Love\u201c in Light Purple mit Stickerei. Samtweiches Velourskissen im Format 18 \u00d7 32 cm \u2013 perfekt als Geschenk oder dekorativer Wohnakzent.","robots":{"index":"index","follow":"follow","max-snippet":"max-snippet:-1","max-image-preview":"max-image-preview:large","max-video-preview":"max-video-preview:-1"},"canonical":"https:\/\/Regalino-Shop.de\/?product=kissen-petite-love-samtkissen-mit-stickerei-18-x-32-cm","og_locale":"de_DE","og_type":"article","og_title":"Kissen \u201ePetite Love\u201c - Samtkissen mit Stickerei -18 \u00d7 32 cm - Regalino -Lively Style","og_description":"Dekokissen \u201ePetite Love\u201c in Light Purple mit Stickerei. Samtweiches Velourskissen im Format 18 \u00d7 32 cm \u2013 perfekt als Geschenk oder dekorativer Wohnakzent.","og_url":"https:\/\/Regalino-Shop.de\/?product=kissen-petite-love-samtkissen-mit-stickerei-18-x-32-cm","og_site_name":"Regalino -Lively Style","article_modified_time":"2026-03-14T11:38:57+00:00","og_image":[{"width":667,"height":460,"url":"https:\/\/Regalino-Shop.de\/wp-content\/uploads\/2026\/03\/Kissen_petite_love_pad.webp.png","type":"image\/png"}],"twitter_card":"summary_large_image","twitter_misc":{"Gesch\u00e4tzte Lesezeit":"1\u00a0Minute"},"schema":{"@context":"https:\/\/schema.org","@graph":[{"@type":"WebPage","@id":"https:\/\/Regalino-Shop.de\/?product=kissen-petite-love-samtkissen-mit-stickerei-18-x-32-cm","url":"https:\/\/Regalino-Shop.de\/?product=kissen-petite-love-samtkissen-mit-stickerei-18-x-32-cm","name":"Kissen \u201ePetite Love\u201c - Samtkissen mit Stickerei -18 \u00d7 32 cm - Regalino -Lively Style","isPartOf":{"@id":"https:\/\/Regalino-Shop.de\/#website"},"primaryImageOfPage":{"@id":"https:\/\/Regalino-Shop.de\/?product=kissen-petite-love-samtkissen-mit-stickerei-18-x-32-cm#primaryimage"},"image":{"@id":"https:\/\/Regalino-Shop.de\/?product=kissen-petite-love-samtkissen-mit-stickerei-18-x-32-cm#primaryimage"},"thumbnailUrl":"https:\/\/Regalino-Shop.de\/wp-content\/uploads\/2026\/03\/Kissen_petite_love_pad.webp.png","datePublished":"2026-03-12T21:31:28+00:00","dateModified":"2026-03-14T11:38:57+00:00","description":"Dekokissen \u201ePetite Love\u201c in Light Purple mit Stickerei. Samtweiches Velourskissen im Format 18 \u00d7 32 cm \u2013 perfekt als Geschenk oder dekorativer Wohnakzent.","breadcrumb":{"@id":"https:\/\/Regalino-Shop.de\/?product=kissen-petite-love-samtkissen-mit-stickerei-18-x-32-cm#breadcrumb"},"inLanguage":"de","potentialAction":[{"@type":"ReadAction","target":["https:\/\/Regalino-Shop.de\/?product=kissen-petite-love-samtkissen-mit-stickerei-18-x-32-cm"]}]},{"@type":"ImageObject","inLanguage":"de","@id":"https:\/\/Regalino-Shop.de\/?product=kissen-petite-love-samtkissen-mit-stickerei-18-x-32-cm#primaryimage","url":"https:\/\/Regalino-Shop.de\/wp-content\/uploads\/2026\/03\/Kissen_petite_love_pad.webp.png","contentUrl":"https:\/\/Regalino-Shop.de\/wp-content\/uploads\/2026\/03\/Kissen_petite_love_pad.webp.png","width":667,"height":460,"caption":"Dekokissen Petite Love in Light Purple mit pinker Love-Stickerei 18x32 cm"},{"@type":"BreadcrumbList","@id":"https:\/\/Regalino-Shop.de\/?product=kissen-petite-love-samtkissen-mit-stickerei-18-x-32-cm#breadcrumb","itemListElement":[{"@type":"ListItem","position":1,"name":"Startseite","item":"https:\/\/Regalino-Shop.de\/"},{"@type":"ListItem","position":2,"name":"Shop","item":"https:\/\/Regalino-Shop.de\/?page_id=40"},{"@type":"ListItem","position":3,"name":"Kissen \u201ePetite Love\u201c &#8211; Samtkissen mit Stickerei -18 \u00d7 32 cm"}]},{"@type":"WebSite","@id":"https:\/\/Regalino-Shop.de\/#website","url":"https:\/\/Regalino-Shop.de\/","name":"Regalino -Lively Style","description":"gelebtes Zuhause","potentialAction":[{"@type":"SearchAction","target":{"@type":"EntryPoint","urlTemplate":"https:\/\/Regalino-Shop.de\/?s={search_term_string}"},"query-input":{"@type":"PropertyValueSpecification","valueRequired":true,"valueName":"search_term_string"}}],"inLanguage":"de"}]}},"_links":{"self":[{"href":"https:\/\/Regalino-Shop.de\/index.php?rest_route=\/wp\/v2\/product\/18220","targetHints":{"allow":["GET"]}}],"collection":[{"href":"https:\/\/Regalino-Shop.de\/index.php?rest_route=\/wp\/v2\/product"}],"about":[{"href":"https:\/\/Regalino-Shop.de\/index.php?rest_route=\/wp\/v2\/types\/product"}],"wp:featuredmedia":[{"embeddable":true,"href":"https:\/\/Regalino-Shop.de\/index.php?rest_route=\/wp\/v2\/media\/18221"}],"wp:attachment":[{"href":"https:\/\/Regalino-Shop.de\/index.php?rest_route=%2Fwp%2Fv2%2Fmedia&parent=18220"}],"wp:term":[{"taxonomy":"product_brand","embeddable":true,"href":"https:\/\/Regalino-Shop.de\/index.php?rest_route=%2Fwp%2Fv2%2Fproduct_brand&post=18220"},{"taxonomy":"product_cat","embeddable":true,"href":"https:\/\/Regalino-Shop.de\/index.php?rest_route=%2Fwp%2Fv2%2Fproduct_cat&post=18220"},{"taxonomy":"product_tag","embeddable":true,"href":"https:\/\/Regalino-Shop.de\/index.php?rest_route=%2Fwp%2Fv2%2Fproduct_tag&post=18220"}],"curies":[{"name":"wp","href":"https:\/\/api.w.org\/{rel}","templated":true}]}}