{"id":18222,"date":"2026-03-13T17:00:11","date_gmt":"2026-03-13T17:00:11","guid":{"rendered":"https:\/\/Regalino-Shop.de\/?post_type=product&#038;p=18222"},"modified":"2026-04-22T12:31:29","modified_gmt":"2026-04-22T12:31:29","slug":"kulturbeutel-cargo-stone-reise-kosmetiktasche-4-l","status":"publish","type":"product","link":"https:\/\/Regalino-Shop.de\/?product=kulturbeutel-cargo-stone-reise-kosmetiktasche-4-l","title":{"rendered":"Kulturbeutel Cargo Stone &#8211; Reise-Kosmetiktasche &#8211; 4 L"},"content":{"rendered":"","protected":false},"excerpt":{"rendered":"<div class=\"product--description block\">\n<h3 data-start=\"273\" data-end=\"478\">Kulturbeutel Cargo Stone<\/h3>\n<p data-start=\"273\" data-end=\"478\">praktischer Begleiter f\u00fcr Reisen, Wochenendtrips oder den Alltag. Mit seinem minimalistischen Design und der glatten Oberfl\u00e4che wirkt die Tasche modern und zeitlos.<\/p>\n<p data-start=\"480\" data-end=\"786\">Das kompakte Format bietet ausreichend Platz f\u00fcr Kosmetik, Pflegeprodukte oder kleine Reiseutensilien. Dank der praktischen Innen- und Au\u00dfentaschen bleibt alles gut organisiert und schnell griffbereit. Die stabile Handschlaufe sorgt daf\u00fcr, dass der Kulturbeutel bequem getragen oder aufgeh\u00e4ngt werden kann.<\/p>\n<p data-start=\"788\" data-end=\"914\">Das robuste Material aus Polyurethan f\u00fchlt sich angenehm glatt an und ist gleichzeitig widerstandsf\u00e4hig \u2013 ideal f\u00fcr unterwegs.<\/p>\n<hr data-start=\"916\" data-end=\"919\" \/>\n<h2 data-section-id=\"fykqkn\" data-start=\"921\" data-end=\"931\">Details<\/h2>\n<ul data-start=\"933\" data-end=\"1163\">\n<li data-section-id=\"kbs0rp\" data-start=\"933\" data-end=\"963\">\n<p data-start=\"935\" data-end=\"963\"><strong data-start=\"935\" data-end=\"945\">Gr\u00f6\u00dfe:<\/strong> 25 \u00d7 11 \u00d7 16 cm<\/p>\n<\/li>\n<li data-section-id=\"smiy81\" data-start=\"964\" data-end=\"988\">\n<p data-start=\"966\" data-end=\"988\"><strong data-start=\"966\" data-end=\"978\">Gewicht:<\/strong> 0,22 kg<\/p>\n<\/li>\n<li data-section-id=\"1ntb868\" data-start=\"989\" data-end=\"1013\">\n<p data-start=\"991\" data-end=\"1013\"><strong data-start=\"991\" data-end=\"1003\">Volumen:<\/strong> ca. 4 L<\/p>\n<\/li>\n<li data-section-id=\"l8rkn6\" data-start=\"1014\" data-end=\"1043\">\n<p data-start=\"1016\" data-end=\"1043\"><strong data-start=\"1016\" data-end=\"1029\">Material:<\/strong> Polyurethan<\/p>\n<\/li>\n<li data-section-id=\"n8zi4t\" data-start=\"1044\" data-end=\"1071\">\n<p data-start=\"1046\" data-end=\"1071\"><strong data-start=\"1046\" data-end=\"1056\">Farbe:<\/strong> Stone \/ Grau<\/p>\n<\/li>\n<li data-section-id=\"1hattgz\" data-start=\"1072\" data-end=\"1106\">\n<p data-start=\"1074\" data-end=\"1106\"><strong data-start=\"1074\" data-end=\"1089\">Verschluss:<\/strong> Rei\u00dfverschluss<\/p>\n<\/li>\n<li data-section-id=\"13wmrpx\" data-start=\"1107\" data-end=\"1163\">\n<p data-start=\"1109\" data-end=\"1163\"><strong data-start=\"1109\" data-end=\"1125\">Ausstattung:<\/strong> Innen- und Au\u00dfentaschen, Handschlaufe<\/p>\n<\/li>\n<\/ul>\n<hr data-start=\"1165\" data-end=\"1168\" \/>\n<h2 data-section-id=\"19nktbs\" data-start=\"1170\" data-end=\"1179\">Pflege<\/h2>\n<ul data-start=\"1181\" data-end=\"1270\">\n<li data-section-id=\"1xvwdie\" data-start=\"1181\" data-end=\"1215\">\n<p data-start=\"1183\" data-end=\"1215\">mit <strong data-start=\"1187\" data-end=\"1213\">feuchtem Tuch reinigen<\/strong><\/p>\n<\/li>\n<li data-section-id=\"1l5cdsl\" data-start=\"1216\" data-end=\"1237\">\n<p data-start=\"1218\" data-end=\"1237\"><strong data-start=\"1218\" data-end=\"1235\">nicht waschen<\/strong><\/p>\n<\/li>\n<li data-section-id=\"1ky2lvs\" data-start=\"1238\" data-end=\"1270\">\n<p data-start=\"1240\" data-end=\"1270\"><strong data-start=\"1240\" data-end=\"1270\">nicht im Trockner trocknen<\/strong><\/p>\n<\/li>\n<\/ul>\n<hr data-start=\"1272\" data-end=\"1275\" \/>\n<h2 data-start=\"1277\" data-end=\"1305\">\ud83e\udd0d Regalino Styling-Tipp<\/h2>\n<p data-start=\"1307\" data-end=\"1327\">Besonders praktisch:<\/p>\n<ul data-start=\"1329\" data-end=\"1492\">\n<li data-section-id=\"1lygtm9\" data-start=\"1329\" data-end=\"1384\">\n<p data-start=\"1331\" data-end=\"1384\">als <strong data-start=\"1335\" data-end=\"1382\">Kulturbeutel f\u00fcr Reisen oder Wochenendtrips<\/strong><\/p>\n<\/li>\n<li data-section-id=\"cc9xm7\" data-start=\"1385\" data-end=\"1438\">\n<p data-start=\"1387\" data-end=\"1438\">f\u00fcr <strong data-start=\"1391\" data-end=\"1436\">Kosmetik und Pflegeprodukte im Badezimmer<\/strong><\/p>\n<\/li>\n<li data-section-id=\"1filqqg\" data-start=\"1439\" data-end=\"1492\">\n<p data-start=\"1441\" data-end=\"1492\">als <strong data-start=\"1445\" data-end=\"1492\">Organizer in der Reisetasche oder im Koffer<\/strong><\/p>\n<\/li>\n<\/ul>\n<p data-start=\"1494\" data-end=\"1589\">Der schlichte Look passt perfekt zu <strong data-start=\"1530\" data-end=\"1588\">modernen Reiseaccessoires und minimalistischen Taschen<\/strong>.<\/p>\n<p>Lieferumfang: 1 Kosmetiktasche<\/p>\n<p>&nbsp;<\/p>\n<\/div>\n","protected":false},"featured_media":18226,"template":"","meta":{"_et_pb_use_builder":"","_et_pb_old_content":"","_et_gb_content_width":""},"product_brand":[2673],"product_cat":[2983,3069,3067,2637],"product_tag":[1960,2676,1810,2675,2678,2677,2681,2674,2679,2680],"class_list":{"0":"post-18222","1":"product","2":"type-product","3":"status-publish","4":"has-post-thumbnail","6":"product_brand-zwei-bag","7":"product_cat-accessoires","8":"product_cat-fuer-papa-opa","9":"product_cat-geschenkideen","10":"product_cat-strandtaschen-reiseaccessoires-mit-maritimem-flair-regalino","11":"product_tag-kosmetiktasche","12":"product_tag-kosmetiktasche-reise","13":"product_tag-kulturbeutel","14":"product_tag-kulturbeutel-grau","15":"product_tag-kulturbeutel-minimalistisch","16":"product_tag-kulturbeutel-modern","17":"product_tag-kulturbeutel-unisex","18":"product_tag-reisekulturbeutel","19":"product_tag-reisetasche-organizer","20":"product_tag-toiletry-bag","22":"first","23":"instock","24":"taxable","25":"shipping-taxable","26":"purchasable","27":"product-type-simple"},"yoast_head":"<!-- This site is optimized with the Yoast SEO plugin v27.5 - https:\/\/yoast.com\/product\/yoast-seo-wordpress\/ -->\n<title>Kulturbeutel Cargo Stone - Reise-Kosmetiktasche - 4 L - Regalino -Lively Style<\/title>\n<meta name=\"description\" content=\"Kompakter Kulturbeutel Cargo Stone mit Rei\u00dfverschluss, Innen- und Au\u00dfentaschen sowie Handschlaufe. Praktische Kosmetiktasche f\u00fcr Reisen und Alltag\" \/>\n<meta name=\"robots\" content=\"index, follow, max-snippet:-1, max-image-preview:large, max-video-preview:-1\" \/>\n<link rel=\"canonical\" href=\"https:\/\/Regalino-Shop.de\/?product=kulturbeutel-cargo-stone-reise-kosmetiktasche-4-l\" \/>\n<meta property=\"og:locale\" content=\"de_DE\" \/>\n<meta property=\"og:type\" content=\"article\" \/>\n<meta property=\"og:title\" content=\"Kulturbeutel Cargo Stone - Reise-Kosmetiktasche - 4 L - Regalino -Lively Style\" \/>\n<meta property=\"og:description\" content=\"Kompakter Kulturbeutel Cargo Stone mit Rei\u00dfverschluss, Innen- und Au\u00dfentaschen sowie Handschlaufe. Praktische Kosmetiktasche f\u00fcr Reisen und Alltag\" \/>\n<meta property=\"og:url\" content=\"https:\/\/Regalino-Shop.de\/?product=kulturbeutel-cargo-stone-reise-kosmetiktasche-4-l\" \/>\n<meta property=\"og:site_name\" content=\"Regalino -Lively Style\" \/>\n<meta property=\"article:modified_time\" content=\"2026-04-22T12:31:29+00:00\" \/>\n<meta property=\"og:image\" content=\"https:\/\/Regalino-Shop.de\/wp-content\/uploads\/2026\/03\/kosmetik_cargo_stone_zwei-bag.jpg\" \/>\n\t<meta property=\"og:image:width\" content=\"2000\" \/>\n\t<meta property=\"og:image:height\" content=\"2000\" \/>\n\t<meta property=\"og:image:type\" content=\"image\/jpeg\" \/>\n<meta name=\"twitter:card\" content=\"summary_large_image\" \/>\n<meta name=\"twitter:label1\" content=\"Gesch\u00e4tzte Lesezeit\" \/>\n\t<meta name=\"twitter:data1\" content=\"1\u00a0Minute\" \/>\n<script type=\"application\/ld+json\" class=\"yoast-schema-graph\">{\"@context\":\"https:\\\/\\\/schema.org\",\"@graph\":[{\"@type\":\"WebPage\",\"@id\":\"https:\\\/\\\/Regalino-Shop.de\\\/?product=kulturbeutel-cargo-stone-reise-kosmetiktasche-4-l\",\"url\":\"https:\\\/\\\/Regalino-Shop.de\\\/?product=kulturbeutel-cargo-stone-reise-kosmetiktasche-4-l\",\"name\":\"Kulturbeutel Cargo Stone - Reise-Kosmetiktasche - 4 L - Regalino -Lively Style\",\"isPartOf\":{\"@id\":\"https:\\\/\\\/Regalino-Shop.de\\\/#website\"},\"primaryImageOfPage\":{\"@id\":\"https:\\\/\\\/Regalino-Shop.de\\\/?product=kulturbeutel-cargo-stone-reise-kosmetiktasche-4-l#primaryimage\"},\"image\":{\"@id\":\"https:\\\/\\\/Regalino-Shop.de\\\/?product=kulturbeutel-cargo-stone-reise-kosmetiktasche-4-l#primaryimage\"},\"thumbnailUrl\":\"https:\\\/\\\/Regalino-Shop.de\\\/wp-content\\\/uploads\\\/2026\\\/03\\\/kosmetik_cargo_stone_zwei-bag.jpg\",\"datePublished\":\"2026-03-13T17:00:11+00:00\",\"dateModified\":\"2026-04-22T12:31:29+00:00\",\"description\":\"Kompakter Kulturbeutel Cargo Stone mit Rei\u00dfverschluss, Innen- und Au\u00dfentaschen sowie Handschlaufe. Praktische Kosmetiktasche f\u00fcr Reisen und Alltag\",\"breadcrumb\":{\"@id\":\"https:\\\/\\\/Regalino-Shop.de\\\/?product=kulturbeutel-cargo-stone-reise-kosmetiktasche-4-l#breadcrumb\"},\"inLanguage\":\"de\",\"potentialAction\":[{\"@type\":\"ReadAction\",\"target\":[\"https:\\\/\\\/Regalino-Shop.de\\\/?product=kulturbeutel-cargo-stone-reise-kosmetiktasche-4-l\"]}]},{\"@type\":\"ImageObject\",\"inLanguage\":\"de\",\"@id\":\"https:\\\/\\\/Regalino-Shop.de\\\/?product=kulturbeutel-cargo-stone-reise-kosmetiktasche-4-l#primaryimage\",\"url\":\"https:\\\/\\\/Regalino-Shop.de\\\/wp-content\\\/uploads\\\/2026\\\/03\\\/kosmetik_cargo_stone_zwei-bag.jpg\",\"contentUrl\":\"https:\\\/\\\/Regalino-Shop.de\\\/wp-content\\\/uploads\\\/2026\\\/03\\\/kosmetik_cargo_stone_zwei-bag.jpg\",\"width\":2000,\"height\":2000},{\"@type\":\"BreadcrumbList\",\"@id\":\"https:\\\/\\\/Regalino-Shop.de\\\/?product=kulturbeutel-cargo-stone-reise-kosmetiktasche-4-l#breadcrumb\",\"itemListElement\":[{\"@type\":\"ListItem\",\"position\":1,\"name\":\"Startseite\",\"item\":\"https:\\\/\\\/Regalino-Shop.de\\\/\"},{\"@type\":\"ListItem\",\"position\":2,\"name\":\"Shop\",\"item\":\"https:\\\/\\\/Regalino-Shop.de\\\/?page_id=40\"},{\"@type\":\"ListItem\",\"position\":3,\"name\":\"Kulturbeutel Cargo Stone &#8211; Reise-Kosmetiktasche &#8211; 4 L\"}]},{\"@type\":\"WebSite\",\"@id\":\"https:\\\/\\\/Regalino-Shop.de\\\/#website\",\"url\":\"https:\\\/\\\/Regalino-Shop.de\\\/\",\"name\":\"Regalino -Lively Style\",\"description\":\"gelebtes Zuhause\",\"potentialAction\":[{\"@type\":\"SearchAction\",\"target\":{\"@type\":\"EntryPoint\",\"urlTemplate\":\"https:\\\/\\\/Regalino-Shop.de\\\/?s={search_term_string}\"},\"query-input\":{\"@type\":\"PropertyValueSpecification\",\"valueRequired\":true,\"valueName\":\"search_term_string\"}}],\"inLanguage\":\"de\"}]}<\/script>\n<!-- \/ Yoast SEO plugin. -->","yoast_head_json":{"title":"Kulturbeutel Cargo Stone - Reise-Kosmetiktasche - 4 L - Regalino -Lively Style","description":"Kompakter Kulturbeutel Cargo Stone mit Rei\u00dfverschluss, Innen- und Au\u00dfentaschen sowie Handschlaufe. Praktische Kosmetiktasche f\u00fcr Reisen und Alltag","robots":{"index":"index","follow":"follow","max-snippet":"max-snippet:-1","max-image-preview":"max-image-preview:large","max-video-preview":"max-video-preview:-1"},"canonical":"https:\/\/Regalino-Shop.de\/?product=kulturbeutel-cargo-stone-reise-kosmetiktasche-4-l","og_locale":"de_DE","og_type":"article","og_title":"Kulturbeutel Cargo Stone - Reise-Kosmetiktasche - 4 L - Regalino -Lively Style","og_description":"Kompakter Kulturbeutel Cargo Stone mit Rei\u00dfverschluss, Innen- und Au\u00dfentaschen sowie Handschlaufe. Praktische Kosmetiktasche f\u00fcr Reisen und Alltag","og_url":"https:\/\/Regalino-Shop.de\/?product=kulturbeutel-cargo-stone-reise-kosmetiktasche-4-l","og_site_name":"Regalino -Lively Style","article_modified_time":"2026-04-22T12:31:29+00:00","og_image":[{"width":2000,"height":2000,"url":"https:\/\/Regalino-Shop.de\/wp-content\/uploads\/2026\/03\/kosmetik_cargo_stone_zwei-bag.jpg","type":"image\/jpeg"}],"twitter_card":"summary_large_image","twitter_misc":{"Gesch\u00e4tzte Lesezeit":"1\u00a0Minute"},"schema":{"@context":"https:\/\/schema.org","@graph":[{"@type":"WebPage","@id":"https:\/\/Regalino-Shop.de\/?product=kulturbeutel-cargo-stone-reise-kosmetiktasche-4-l","url":"https:\/\/Regalino-Shop.de\/?product=kulturbeutel-cargo-stone-reise-kosmetiktasche-4-l","name":"Kulturbeutel Cargo Stone - Reise-Kosmetiktasche - 4 L - Regalino -Lively Style","isPartOf":{"@id":"https:\/\/Regalino-Shop.de\/#website"},"primaryImageOfPage":{"@id":"https:\/\/Regalino-Shop.de\/?product=kulturbeutel-cargo-stone-reise-kosmetiktasche-4-l#primaryimage"},"image":{"@id":"https:\/\/Regalino-Shop.de\/?product=kulturbeutel-cargo-stone-reise-kosmetiktasche-4-l#primaryimage"},"thumbnailUrl":"https:\/\/Regalino-Shop.de\/wp-content\/uploads\/2026\/03\/kosmetik_cargo_stone_zwei-bag.jpg","datePublished":"2026-03-13T17:00:11+00:00","dateModified":"2026-04-22T12:31:29+00:00","description":"Kompakter Kulturbeutel Cargo Stone mit Rei\u00dfverschluss, Innen- und Au\u00dfentaschen sowie Handschlaufe. Praktische Kosmetiktasche f\u00fcr Reisen und Alltag","breadcrumb":{"@id":"https:\/\/Regalino-Shop.de\/?product=kulturbeutel-cargo-stone-reise-kosmetiktasche-4-l#breadcrumb"},"inLanguage":"de","potentialAction":[{"@type":"ReadAction","target":["https:\/\/Regalino-Shop.de\/?product=kulturbeutel-cargo-stone-reise-kosmetiktasche-4-l"]}]},{"@type":"ImageObject","inLanguage":"de","@id":"https:\/\/Regalino-Shop.de\/?product=kulturbeutel-cargo-stone-reise-kosmetiktasche-4-l#primaryimage","url":"https:\/\/Regalino-Shop.de\/wp-content\/uploads\/2026\/03\/kosmetik_cargo_stone_zwei-bag.jpg","contentUrl":"https:\/\/Regalino-Shop.de\/wp-content\/uploads\/2026\/03\/kosmetik_cargo_stone_zwei-bag.jpg","width":2000,"height":2000},{"@type":"BreadcrumbList","@id":"https:\/\/Regalino-Shop.de\/?product=kulturbeutel-cargo-stone-reise-kosmetiktasche-4-l#breadcrumb","itemListElement":[{"@type":"ListItem","position":1,"name":"Startseite","item":"https:\/\/Regalino-Shop.de\/"},{"@type":"ListItem","position":2,"name":"Shop","item":"https:\/\/Regalino-Shop.de\/?page_id=40"},{"@type":"ListItem","position":3,"name":"Kulturbeutel Cargo Stone &#8211; Reise-Kosmetiktasche &#8211; 4 L"}]},{"@type":"WebSite","@id":"https:\/\/Regalino-Shop.de\/#website","url":"https:\/\/Regalino-Shop.de\/","name":"Regalino -Lively Style","description":"gelebtes Zuhause","potentialAction":[{"@type":"SearchAction","target":{"@type":"EntryPoint","urlTemplate":"https:\/\/Regalino-Shop.de\/?s={search_term_string}"},"query-input":{"@type":"PropertyValueSpecification","valueRequired":true,"valueName":"search_term_string"}}],"inLanguage":"de"}]}},"_links":{"self":[{"href":"https:\/\/Regalino-Shop.de\/index.php?rest_route=\/wp\/v2\/product\/18222","targetHints":{"allow":["GET"]}}],"collection":[{"href":"https:\/\/Regalino-Shop.de\/index.php?rest_route=\/wp\/v2\/product"}],"about":[{"href":"https:\/\/Regalino-Shop.de\/index.php?rest_route=\/wp\/v2\/types\/product"}],"wp:featuredmedia":[{"embeddable":true,"href":"https:\/\/Regalino-Shop.de\/index.php?rest_route=\/wp\/v2\/media\/18226"}],"wp:attachment":[{"href":"https:\/\/Regalino-Shop.de\/index.php?rest_route=%2Fwp%2Fv2%2Fmedia&parent=18222"}],"wp:term":[{"taxonomy":"product_brand","embeddable":true,"href":"https:\/\/Regalino-Shop.de\/index.php?rest_route=%2Fwp%2Fv2%2Fproduct_brand&post=18222"},{"taxonomy":"product_cat","embeddable":true,"href":"https:\/\/Regalino-Shop.de\/index.php?rest_route=%2Fwp%2Fv2%2Fproduct_cat&post=18222"},{"taxonomy":"product_tag","embeddable":true,"href":"https:\/\/Regalino-Shop.de\/index.php?rest_route=%2Fwp%2Fv2%2Fproduct_tag&post=18222"}],"curies":[{"name":"wp","href":"https:\/\/api.w.org\/{rel}","templated":true}]}}