{"id":18336,"date":"2026-03-18T20:19:24","date_gmt":"2026-03-18T20:19:24","guid":{"rendered":"https:\/\/Regalino-Shop.de\/?post_type=product&#038;p=18336"},"modified":"2026-04-25T08:55:49","modified_gmt":"2026-04-25T08:55:49","slug":"tragetasche-claude-leo-naturweiss-grosse-einkaufstasche-aus-bio-baumwolle","status":"publish","type":"product","link":"https:\/\/Regalino-Shop.de\/?product=tragetasche-claude-leo-naturweiss-grosse-einkaufstasche-aus-bio-baumwolle","title":{"rendered":"Gro\u00dfe Tasche \u201eClaude \u2013 Leo Naturwei\u00df\u201c aus Bio Baumwolle"},"content":{"rendered":"<blockquote><p>&nbsp;<\/p><\/blockquote>\n","protected":false},"excerpt":{"rendered":"<h1 data-section-id=\"jqaxcu\" data-start=\"103\" data-end=\"141\">\u201eClaude \u2013 Leo Naturwei\u00df\u201c<\/h1>\n<p data-start=\"143\" data-end=\"477\">Die Tragetasche <strong data-start=\"159\" data-end=\"169\">Claude<\/strong> ist die legend\u00e4re, extra gro\u00dfe Einkaufstasche f\u00fcr Alltag, Markt oder Strand. Mit ihrem naturwei\u00dfen Stoff und dem ikonischen Leopardenmuster verbindet sie einen modernen Look mit zeitloser Eleganz. Dank der gro\u00dfz\u00fcgigen Gr\u00f6\u00dfe bietet sie besonders viel Platz f\u00fcr Eink\u00e4ufe, Strandutensilien oder Reisebegleiter.<\/p>\n<p data-start=\"479\" data-end=\"811\">Der praktische <strong data-start=\"494\" data-end=\"520\">magnetische Druckknopf<\/strong> sorgt daf\u00fcr, dass die Tasche sicher verschlossen werden kann. In der <strong data-start=\"590\" data-end=\"618\">integrierten Innentasche<\/strong> lassen sich Schl\u00fcssel, Handy oder Geldb\u00f6rse griffbereit verstauen. Gefertigt aus besonders robuster Bio-Baumwolle \u00fcberzeugt Claude durch langlebige Qualit\u00e4t und eine stabile, angenehme Haptik.<\/p>\n<p data-start=\"813\" data-end=\"1071\">Die Taschen und Accessoires werden in Zusammenarbeit mit der indischen NGO <strong data-start=\"888\" data-end=\"933\">Swami Sivananda Memorial Institute (SSMI)<\/strong> gefertigt, die Frauen in einem benachteiligten Viertel von Delhi durch faire Arbeit, Ausbildung und Unterst\u00fctzung f\u00fcr ihre Kinder st\u00e4rkt.<\/p>\n<hr data-start=\"1073\" data-end=\"1076\" \/>\n<h1 data-section-id=\"1i7x1es\" data-start=\"1078\" data-end=\"1087\">Details<\/h1>\n<p data-start=\"1089\" data-end=\"1417\">\u2022 <strong data-start=\"1091\" data-end=\"1101\">Gr\u00f6\u00dfe:<\/strong> 40 \u00d7 33 \u00d7 23 cm<br data-start=\"1117\" data-end=\"1120\" \/>\u2022 <strong data-start=\"1122\" data-end=\"1138\">Innentasche:<\/strong> 23 \u00d7 18 cm<br data-start=\"1149\" data-end=\"1152\" \/>\u2022 <strong data-start=\"1154\" data-end=\"1166\">Volumen:<\/strong> 33 L<br data-start=\"1171\" data-end=\"1174\" \/>\u2022 <strong data-start=\"1176\" data-end=\"1189\">Material:<\/strong> dicke Bio-Baumwolle (500 g\/m\u00b2)<br data-start=\"1220\" data-end=\"1223\" \/>\u2022 <strong data-start=\"1225\" data-end=\"1244\">Zertifizierung:<\/strong> GOTS-zertifizierte Baumwolle<br data-start=\"1273\" data-end=\"1276\" \/>\u2022 <strong data-start=\"1278\" data-end=\"1288\">Farbe:<\/strong> Naturwei\u00df mit Leopardenmuster<br data-start=\"1318\" data-end=\"1321\" \/>\u2022 <strong data-start=\"1323\" data-end=\"1338\">Verschluss:<\/strong> magnetischer Druckknopf<br data-start=\"1362\" data-end=\"1365\" \/>\u2022 <strong data-start=\"1367\" data-end=\"1378\">Extras:<\/strong> gro\u00dfe Innentasche f\u00fcr wichtige Dinge<\/p>\n<hr data-start=\"1419\" data-end=\"1422\" \/>\n<h1 data-section-id=\"ghi057\" data-start=\"1424\" data-end=\"1432\">Pflege<\/h1>\n<p data-start=\"1434\" data-end=\"1647\">\u2022 chemische Reinigung empfohlen<br data-start=\"1465\" data-end=\"1468\" \/>\u2022 bei mittlerer Temperatur b\u00fcgeln<br data-start=\"1501\" data-end=\"1504\" \/>\u2022 nicht im Trockner trocknen<br data-start=\"1532\" data-end=\"1535\" \/>\u2022 vor dem ersten Gebrauch mit farblosem Impr\u00e4gnierspray sch\u00fctzen<br data-start=\"1599\" data-end=\"1602\" \/>\u2022 Impr\u00e4gnierung etwa alle 3 Monate erneuern<\/p>\n<hr data-start=\"1649\" data-end=\"1652\" \/>\n<h1 data-section-id=\"u5s9wi\" data-start=\"1654\" data-end=\"1680\">\ud83e\udd0d Regalino Styling-Tipp<\/h1>\n<p data-start=\"1682\" data-end=\"1698\">Besonders sch\u00f6n:<\/p>\n<p data-start=\"1700\" data-end=\"1860\">\u2022 als <strong data-start=\"1706\" data-end=\"1757\">gro\u00dfe Einkaufstasche f\u00fcr Markt oder Stadtbummel<\/strong><br data-start=\"1757\" data-end=\"1760\" \/>\u2022 perfekt als <strong data-start=\"1774\" data-end=\"1806\">Strand- oder Wochenendtasche<\/strong><br data-start=\"1806\" data-end=\"1809\" \/>\u2022 kombiniert mit <strong data-start=\"1826\" data-end=\"1860\">hellen Leinen- oder Naturt\u00f6nen<\/strong><\/p>\n<p data-start=\"1862\" data-end=\"1937\">So entsteht ein <strong data-start=\"1878\" data-end=\"1936\">l\u00e4ssiger, nordischer Look mit modernem Statement-Print<\/strong>.<\/p>\n<p>Lieferumfang: 1 Tasche<\/p>\n<p>&nbsp;<\/p>\n<p>&nbsp;<\/p>\n","protected":false},"featured_media":18339,"template":"","meta":{"_et_pb_use_builder":"","_et_pb_old_content":"","_et_gb_content_width":""},"product_brand":[2754],"product_cat":[2983,2637,102],"product_tag":[1089,2771,2768,2769,2724,2757,2770,2767,1088,2772,2766,2765],"class_list":{"0":"post-18336","1":"product","2":"type-product","3":"status-publish","4":"has-post-thumbnail","6":"product_brand-hindbag","7":"product_cat-accessoires","8":"product_cat-strandtaschen-reiseaccessoires-mit-maritimem-flair-regalino","9":"product_cat-taschen-handtaschen-stilvolle-alltagsbegleiter-regalino","10":"product_tag-einkaufstasche","11":"product_tag-einkaufstasche-naturweiss","12":"product_tag-grosse-tragetasche","13":"product_tag-hindbag-tasche","14":"product_tag-leo-tasche-damen","15":"product_tag-leopardenmuster-tasche","16":"product_tag-shopper-bio-baumwolle","17":"product_tag-shopper-tasche","18":"product_tag-strandtasche","19":"product_tag-strandtasche-damen","20":"product_tag-tragetasche","21":"product_tag-tragetasche-claude-leo-naturweiss","23":"first","24":"instock","25":"taxable","26":"shipping-taxable","27":"purchasable","28":"product-type-simple"},"yoast_head":"<!-- This site is optimized with the Yoast SEO plugin v27.5 - https:\/\/yoast.com\/product\/yoast-seo-wordpress\/ -->\n<title>Gro\u00dfe Tasche \u201eClaude \u2013 Leo Naturwei\u00df\u201c aus Bio Baumwolle - Regalino -Lively Style<\/title>\n<meta name=\"description\" content=\"Gro\u00dfe Tragetasche Claude mit Leopardenmuster aus robuster Bio-Baumwolle. Perfekt f\u00fcr Einkauf, Strand oder Alltag. Viel Platz und praktische Innentasche\" \/>\n<meta name=\"robots\" content=\"index, follow, max-snippet:-1, max-image-preview:large, max-video-preview:-1\" \/>\n<link rel=\"canonical\" href=\"https:\/\/Regalino-Shop.de\/?product=tragetasche-claude-leo-naturweiss-grosse-einkaufstasche-aus-bio-baumwolle\" \/>\n<meta property=\"og:locale\" content=\"de_DE\" \/>\n<meta property=\"og:type\" content=\"article\" \/>\n<meta property=\"og:title\" content=\"Gro\u00dfe Tasche \u201eClaude \u2013 Leo Naturwei\u00df\u201c aus Bio Baumwolle - Regalino -Lively Style\" \/>\n<meta property=\"og:description\" content=\"Gro\u00dfe Tragetasche Claude mit Leopardenmuster aus robuster Bio-Baumwolle. Perfekt f\u00fcr Einkauf, Strand oder Alltag. Viel Platz und praktische Innentasche\" \/>\n<meta property=\"og:url\" content=\"https:\/\/Regalino-Shop.de\/?product=tragetasche-claude-leo-naturweiss-grosse-einkaufstasche-aus-bio-baumwolle\" \/>\n<meta property=\"og:site_name\" content=\"Regalino -Lively Style\" \/>\n<meta property=\"article:modified_time\" content=\"2026-04-25T08:55:49+00:00\" \/>\n<meta property=\"og:image\" content=\"https:\/\/Regalino-Shop.de\/wp-content\/uploads\/2026\/03\/cabas-claude-leopard-ecru-weekender-strandtasche.webp\" \/>\n\t<meta property=\"og:image:width\" content=\"900\" \/>\n\t<meta property=\"og:image:height\" content=\"1350\" \/>\n\t<meta property=\"og:image:type\" content=\"image\/webp\" \/>\n<meta name=\"twitter:card\" content=\"summary_large_image\" \/>\n<meta name=\"twitter:label1\" content=\"Gesch\u00e4tzte Lesezeit\" \/>\n\t<meta name=\"twitter:data1\" content=\"1\u00a0Minute\" \/>\n<script type=\"application\/ld+json\" class=\"yoast-schema-graph\">{\"@context\":\"https:\\\/\\\/schema.org\",\"@graph\":[{\"@type\":\"WebPage\",\"@id\":\"https:\\\/\\\/Regalino-Shop.de\\\/?product=tragetasche-claude-leo-naturweiss-grosse-einkaufstasche-aus-bio-baumwolle\",\"url\":\"https:\\\/\\\/Regalino-Shop.de\\\/?product=tragetasche-claude-leo-naturweiss-grosse-einkaufstasche-aus-bio-baumwolle\",\"name\":\"Gro\u00dfe Tasche \u201eClaude \u2013 Leo Naturwei\u00df\u201c aus Bio Baumwolle - Regalino -Lively Style\",\"isPartOf\":{\"@id\":\"https:\\\/\\\/Regalino-Shop.de\\\/#website\"},\"primaryImageOfPage\":{\"@id\":\"https:\\\/\\\/Regalino-Shop.de\\\/?product=tragetasche-claude-leo-naturweiss-grosse-einkaufstasche-aus-bio-baumwolle#primaryimage\"},\"image\":{\"@id\":\"https:\\\/\\\/Regalino-Shop.de\\\/?product=tragetasche-claude-leo-naturweiss-grosse-einkaufstasche-aus-bio-baumwolle#primaryimage\"},\"thumbnailUrl\":\"https:\\\/\\\/Regalino-Shop.de\\\/wp-content\\\/uploads\\\/2026\\\/03\\\/cabas-claude-leopard-ecru-weekender-strandtasche.webp\",\"datePublished\":\"2026-03-18T20:19:24+00:00\",\"dateModified\":\"2026-04-25T08:55:49+00:00\",\"description\":\"Gro\u00dfe Tragetasche Claude mit Leopardenmuster aus robuster Bio-Baumwolle. Perfekt f\u00fcr Einkauf, Strand oder Alltag. Viel Platz und praktische Innentasche\",\"breadcrumb\":{\"@id\":\"https:\\\/\\\/Regalino-Shop.de\\\/?product=tragetasche-claude-leo-naturweiss-grosse-einkaufstasche-aus-bio-baumwolle#breadcrumb\"},\"inLanguage\":\"de\",\"potentialAction\":[{\"@type\":\"ReadAction\",\"target\":[\"https:\\\/\\\/Regalino-Shop.de\\\/?product=tragetasche-claude-leo-naturweiss-grosse-einkaufstasche-aus-bio-baumwolle\"]}]},{\"@type\":\"ImageObject\",\"inLanguage\":\"de\",\"@id\":\"https:\\\/\\\/Regalino-Shop.de\\\/?product=tragetasche-claude-leo-naturweiss-grosse-einkaufstasche-aus-bio-baumwolle#primaryimage\",\"url\":\"https:\\\/\\\/Regalino-Shop.de\\\/wp-content\\\/uploads\\\/2026\\\/03\\\/cabas-claude-leopard-ecru-weekender-strandtasche.webp\",\"contentUrl\":\"https:\\\/\\\/Regalino-Shop.de\\\/wp-content\\\/uploads\\\/2026\\\/03\\\/cabas-claude-leopard-ecru-weekender-strandtasche.webp\",\"width\":900,\"height\":1350,\"caption\":\"Tragetasche Claude Leo Naturwei\u00df Leopardenmuster Bio Baumwolle Hindbag\"},{\"@type\":\"BreadcrumbList\",\"@id\":\"https:\\\/\\\/Regalino-Shop.de\\\/?product=tragetasche-claude-leo-naturweiss-grosse-einkaufstasche-aus-bio-baumwolle#breadcrumb\",\"itemListElement\":[{\"@type\":\"ListItem\",\"position\":1,\"name\":\"Startseite\",\"item\":\"https:\\\/\\\/Regalino-Shop.de\\\/\"},{\"@type\":\"ListItem\",\"position\":2,\"name\":\"Shop\",\"item\":\"https:\\\/\\\/Regalino-Shop.de\\\/?page_id=40\"},{\"@type\":\"ListItem\",\"position\":3,\"name\":\"Gro\u00dfe Tasche \u201eClaude \u2013 Leo Naturwei\u00df\u201c aus Bio Baumwolle\"}]},{\"@type\":\"WebSite\",\"@id\":\"https:\\\/\\\/Regalino-Shop.de\\\/#website\",\"url\":\"https:\\\/\\\/Regalino-Shop.de\\\/\",\"name\":\"Regalino -Lively Style\",\"description\":\"gelebtes Zuhause\",\"potentialAction\":[{\"@type\":\"SearchAction\",\"target\":{\"@type\":\"EntryPoint\",\"urlTemplate\":\"https:\\\/\\\/Regalino-Shop.de\\\/?s={search_term_string}\"},\"query-input\":{\"@type\":\"PropertyValueSpecification\",\"valueRequired\":true,\"valueName\":\"search_term_string\"}}],\"inLanguage\":\"de\"}]}<\/script>\n<!-- \/ Yoast SEO plugin. -->","yoast_head_json":{"title":"Gro\u00dfe Tasche \u201eClaude \u2013 Leo Naturwei\u00df\u201c aus Bio Baumwolle - Regalino -Lively Style","description":"Gro\u00dfe Tragetasche Claude mit Leopardenmuster aus robuster Bio-Baumwolle. Perfekt f\u00fcr Einkauf, Strand oder Alltag. Viel Platz und praktische Innentasche","robots":{"index":"index","follow":"follow","max-snippet":"max-snippet:-1","max-image-preview":"max-image-preview:large","max-video-preview":"max-video-preview:-1"},"canonical":"https:\/\/Regalino-Shop.de\/?product=tragetasche-claude-leo-naturweiss-grosse-einkaufstasche-aus-bio-baumwolle","og_locale":"de_DE","og_type":"article","og_title":"Gro\u00dfe Tasche \u201eClaude \u2013 Leo Naturwei\u00df\u201c aus Bio Baumwolle - Regalino -Lively Style","og_description":"Gro\u00dfe Tragetasche Claude mit Leopardenmuster aus robuster Bio-Baumwolle. Perfekt f\u00fcr Einkauf, Strand oder Alltag. Viel Platz und praktische Innentasche","og_url":"https:\/\/Regalino-Shop.de\/?product=tragetasche-claude-leo-naturweiss-grosse-einkaufstasche-aus-bio-baumwolle","og_site_name":"Regalino -Lively Style","article_modified_time":"2026-04-25T08:55:49+00:00","og_image":[{"width":900,"height":1350,"url":"https:\/\/Regalino-Shop.de\/wp-content\/uploads\/2026\/03\/cabas-claude-leopard-ecru-weekender-strandtasche.webp","type":"image\/webp"}],"twitter_card":"summary_large_image","twitter_misc":{"Gesch\u00e4tzte Lesezeit":"1\u00a0Minute"},"schema":{"@context":"https:\/\/schema.org","@graph":[{"@type":"WebPage","@id":"https:\/\/Regalino-Shop.de\/?product=tragetasche-claude-leo-naturweiss-grosse-einkaufstasche-aus-bio-baumwolle","url":"https:\/\/Regalino-Shop.de\/?product=tragetasche-claude-leo-naturweiss-grosse-einkaufstasche-aus-bio-baumwolle","name":"Gro\u00dfe Tasche \u201eClaude \u2013 Leo Naturwei\u00df\u201c aus Bio Baumwolle - Regalino -Lively Style","isPartOf":{"@id":"https:\/\/Regalino-Shop.de\/#website"},"primaryImageOfPage":{"@id":"https:\/\/Regalino-Shop.de\/?product=tragetasche-claude-leo-naturweiss-grosse-einkaufstasche-aus-bio-baumwolle#primaryimage"},"image":{"@id":"https:\/\/Regalino-Shop.de\/?product=tragetasche-claude-leo-naturweiss-grosse-einkaufstasche-aus-bio-baumwolle#primaryimage"},"thumbnailUrl":"https:\/\/Regalino-Shop.de\/wp-content\/uploads\/2026\/03\/cabas-claude-leopard-ecru-weekender-strandtasche.webp","datePublished":"2026-03-18T20:19:24+00:00","dateModified":"2026-04-25T08:55:49+00:00","description":"Gro\u00dfe Tragetasche Claude mit Leopardenmuster aus robuster Bio-Baumwolle. Perfekt f\u00fcr Einkauf, Strand oder Alltag. Viel Platz und praktische Innentasche","breadcrumb":{"@id":"https:\/\/Regalino-Shop.de\/?product=tragetasche-claude-leo-naturweiss-grosse-einkaufstasche-aus-bio-baumwolle#breadcrumb"},"inLanguage":"de","potentialAction":[{"@type":"ReadAction","target":["https:\/\/Regalino-Shop.de\/?product=tragetasche-claude-leo-naturweiss-grosse-einkaufstasche-aus-bio-baumwolle"]}]},{"@type":"ImageObject","inLanguage":"de","@id":"https:\/\/Regalino-Shop.de\/?product=tragetasche-claude-leo-naturweiss-grosse-einkaufstasche-aus-bio-baumwolle#primaryimage","url":"https:\/\/Regalino-Shop.de\/wp-content\/uploads\/2026\/03\/cabas-claude-leopard-ecru-weekender-strandtasche.webp","contentUrl":"https:\/\/Regalino-Shop.de\/wp-content\/uploads\/2026\/03\/cabas-claude-leopard-ecru-weekender-strandtasche.webp","width":900,"height":1350,"caption":"Tragetasche Claude Leo Naturwei\u00df Leopardenmuster Bio Baumwolle Hindbag"},{"@type":"BreadcrumbList","@id":"https:\/\/Regalino-Shop.de\/?product=tragetasche-claude-leo-naturweiss-grosse-einkaufstasche-aus-bio-baumwolle#breadcrumb","itemListElement":[{"@type":"ListItem","position":1,"name":"Startseite","item":"https:\/\/Regalino-Shop.de\/"},{"@type":"ListItem","position":2,"name":"Shop","item":"https:\/\/Regalino-Shop.de\/?page_id=40"},{"@type":"ListItem","position":3,"name":"Gro\u00dfe Tasche \u201eClaude \u2013 Leo Naturwei\u00df\u201c aus Bio Baumwolle"}]},{"@type":"WebSite","@id":"https:\/\/Regalino-Shop.de\/#website","url":"https:\/\/Regalino-Shop.de\/","name":"Regalino -Lively Style","description":"gelebtes Zuhause","potentialAction":[{"@type":"SearchAction","target":{"@type":"EntryPoint","urlTemplate":"https:\/\/Regalino-Shop.de\/?s={search_term_string}"},"query-input":{"@type":"PropertyValueSpecification","valueRequired":true,"valueName":"search_term_string"}}],"inLanguage":"de"}]}},"_links":{"self":[{"href":"https:\/\/Regalino-Shop.de\/index.php?rest_route=\/wp\/v2\/product\/18336","targetHints":{"allow":["GET"]}}],"collection":[{"href":"https:\/\/Regalino-Shop.de\/index.php?rest_route=\/wp\/v2\/product"}],"about":[{"href":"https:\/\/Regalino-Shop.de\/index.php?rest_route=\/wp\/v2\/types\/product"}],"wp:featuredmedia":[{"embeddable":true,"href":"https:\/\/Regalino-Shop.de\/index.php?rest_route=\/wp\/v2\/media\/18339"}],"wp:attachment":[{"href":"https:\/\/Regalino-Shop.de\/index.php?rest_route=%2Fwp%2Fv2%2Fmedia&parent=18336"}],"wp:term":[{"taxonomy":"product_brand","embeddable":true,"href":"https:\/\/Regalino-Shop.de\/index.php?rest_route=%2Fwp%2Fv2%2Fproduct_brand&post=18336"},{"taxonomy":"product_cat","embeddable":true,"href":"https:\/\/Regalino-Shop.de\/index.php?rest_route=%2Fwp%2Fv2%2Fproduct_cat&post=18336"},{"taxonomy":"product_tag","embeddable":true,"href":"https:\/\/Regalino-Shop.de\/index.php?rest_route=%2Fwp%2Fv2%2Fproduct_tag&post=18336"}],"curies":[{"name":"wp","href":"https:\/\/api.w.org\/{rel}","templated":true}]}}