{"id":18353,"date":"2026-03-19T05:35:44","date_gmt":"2026-03-19T05:35:44","guid":{"rendered":"https:\/\/Regalino-Shop.de\/?post_type=product&#038;p=18353"},"modified":"2026-03-29T07:56:51","modified_gmt":"2026-03-29T07:56:51","slug":"guerteltasche-harry-leo-naturweiss-kompakte-bauchtasche-aus-bio-baumwolle-regalino","status":"publish","type":"product","link":"https:\/\/Regalino-Shop.de\/?product=guerteltasche-harry-leo-naturweiss-kompakte-bauchtasche-aus-bio-baumwolle-regalino","title":{"rendered":"G\u00fcrteltasche Harry Leo Naturwei\u00df \u2013 Bauchtasche aus Bio-Baumwolle"},"content":{"rendered":"<blockquote><p>&nbsp;<\/p><\/blockquote>\n","protected":false},"excerpt":{"rendered":"<h1 data-section-id=\"6ocb39\" data-start=\"96\" data-end=\"134\">G\u00fcrteltasche \u201eHarry \u2013 Leo Naturwei\u00df\u201c<\/h1>\n<p data-start=\"136\" data-end=\"417\">Die G\u00fcrteltasche <strong data-start=\"153\" data-end=\"162\">Harry<\/strong> \u00fcberzeugt durch ihr kompaktes, rechteckiges Design und wirkt dadurch besonders modern und minimalistisch. Der helle Farbton <strong data-start=\"287\" data-end=\"300\">Naturwei\u00df<\/strong> kombiniert mit dem markanten Leopardenmuster sorgt f\u00fcr einen stilvollen Look, der sich vielseitig kombinieren l\u00e4sst.<\/p>\n<p data-start=\"419\" data-end=\"770\">Durch die <strong data-start=\"429\" data-end=\"484\">Rei\u00dfverschlusstaschen auf der Vorder- und R\u00fcckseite<\/strong> lassen sich wichtige Dinge wie Smartphone, Karten oder Schl\u00fcssel sicher verstauen. Dank des <strong data-start=\"577\" data-end=\"600\">verstellbaren Gurts<\/strong> kann die Tasche flexibel getragen werden \u2013 klassisch als Crossbody-Bag oder l\u00e4ssig \u00fcber der Schulter, im Winter \u00fcber dem Mantel oder im Sommer \u00fcber einem leichten Shirt.<\/p>\n<p data-start=\"772\" data-end=\"871\">Das robuste Material aus Bio-Baumwolle sorgt f\u00fcr Stabilit\u00e4t und eine langlebige Qualit\u00e4t im Alltag.<\/p>\n<p data-start=\"873\" data-end=\"1155\">Die Taschen und Accessoires entstehen in Zusammenarbeit mit der indischen NGO <strong data-start=\"951\" data-end=\"996\">Swami Sivananda Memorial Institute (SSMI)<\/strong>. Die Organisation unterst\u00fctzt Frauen aus einem benachteiligten Viertel in Delhi durch faire Arbeit, Ausbildungsm\u00f6glichkeiten und Schulbildung f\u00fcr ihre Kinder.<\/p>\n<hr data-start=\"1157\" data-end=\"1160\" \/>\n<h1 data-section-id=\"1i7x1es\" data-start=\"1162\" data-end=\"1171\">Details<\/h1>\n<p data-start=\"1173\" data-end=\"1485\">\u2022 <strong data-start=\"1175\" data-end=\"1185\">Gr\u00f6\u00dfe:<\/strong> 24 \u00d7 14 \u00d7 2 cm<br data-start=\"1200\" data-end=\"1203\" \/>\u2022 <strong data-start=\"1205\" data-end=\"1219\">Gurtl\u00e4nge:<\/strong> verstellbar von 73 \u2013 115 cm<br data-start=\"1247\" data-end=\"1250\" \/>\u2022 <strong data-start=\"1252\" data-end=\"1265\">Material:<\/strong> dicke Bio-Baumwolle (500 g\/m\u00b2)<br data-start=\"1296\" data-end=\"1299\" \/>\u2022 <strong data-start=\"1301\" data-end=\"1320\">Zertifizierung:<\/strong> GOTS-zertifizierte Baumwolle<br data-start=\"1349\" data-end=\"1352\" \/>\u2022 <strong data-start=\"1354\" data-end=\"1364\">Farbe:<\/strong> Naturwei\u00df mit Leopardenmuster<br data-start=\"1394\" data-end=\"1397\" \/>\u2022 <strong data-start=\"1399\" data-end=\"1414\">Verschluss:<\/strong> Rei\u00dfverschluss<br data-start=\"1429\" data-end=\"1432\" \/>\u2022 <strong data-start=\"1434\" data-end=\"1445\">Extras:<\/strong> Rei\u00dfverschlusstasche vorne und hinten<\/p>\n<hr data-start=\"1487\" data-end=\"1490\" \/>\n<h1 data-section-id=\"ghi057\" data-start=\"1492\" data-end=\"1500\">Pflege<\/h1>\n<p data-start=\"1502\" data-end=\"1715\">\u2022 chemische Reinigung empfohlen<br data-start=\"1533\" data-end=\"1536\" \/>\u2022 bei mittlerer Temperatur b\u00fcgeln<br data-start=\"1569\" data-end=\"1572\" \/>\u2022 nicht im Trockner trocknen<br data-start=\"1600\" data-end=\"1603\" \/>\u2022 vor dem ersten Gebrauch mit farblosem Impr\u00e4gnierspray sch\u00fctzen<br data-start=\"1667\" data-end=\"1670\" \/>\u2022 Impr\u00e4gnierung etwa alle 3 Monate erneuern<\/p>\n<hr data-start=\"1717\" data-end=\"1720\" \/>\n<h1 data-section-id=\"u5s9wi\" data-start=\"1722\" data-end=\"1748\">\ud83e\udd0d Regalino Styling-Tipp<\/h1>\n<p data-start=\"1750\" data-end=\"1766\">Besonders sch\u00f6n:<\/p>\n<p data-start=\"1768\" data-end=\"1962\">\u2022 als <strong data-start=\"1774\" data-end=\"1831\">minimalistische Crossbody-Tasche f\u00fcr Stadt oder Reise<\/strong><br data-start=\"1831\" data-end=\"1834\" \/>\u2022 kombiniert mit <strong data-start=\"1851\" data-end=\"1900\">hellen Naturt\u00f6nen wie Beige, Sand oder Leinen<\/strong><br data-start=\"1900\" data-end=\"1903\" \/>\u2022 als modernes Accessoire zu <strong data-start=\"1932\" data-end=\"1962\">schlichten Alltags-Outfits<\/strong><\/p>\n<p data-start=\"1964\" data-end=\"2024\">So entsteht ein <strong data-start=\"1980\" data-end=\"2023\">zeitloser Look mit stilvollem Leo-Print<\/strong><\/p>\n<p>Lieferumfang: 1 Tasche<\/p>\n<p>&nbsp;<\/p>\n<p>&nbsp;<\/p>\n","protected":false},"featured_media":18357,"template":"","meta":{"_et_pb_use_builder":"","_et_pb_old_content":"","_et_gb_content_width":""},"product_brand":[2754],"product_cat":[2983,102],"product_tag":[2779,2775,2783,2777,2774,2784,2780,2778,2785,2781,2776,2757],"class_list":{"0":"post-18353","1":"product","2":"type-product","3":"status-publish","4":"has-post-thumbnail","6":"product_brand-hindbag","7":"product_cat-accessoires","8":"product_cat-taschen-handtaschen-stilvolle-alltagsbegleiter-regalino","9":"product_tag-bauchtasche-bio-baumwolle","10":"product_tag-bauchtasche-damen","11":"product_tag-bauchtasche-leo-print","12":"product_tag-crossbody-tasche-damen","13":"product_tag-guerteltasche-damen","14":"product_tag-guerteltasche-harry-leo-naturweiss","15":"product_tag-guerteltasche-naturweiss","16":"product_tag-hindbag-guerteltasche","17":"product_tag-kompakte-guerteltasche","18":"product_tag-leo-bauchtasche-damen","19":"product_tag-leo-guerteltasche","20":"product_tag-leopardenmuster-tasche","22":"first","23":"instock","24":"taxable","25":"shipping-taxable","26":"purchasable","27":"product-type-simple"},"yoast_head":"<!-- This site is optimized with the Yoast SEO plugin v27.5 - https:\/\/yoast.com\/product\/yoast-seo-wordpress\/ -->\n<title>G\u00fcrteltasche Harry Leo Naturwei\u00df \u2013 Bauchtasche aus Bio-Baumwolle - Regalino -Lively Style<\/title>\n<meta name=\"description\" content=\"G\u00fcrteltasche Harry Leo Naturwei\u00df aus robuster Bio-Baumwolle mit Leopardenmuster. Kompakt, mit Rei\u00dfverschlusstaschen vorne und hinten \u2013 ideal f\u00fcr Alltag und Reise.\" \/>\n<meta name=\"robots\" content=\"index, follow, max-snippet:-1, max-image-preview:large, max-video-preview:-1\" \/>\n<link rel=\"canonical\" href=\"https:\/\/Regalino-Shop.de\/?product=guerteltasche-harry-leo-naturweiss-kompakte-bauchtasche-aus-bio-baumwolle-regalino\" \/>\n<meta property=\"og:locale\" content=\"de_DE\" \/>\n<meta property=\"og:type\" content=\"article\" \/>\n<meta property=\"og:title\" content=\"G\u00fcrteltasche Harry Leo Naturwei\u00df \u2013 Bauchtasche aus Bio-Baumwolle - Regalino -Lively Style\" \/>\n<meta property=\"og:description\" content=\"G\u00fcrteltasche Harry Leo Naturwei\u00df aus robuster Bio-Baumwolle mit Leopardenmuster. Kompakt, mit Rei\u00dfverschlusstaschen vorne und hinten \u2013 ideal f\u00fcr Alltag und Reise.\" \/>\n<meta property=\"og:url\" content=\"https:\/\/Regalino-Shop.de\/?product=guerteltasche-harry-leo-naturweiss-kompakte-bauchtasche-aus-bio-baumwolle-regalino\" \/>\n<meta property=\"og:site_name\" content=\"Regalino -Lively Style\" \/>\n<meta property=\"article:modified_time\" content=\"2026-03-29T07:56:51+00:00\" \/>\n<meta property=\"og:image\" content=\"https:\/\/Regalino-Shop.de\/wp-content\/uploads\/2026\/03\/banane-harry-leopard-ecru-hindbag_900x.webp\" \/>\n\t<meta property=\"og:image:width\" content=\"900\" \/>\n\t<meta property=\"og:image:height\" content=\"1349\" \/>\n\t<meta property=\"og:image:type\" content=\"image\/webp\" \/>\n<meta name=\"twitter:card\" content=\"summary_large_image\" \/>\n<meta name=\"twitter:label1\" content=\"Gesch\u00e4tzte Lesezeit\" \/>\n\t<meta name=\"twitter:data1\" content=\"1\u00a0Minute\" \/>\n<script type=\"application\/ld+json\" class=\"yoast-schema-graph\">{\"@context\":\"https:\\\/\\\/schema.org\",\"@graph\":[{\"@type\":\"WebPage\",\"@id\":\"https:\\\/\\\/Regalino-Shop.de\\\/?product=guerteltasche-harry-leo-naturweiss-kompakte-bauchtasche-aus-bio-baumwolle-regalino\",\"url\":\"https:\\\/\\\/Regalino-Shop.de\\\/?product=guerteltasche-harry-leo-naturweiss-kompakte-bauchtasche-aus-bio-baumwolle-regalino\",\"name\":\"G\u00fcrteltasche Harry Leo Naturwei\u00df \u2013 Bauchtasche aus Bio-Baumwolle - Regalino -Lively Style\",\"isPartOf\":{\"@id\":\"https:\\\/\\\/Regalino-Shop.de\\\/#website\"},\"primaryImageOfPage\":{\"@id\":\"https:\\\/\\\/Regalino-Shop.de\\\/?product=guerteltasche-harry-leo-naturweiss-kompakte-bauchtasche-aus-bio-baumwolle-regalino#primaryimage\"},\"image\":{\"@id\":\"https:\\\/\\\/Regalino-Shop.de\\\/?product=guerteltasche-harry-leo-naturweiss-kompakte-bauchtasche-aus-bio-baumwolle-regalino#primaryimage\"},\"thumbnailUrl\":\"https:\\\/\\\/Regalino-Shop.de\\\/wp-content\\\/uploads\\\/2026\\\/03\\\/banane-harry-leopard-ecru-hindbag_900x.webp\",\"datePublished\":\"2026-03-19T05:35:44+00:00\",\"dateModified\":\"2026-03-29T07:56:51+00:00\",\"description\":\"G\u00fcrteltasche Harry Leo Naturwei\u00df aus robuster Bio-Baumwolle mit Leopardenmuster. Kompakt, mit Rei\u00dfverschlusstaschen vorne und hinten \u2013 ideal f\u00fcr Alltag und Reise.\",\"breadcrumb\":{\"@id\":\"https:\\\/\\\/Regalino-Shop.de\\\/?product=guerteltasche-harry-leo-naturweiss-kompakte-bauchtasche-aus-bio-baumwolle-regalino#breadcrumb\"},\"inLanguage\":\"de\",\"potentialAction\":[{\"@type\":\"ReadAction\",\"target\":[\"https:\\\/\\\/Regalino-Shop.de\\\/?product=guerteltasche-harry-leo-naturweiss-kompakte-bauchtasche-aus-bio-baumwolle-regalino\"]}]},{\"@type\":\"ImageObject\",\"inLanguage\":\"de\",\"@id\":\"https:\\\/\\\/Regalino-Shop.de\\\/?product=guerteltasche-harry-leo-naturweiss-kompakte-bauchtasche-aus-bio-baumwolle-regalino#primaryimage\",\"url\":\"https:\\\/\\\/Regalino-Shop.de\\\/wp-content\\\/uploads\\\/2026\\\/03\\\/banane-harry-leopard-ecru-hindbag_900x.webp\",\"contentUrl\":\"https:\\\/\\\/Regalino-Shop.de\\\/wp-content\\\/uploads\\\/2026\\\/03\\\/banane-harry-leopard-ecru-hindbag_900x.webp\",\"width\":900,\"height\":1349,\"caption\":\"G\u00fcrteltasche Harry Leo Naturwei\u00df Leopardenmuster Bio Baumwolle Hindbag\"},{\"@type\":\"BreadcrumbList\",\"@id\":\"https:\\\/\\\/Regalino-Shop.de\\\/?product=guerteltasche-harry-leo-naturweiss-kompakte-bauchtasche-aus-bio-baumwolle-regalino#breadcrumb\",\"itemListElement\":[{\"@type\":\"ListItem\",\"position\":1,\"name\":\"Startseite\",\"item\":\"https:\\\/\\\/Regalino-Shop.de\\\/\"},{\"@type\":\"ListItem\",\"position\":2,\"name\":\"Shop\",\"item\":\"https:\\\/\\\/Regalino-Shop.de\\\/?page_id=40\"},{\"@type\":\"ListItem\",\"position\":3,\"name\":\"G\u00fcrteltasche Harry Leo Naturwei\u00df \u2013 Bauchtasche aus Bio-Baumwolle\"}]},{\"@type\":\"WebSite\",\"@id\":\"https:\\\/\\\/Regalino-Shop.de\\\/#website\",\"url\":\"https:\\\/\\\/Regalino-Shop.de\\\/\",\"name\":\"Regalino -Lively Style\",\"description\":\"gelebtes Zuhause\",\"potentialAction\":[{\"@type\":\"SearchAction\",\"target\":{\"@type\":\"EntryPoint\",\"urlTemplate\":\"https:\\\/\\\/Regalino-Shop.de\\\/?s={search_term_string}\"},\"query-input\":{\"@type\":\"PropertyValueSpecification\",\"valueRequired\":true,\"valueName\":\"search_term_string\"}}],\"inLanguage\":\"de\"}]}<\/script>\n<!-- \/ Yoast SEO plugin. -->","yoast_head_json":{"title":"G\u00fcrteltasche Harry Leo Naturwei\u00df \u2013 Bauchtasche aus Bio-Baumwolle - Regalino -Lively Style","description":"G\u00fcrteltasche Harry Leo Naturwei\u00df aus robuster Bio-Baumwolle mit Leopardenmuster. Kompakt, mit Rei\u00dfverschlusstaschen vorne und hinten \u2013 ideal f\u00fcr Alltag und Reise.","robots":{"index":"index","follow":"follow","max-snippet":"max-snippet:-1","max-image-preview":"max-image-preview:large","max-video-preview":"max-video-preview:-1"},"canonical":"https:\/\/Regalino-Shop.de\/?product=guerteltasche-harry-leo-naturweiss-kompakte-bauchtasche-aus-bio-baumwolle-regalino","og_locale":"de_DE","og_type":"article","og_title":"G\u00fcrteltasche Harry Leo Naturwei\u00df \u2013 Bauchtasche aus Bio-Baumwolle - Regalino -Lively Style","og_description":"G\u00fcrteltasche Harry Leo Naturwei\u00df aus robuster Bio-Baumwolle mit Leopardenmuster. Kompakt, mit Rei\u00dfverschlusstaschen vorne und hinten \u2013 ideal f\u00fcr Alltag und Reise.","og_url":"https:\/\/Regalino-Shop.de\/?product=guerteltasche-harry-leo-naturweiss-kompakte-bauchtasche-aus-bio-baumwolle-regalino","og_site_name":"Regalino -Lively Style","article_modified_time":"2026-03-29T07:56:51+00:00","og_image":[{"width":900,"height":1349,"url":"https:\/\/Regalino-Shop.de\/wp-content\/uploads\/2026\/03\/banane-harry-leopard-ecru-hindbag_900x.webp","type":"image\/webp"}],"twitter_card":"summary_large_image","twitter_misc":{"Gesch\u00e4tzte Lesezeit":"1\u00a0Minute"},"schema":{"@context":"https:\/\/schema.org","@graph":[{"@type":"WebPage","@id":"https:\/\/Regalino-Shop.de\/?product=guerteltasche-harry-leo-naturweiss-kompakte-bauchtasche-aus-bio-baumwolle-regalino","url":"https:\/\/Regalino-Shop.de\/?product=guerteltasche-harry-leo-naturweiss-kompakte-bauchtasche-aus-bio-baumwolle-regalino","name":"G\u00fcrteltasche Harry Leo Naturwei\u00df \u2013 Bauchtasche aus Bio-Baumwolle - Regalino -Lively Style","isPartOf":{"@id":"https:\/\/Regalino-Shop.de\/#website"},"primaryImageOfPage":{"@id":"https:\/\/Regalino-Shop.de\/?product=guerteltasche-harry-leo-naturweiss-kompakte-bauchtasche-aus-bio-baumwolle-regalino#primaryimage"},"image":{"@id":"https:\/\/Regalino-Shop.de\/?product=guerteltasche-harry-leo-naturweiss-kompakte-bauchtasche-aus-bio-baumwolle-regalino#primaryimage"},"thumbnailUrl":"https:\/\/Regalino-Shop.de\/wp-content\/uploads\/2026\/03\/banane-harry-leopard-ecru-hindbag_900x.webp","datePublished":"2026-03-19T05:35:44+00:00","dateModified":"2026-03-29T07:56:51+00:00","description":"G\u00fcrteltasche Harry Leo Naturwei\u00df aus robuster Bio-Baumwolle mit Leopardenmuster. Kompakt, mit Rei\u00dfverschlusstaschen vorne und hinten \u2013 ideal f\u00fcr Alltag und Reise.","breadcrumb":{"@id":"https:\/\/Regalino-Shop.de\/?product=guerteltasche-harry-leo-naturweiss-kompakte-bauchtasche-aus-bio-baumwolle-regalino#breadcrumb"},"inLanguage":"de","potentialAction":[{"@type":"ReadAction","target":["https:\/\/Regalino-Shop.de\/?product=guerteltasche-harry-leo-naturweiss-kompakte-bauchtasche-aus-bio-baumwolle-regalino"]}]},{"@type":"ImageObject","inLanguage":"de","@id":"https:\/\/Regalino-Shop.de\/?product=guerteltasche-harry-leo-naturweiss-kompakte-bauchtasche-aus-bio-baumwolle-regalino#primaryimage","url":"https:\/\/Regalino-Shop.de\/wp-content\/uploads\/2026\/03\/banane-harry-leopard-ecru-hindbag_900x.webp","contentUrl":"https:\/\/Regalino-Shop.de\/wp-content\/uploads\/2026\/03\/banane-harry-leopard-ecru-hindbag_900x.webp","width":900,"height":1349,"caption":"G\u00fcrteltasche Harry Leo Naturwei\u00df Leopardenmuster Bio Baumwolle Hindbag"},{"@type":"BreadcrumbList","@id":"https:\/\/Regalino-Shop.de\/?product=guerteltasche-harry-leo-naturweiss-kompakte-bauchtasche-aus-bio-baumwolle-regalino#breadcrumb","itemListElement":[{"@type":"ListItem","position":1,"name":"Startseite","item":"https:\/\/Regalino-Shop.de\/"},{"@type":"ListItem","position":2,"name":"Shop","item":"https:\/\/Regalino-Shop.de\/?page_id=40"},{"@type":"ListItem","position":3,"name":"G\u00fcrteltasche Harry Leo Naturwei\u00df \u2013 Bauchtasche aus Bio-Baumwolle"}]},{"@type":"WebSite","@id":"https:\/\/Regalino-Shop.de\/#website","url":"https:\/\/Regalino-Shop.de\/","name":"Regalino -Lively Style","description":"gelebtes Zuhause","potentialAction":[{"@type":"SearchAction","target":{"@type":"EntryPoint","urlTemplate":"https:\/\/Regalino-Shop.de\/?s={search_term_string}"},"query-input":{"@type":"PropertyValueSpecification","valueRequired":true,"valueName":"search_term_string"}}],"inLanguage":"de"}]}},"_links":{"self":[{"href":"https:\/\/Regalino-Shop.de\/index.php?rest_route=\/wp\/v2\/product\/18353","targetHints":{"allow":["GET"]}}],"collection":[{"href":"https:\/\/Regalino-Shop.de\/index.php?rest_route=\/wp\/v2\/product"}],"about":[{"href":"https:\/\/Regalino-Shop.de\/index.php?rest_route=\/wp\/v2\/types\/product"}],"wp:featuredmedia":[{"embeddable":true,"href":"https:\/\/Regalino-Shop.de\/index.php?rest_route=\/wp\/v2\/media\/18357"}],"wp:attachment":[{"href":"https:\/\/Regalino-Shop.de\/index.php?rest_route=%2Fwp%2Fv2%2Fmedia&parent=18353"}],"wp:term":[{"taxonomy":"product_brand","embeddable":true,"href":"https:\/\/Regalino-Shop.de\/index.php?rest_route=%2Fwp%2Fv2%2Fproduct_brand&post=18353"},{"taxonomy":"product_cat","embeddable":true,"href":"https:\/\/Regalino-Shop.de\/index.php?rest_route=%2Fwp%2Fv2%2Fproduct_cat&post=18353"},{"taxonomy":"product_tag","embeddable":true,"href":"https:\/\/Regalino-Shop.de\/index.php?rest_route=%2Fwp%2Fv2%2Fproduct_tag&post=18353"}],"curies":[{"name":"wp","href":"https:\/\/api.w.org\/{rel}","templated":true}]}}