{"id":18553,"date":"2026-03-24T09:54:44","date_gmt":"2026-03-24T09:54:44","guid":{"rendered":"https:\/\/Regalino-Shop.de\/?post_type=product&#038;p=18553"},"modified":"2026-05-05T14:21:12","modified_gmt":"2026-05-05T14:21:12","slug":"kissenhuelle-sardine-45x45-baumwolle-beige-oeko-tex","status":"publish","type":"product","link":"https:\/\/Regalino-Shop.de\/?product=kissenhuelle-sardine-45x45-baumwolle-beige-oeko-tex","title":{"rendered":"Kissenh\u00fclle *Sardine* beige 45x45cm"},"content":{"rendered":"","protected":false},"excerpt":{"rendered":"<h3 data-start=\"0\" data-end=\"452\">Kissenh\u00fclle \u201eSardine\u201c<\/h3>\n<p data-start=\"0\" data-end=\"452\">aus <strong data-start=\"49\" data-end=\"68\">100 % Baumwolle<\/strong> bringt einen charmanten, maritimen Akzent in dein Zuhause. Das besondere Sardinen-Motiv sorgt f\u00fcr einen kleinen Blickfang und passt wunderbar zu einem nordisch inspirierten Wohnstil mit nat\u00fcrlicher Leichtigkeit. Der warme Beigeton wirkt ruhig und zeitlos, w\u00e4hrend das Motiv eine spielerische, mediterrane Note einbringt \u2013 typisch <strong data-start=\"399\" data-end=\"451\">regalino: nordische Ruhe mit einem Augenzwinkern<\/strong>.<\/p>\n<p data-start=\"454\" data-end=\"751\">Der hochwertige Baumwollstoff f\u00fchlt sich angenehm an und sorgt f\u00fcr eine langlebige Qualit\u00e4t auf Sofa, Sessel oder Bett. Dank der <strong data-start=\"625\" data-end=\"666\">OEKO-TEX\u00ae STANDARD 100 Zertifizierung<\/strong> steht die Kissenh\u00fclle zudem f\u00fcr gepr\u00fcfte Materialien und ein gutes Gef\u00fchl im Alltag.<\/p>\n<hr data-start=\"753\" data-end=\"756\" \/>\n<p data-start=\"758\" data-end=\"769\"><strong data-start=\"758\" data-end=\"769\">Details<\/strong><\/p>\n<ul data-start=\"771\" data-end=\"1018\">\n<li data-section-id=\"1pt9ipg\" data-start=\"771\" data-end=\"800\">Kissenh\u00fclle <strong data-start=\"785\" data-end=\"798\">\u201eSardine\u201c<\/strong><\/li>\n<li data-section-id=\"kzbkp8\" data-start=\"801\" data-end=\"821\">Farbe: <strong data-start=\"810\" data-end=\"819\">Beige<\/strong><\/li>\n<li data-section-id=\"1bxzfst\" data-start=\"822\" data-end=\"844\">Motiv: <strong data-start=\"831\" data-end=\"842\">Sardine<\/strong><\/li>\n<li data-section-id=\"q3q1ch\" data-start=\"845\" data-end=\"882\">Obermaterial: <strong data-start=\"861\" data-end=\"880\">100 % Baumwolle<\/strong><\/li>\n<li data-section-id=\"1ftq0nd\" data-start=\"883\" data-end=\"926\"><strong data-start=\"885\" data-end=\"924\">OEKO-TEX\u00ae STANDARD 100 zertifiziert<\/strong><\/li>\n<li data-section-id=\"1msfo6z\" data-start=\"927\" data-end=\"959\">Fl\u00e4chengewicht: <strong data-start=\"945\" data-end=\"957\">322 g\/m\u00b2<\/strong><\/li>\n<li data-section-id=\"16c6pwd\" data-start=\"960\" data-end=\"984\">Ma\u00dfe: <strong data-start=\"968\" data-end=\"982\">45 \u00d7 45 cm<\/strong><\/li>\n<\/ul>\n<hr data-start=\"1020\" data-end=\"1023\" \/>\n<p data-start=\"1025\" data-end=\"1035\"><strong data-start=\"1025\" data-end=\"1035\">Pflege<\/strong><\/p>\n<p data-start=\"1037\" data-end=\"1131\">Schonende W\u00e4sche bis zu 40\u00b0C<\/p>\n<hr data-start=\"1133\" data-end=\"1136\" \/>\n<p data-start=\"1138\" data-end=\"1166\"><strong data-start=\"1138\" data-end=\"1166\">\ud83e\udd0d Regalino Styling-Tipp<\/strong><\/p>\n<p data-start=\"1168\" data-end=\"1376\">Besonders sch\u00f6n auf einer Holzbank, einem Leinen-Sofa oder kombiniert mit Keramik, Naturt\u00f6nen und maritimen Details. Zusammen mit anderen neutralen Kissen entsteht ein entspannter, nordisch-k\u00fcstenwarmer Look.<\/p>\n<p>Lieferumfang: 1 Kissenh\u00fclle<\/p>\n<p>&nbsp;<\/p>\n<p>&nbsp;<\/p>\n<p>&nbsp;<\/p>\n","protected":false},"featured_media":18554,"template":"","meta":{"_et_pb_use_builder":"","_et_pb_old_content":"","_et_gb_content_width":""},"product_brand":[2469],"product_cat":[57,68],"product_tag":[2902,2901,2904,2900,2907,2903,2906,2908,2905],"class_list":{"0":"post-18553","1":"product","2":"type-product","3":"status-publish","4":"has-post-thumbnail","6":"product_brand-pad-concept","7":"product_cat-neu-eingetroffen-neue-lieblingsstuecke-bei-regalino","8":"product_cat-wohntextilien-fuer-ein-stilvolles-zuhause-regalino","9":"product_tag-dekokissen-sardine","10":"product_tag-kissenhuelle-45x45-baumwolle","11":"product_tag-kissenhuelle-beige-sofa","12":"product_tag-kissenhuelle-sardine","13":"product_tag-kuestenstil-wohnaccessoire","14":"product_tag-maritimes-dekokissen","15":"product_tag-nordisches-dekokissen","16":"product_tag-regalino-kissen","17":"product_tag-sardine-kissen","19":"first","20":"instock","21":"taxable","22":"shipping-taxable","23":"purchasable","24":"product-type-simple"},"yoast_head":"<!-- This site is optimized with the Yoast SEO plugin v27.5 - https:\/\/yoast.com\/product\/yoast-seo-wordpress\/ -->\n<title>Kissenh\u00fclle *Sardine* beige 45x45cm - Regalino -Lively Style<\/title>\n<meta name=\"description\" content=\"Kissenh\u00fclle Sardine 45x45 aus Baumwolle in Beige. OEKO-TEX\u00ae zertifiziert, hochwertiger Stoff (322 g\/m\u00b2) und maritimes Design f\u00fcr Sofa oder Bett.\" \/>\n<meta name=\"robots\" content=\"index, follow, max-snippet:-1, max-image-preview:large, max-video-preview:-1\" \/>\n<link rel=\"canonical\" href=\"https:\/\/Regalino-Shop.de\/?product=kissenhuelle-sardine-45x45-baumwolle-beige-oeko-tex\" \/>\n<meta property=\"og:locale\" content=\"de_DE\" \/>\n<meta property=\"og:type\" content=\"article\" \/>\n<meta property=\"og:title\" content=\"Kissenh\u00fclle *Sardine* beige 45x45cm - Regalino -Lively Style\" \/>\n<meta property=\"og:description\" content=\"Kissenh\u00fclle Sardine 45x45 aus Baumwolle in Beige. OEKO-TEX\u00ae zertifiziert, hochwertiger Stoff (322 g\/m\u00b2) und maritimes Design f\u00fcr Sofa oder Bett.\" \/>\n<meta property=\"og:url\" content=\"https:\/\/Regalino-Shop.de\/?product=kissenhuelle-sardine-45x45-baumwolle-beige-oeko-tex\" \/>\n<meta property=\"og:site_name\" content=\"Regalino -Lively Style\" \/>\n<meta property=\"article:modified_time\" content=\"2026-05-05T14:21:12+00:00\" \/>\n<meta property=\"og:image\" content=\"https:\/\/Regalino-Shop.de\/wp-content\/uploads\/2026\/03\/sardinen_beige_45-x-45_Kissenhuelle_pad-concept_vorderseite.jpg\" \/>\n\t<meta property=\"og:image:width\" content=\"1000\" \/>\n\t<meta property=\"og:image:height\" content=\"1000\" \/>\n\t<meta property=\"og:image:type\" content=\"image\/jpeg\" \/>\n<meta name=\"twitter:card\" content=\"summary_large_image\" \/>\n<meta name=\"twitter:label1\" content=\"Gesch\u00e4tzte Lesezeit\" \/>\n\t<meta name=\"twitter:data1\" content=\"1\u00a0Minute\" \/>\n<script type=\"application\/ld+json\" class=\"yoast-schema-graph\">{\"@context\":\"https:\\\/\\\/schema.org\",\"@graph\":[{\"@type\":\"WebPage\",\"@id\":\"https:\\\/\\\/Regalino-Shop.de\\\/?product=kissenhuelle-sardine-45x45-baumwolle-beige-oeko-tex\",\"url\":\"https:\\\/\\\/Regalino-Shop.de\\\/?product=kissenhuelle-sardine-45x45-baumwolle-beige-oeko-tex\",\"name\":\"Kissenh\u00fclle *Sardine* beige 45x45cm - Regalino -Lively Style\",\"isPartOf\":{\"@id\":\"https:\\\/\\\/Regalino-Shop.de\\\/#website\"},\"primaryImageOfPage\":{\"@id\":\"https:\\\/\\\/Regalino-Shop.de\\\/?product=kissenhuelle-sardine-45x45-baumwolle-beige-oeko-tex#primaryimage\"},\"image\":{\"@id\":\"https:\\\/\\\/Regalino-Shop.de\\\/?product=kissenhuelle-sardine-45x45-baumwolle-beige-oeko-tex#primaryimage\"},\"thumbnailUrl\":\"https:\\\/\\\/Regalino-Shop.de\\\/wp-content\\\/uploads\\\/2026\\\/03\\\/sardinen_beige_45-x-45_Kissenhuelle_pad-concept_vorderseite.jpg\",\"datePublished\":\"2026-03-24T09:54:44+00:00\",\"dateModified\":\"2026-05-05T14:21:12+00:00\",\"description\":\"Kissenh\u00fclle Sardine 45x45 aus Baumwolle in Beige. OEKO-TEX\u00ae zertifiziert, hochwertiger Stoff (322 g\\\/m\u00b2) und maritimes Design f\u00fcr Sofa oder Bett.\",\"breadcrumb\":{\"@id\":\"https:\\\/\\\/Regalino-Shop.de\\\/?product=kissenhuelle-sardine-45x45-baumwolle-beige-oeko-tex#breadcrumb\"},\"inLanguage\":\"de\",\"potentialAction\":[{\"@type\":\"ReadAction\",\"target\":[\"https:\\\/\\\/Regalino-Shop.de\\\/?product=kissenhuelle-sardine-45x45-baumwolle-beige-oeko-tex\"]}]},{\"@type\":\"ImageObject\",\"inLanguage\":\"de\",\"@id\":\"https:\\\/\\\/Regalino-Shop.de\\\/?product=kissenhuelle-sardine-45x45-baumwolle-beige-oeko-tex#primaryimage\",\"url\":\"https:\\\/\\\/Regalino-Shop.de\\\/wp-content\\\/uploads\\\/2026\\\/03\\\/sardinen_beige_45-x-45_Kissenhuelle_pad-concept_vorderseite.jpg\",\"contentUrl\":\"https:\\\/\\\/Regalino-Shop.de\\\/wp-content\\\/uploads\\\/2026\\\/03\\\/sardinen_beige_45-x-45_Kissenhuelle_pad-concept_vorderseite.jpg\",\"width\":1000,\"height\":1000,\"caption\":\"kissenh\u00fclle sardine beige 45x45 baumwolle dekokissen maritim\"},{\"@type\":\"BreadcrumbList\",\"@id\":\"https:\\\/\\\/Regalino-Shop.de\\\/?product=kissenhuelle-sardine-45x45-baumwolle-beige-oeko-tex#breadcrumb\",\"itemListElement\":[{\"@type\":\"ListItem\",\"position\":1,\"name\":\"Startseite\",\"item\":\"https:\\\/\\\/Regalino-Shop.de\\\/\"},{\"@type\":\"ListItem\",\"position\":2,\"name\":\"Shop\",\"item\":\"https:\\\/\\\/Regalino-Shop.de\\\/?page_id=40\"},{\"@type\":\"ListItem\",\"position\":3,\"name\":\"Kissenh\u00fclle *Sardine* beige 45x45cm\"}]},{\"@type\":\"WebSite\",\"@id\":\"https:\\\/\\\/Regalino-Shop.de\\\/#website\",\"url\":\"https:\\\/\\\/Regalino-Shop.de\\\/\",\"name\":\"Regalino -Lively Style\",\"description\":\"gelebtes Zuhause\",\"potentialAction\":[{\"@type\":\"SearchAction\",\"target\":{\"@type\":\"EntryPoint\",\"urlTemplate\":\"https:\\\/\\\/Regalino-Shop.de\\\/?s={search_term_string}\"},\"query-input\":{\"@type\":\"PropertyValueSpecification\",\"valueRequired\":true,\"valueName\":\"search_term_string\"}}],\"inLanguage\":\"de\"}]}<\/script>\n<!-- \/ Yoast SEO plugin. -->","yoast_head_json":{"title":"Kissenh\u00fclle *Sardine* beige 45x45cm - Regalino -Lively Style","description":"Kissenh\u00fclle Sardine 45x45 aus Baumwolle in Beige. OEKO-TEX\u00ae zertifiziert, hochwertiger Stoff (322 g\/m\u00b2) und maritimes Design f\u00fcr Sofa oder Bett.","robots":{"index":"index","follow":"follow","max-snippet":"max-snippet:-1","max-image-preview":"max-image-preview:large","max-video-preview":"max-video-preview:-1"},"canonical":"https:\/\/Regalino-Shop.de\/?product=kissenhuelle-sardine-45x45-baumwolle-beige-oeko-tex","og_locale":"de_DE","og_type":"article","og_title":"Kissenh\u00fclle *Sardine* beige 45x45cm - Regalino -Lively Style","og_description":"Kissenh\u00fclle Sardine 45x45 aus Baumwolle in Beige. OEKO-TEX\u00ae zertifiziert, hochwertiger Stoff (322 g\/m\u00b2) und maritimes Design f\u00fcr Sofa oder Bett.","og_url":"https:\/\/Regalino-Shop.de\/?product=kissenhuelle-sardine-45x45-baumwolle-beige-oeko-tex","og_site_name":"Regalino -Lively Style","article_modified_time":"2026-05-05T14:21:12+00:00","og_image":[{"width":1000,"height":1000,"url":"https:\/\/Regalino-Shop.de\/wp-content\/uploads\/2026\/03\/sardinen_beige_45-x-45_Kissenhuelle_pad-concept_vorderseite.jpg","type":"image\/jpeg"}],"twitter_card":"summary_large_image","twitter_misc":{"Gesch\u00e4tzte Lesezeit":"1\u00a0Minute"},"schema":{"@context":"https:\/\/schema.org","@graph":[{"@type":"WebPage","@id":"https:\/\/Regalino-Shop.de\/?product=kissenhuelle-sardine-45x45-baumwolle-beige-oeko-tex","url":"https:\/\/Regalino-Shop.de\/?product=kissenhuelle-sardine-45x45-baumwolle-beige-oeko-tex","name":"Kissenh\u00fclle *Sardine* beige 45x45cm - Regalino -Lively Style","isPartOf":{"@id":"https:\/\/Regalino-Shop.de\/#website"},"primaryImageOfPage":{"@id":"https:\/\/Regalino-Shop.de\/?product=kissenhuelle-sardine-45x45-baumwolle-beige-oeko-tex#primaryimage"},"image":{"@id":"https:\/\/Regalino-Shop.de\/?product=kissenhuelle-sardine-45x45-baumwolle-beige-oeko-tex#primaryimage"},"thumbnailUrl":"https:\/\/Regalino-Shop.de\/wp-content\/uploads\/2026\/03\/sardinen_beige_45-x-45_Kissenhuelle_pad-concept_vorderseite.jpg","datePublished":"2026-03-24T09:54:44+00:00","dateModified":"2026-05-05T14:21:12+00:00","description":"Kissenh\u00fclle Sardine 45x45 aus Baumwolle in Beige. OEKO-TEX\u00ae zertifiziert, hochwertiger Stoff (322 g\/m\u00b2) und maritimes Design f\u00fcr Sofa oder Bett.","breadcrumb":{"@id":"https:\/\/Regalino-Shop.de\/?product=kissenhuelle-sardine-45x45-baumwolle-beige-oeko-tex#breadcrumb"},"inLanguage":"de","potentialAction":[{"@type":"ReadAction","target":["https:\/\/Regalino-Shop.de\/?product=kissenhuelle-sardine-45x45-baumwolle-beige-oeko-tex"]}]},{"@type":"ImageObject","inLanguage":"de","@id":"https:\/\/Regalino-Shop.de\/?product=kissenhuelle-sardine-45x45-baumwolle-beige-oeko-tex#primaryimage","url":"https:\/\/Regalino-Shop.de\/wp-content\/uploads\/2026\/03\/sardinen_beige_45-x-45_Kissenhuelle_pad-concept_vorderseite.jpg","contentUrl":"https:\/\/Regalino-Shop.de\/wp-content\/uploads\/2026\/03\/sardinen_beige_45-x-45_Kissenhuelle_pad-concept_vorderseite.jpg","width":1000,"height":1000,"caption":"kissenh\u00fclle sardine beige 45x45 baumwolle dekokissen maritim"},{"@type":"BreadcrumbList","@id":"https:\/\/Regalino-Shop.de\/?product=kissenhuelle-sardine-45x45-baumwolle-beige-oeko-tex#breadcrumb","itemListElement":[{"@type":"ListItem","position":1,"name":"Startseite","item":"https:\/\/Regalino-Shop.de\/"},{"@type":"ListItem","position":2,"name":"Shop","item":"https:\/\/Regalino-Shop.de\/?page_id=40"},{"@type":"ListItem","position":3,"name":"Kissenh\u00fclle *Sardine* beige 45x45cm"}]},{"@type":"WebSite","@id":"https:\/\/Regalino-Shop.de\/#website","url":"https:\/\/Regalino-Shop.de\/","name":"Regalino -Lively Style","description":"gelebtes Zuhause","potentialAction":[{"@type":"SearchAction","target":{"@type":"EntryPoint","urlTemplate":"https:\/\/Regalino-Shop.de\/?s={search_term_string}"},"query-input":{"@type":"PropertyValueSpecification","valueRequired":true,"valueName":"search_term_string"}}],"inLanguage":"de"}]}},"_links":{"self":[{"href":"https:\/\/Regalino-Shop.de\/index.php?rest_route=\/wp\/v2\/product\/18553","targetHints":{"allow":["GET"]}}],"collection":[{"href":"https:\/\/Regalino-Shop.de\/index.php?rest_route=\/wp\/v2\/product"}],"about":[{"href":"https:\/\/Regalino-Shop.de\/index.php?rest_route=\/wp\/v2\/types\/product"}],"wp:featuredmedia":[{"embeddable":true,"href":"https:\/\/Regalino-Shop.de\/index.php?rest_route=\/wp\/v2\/media\/18554"}],"wp:attachment":[{"href":"https:\/\/Regalino-Shop.de\/index.php?rest_route=%2Fwp%2Fv2%2Fmedia&parent=18553"}],"wp:term":[{"taxonomy":"product_brand","embeddable":true,"href":"https:\/\/Regalino-Shop.de\/index.php?rest_route=%2Fwp%2Fv2%2Fproduct_brand&post=18553"},{"taxonomy":"product_cat","embeddable":true,"href":"https:\/\/Regalino-Shop.de\/index.php?rest_route=%2Fwp%2Fv2%2Fproduct_cat&post=18553"},{"taxonomy":"product_tag","embeddable":true,"href":"https:\/\/Regalino-Shop.de\/index.php?rest_route=%2Fwp%2Fv2%2Fproduct_tag&post=18553"}],"curies":[{"name":"wp","href":"https:\/\/api.w.org\/{rel}","templated":true}]}}