{"id":7221,"date":"2021-10-11T19:25:51","date_gmt":"2021-10-11T19:25:51","guid":{"rendered":"https:\/\/Regalino-Shop.de\/?post_type=product&#038;p=7221"},"modified":"2026-03-11T15:53:55","modified_gmt":"2026-03-11T15:53:55","slug":"runde-spuelbuerste-oak-von-humdakin","status":"publish","type":"product","link":"https:\/\/Regalino-Shop.de\/?product=runde-spuelbuerste-oak-von-humdakin","title":{"rendered":"runde Sp\u00fclb\u00fcrste von Humdakin"},"content":{"rendered":"","protected":false},"excerpt":{"rendered":"<p>runde, softe Sp\u00fclb\u00fcrste mit langem Griff<\/p>\n<p>Die perfekte B\u00fcrste mit einer weichen Oberfl\u00e4che aus Pferdehaaren.<\/p>\n<p>Mit warmem Wasser und Sp\u00fclmittel reinigen. Mit den Borsten nach oben trocknen. Behandeln Sie den Holzgriff jedes Mal mit \u00d6l, um ihn zu sch\u00fctzen und sein Aussehen zu bewahren.<\/p>\n<p>Material: Buchenholz und Pferdehaar<\/p>\n","protected":false},"featured_media":7222,"template":"","meta":{"_et_pb_use_builder":"","_et_pb_old_content":"","_et_gb_content_width":""},"product_brand":[],"product_cat":[80,57],"product_tag":[876,363,877],"class_list":{"0":"post-7221","1":"product","2":"type-product","3":"status-publish","4":"has-post-thumbnail","6":"product_cat-kueche-servieren-im-scandi-breton-stil-regalino","7":"product_cat-neu-eingetroffen-neue-lieblingsstuecke-bei-regalino","8":"product_tag-humdakin","9":"product_tag-nachhaltig","10":"product_tag-spuelbuerste","12":"first","13":"instock","14":"taxable","15":"shipping-taxable","16":"purchasable","17":"product-type-simple"},"yoast_head":"<!-- This site is optimized with the Yoast SEO plugin v27.5 - https:\/\/yoast.com\/product\/yoast-seo-wordpress\/ -->\n<title>runde Sp\u00fclb\u00fcrste von Humdakin - Regalino -Lively Style<\/title>\n<meta name=\"robots\" content=\"index, follow, max-snippet:-1, max-image-preview:large, max-video-preview:-1\" \/>\n<link rel=\"canonical\" href=\"https:\/\/Regalino-Shop.de\/?product=runde-spuelbuerste-oak-von-humdakin\" \/>\n<meta property=\"og:locale\" content=\"de_DE\" \/>\n<meta property=\"og:type\" content=\"article\" \/>\n<meta property=\"og:title\" content=\"runde Sp\u00fclb\u00fcrste von Humdakin - Regalino -Lively Style\" \/>\n<meta property=\"og:description\" content=\"runde, softe Sp\u00fclb\u00fcrste mit langem Griff  Die perfekte B\u00fcrste mit einer weichen Oberfl\u00e4che aus Pferdehaaren.  Mit warmem Wasser und Sp\u00fclmittel reinigen. Mit den Borsten nach oben trocknen. Behandeln Sie den Holzgriff jedes Mal mit \u00d6l, um ihn zu sch\u00fctzen und sein Aussehen zu bewahren.  Material: Buchenholz und Pferdehaar\" \/>\n<meta property=\"og:url\" content=\"https:\/\/Regalino-Shop.de\/?product=runde-spuelbuerste-oak-von-humdakin\" \/>\n<meta property=\"og:site_name\" content=\"Regalino -Lively Style\" \/>\n<meta property=\"article:modified_time\" content=\"2026-03-11T15:53:55+00:00\" \/>\n<meta property=\"og:image\" content=\"https:\/\/Regalino-Shop.de\/wp-content\/uploads\/2021\/10\/1024x1024-af003e067ab6841ee4c12fc8bb49ad0f.jpg\" \/>\n\t<meta property=\"og:image:width\" content=\"1024\" \/>\n\t<meta property=\"og:image:height\" content=\"1024\" \/>\n\t<meta property=\"og:image:type\" content=\"image\/jpeg\" \/>\n<meta name=\"twitter:card\" content=\"summary_large_image\" \/>\n<script type=\"application\/ld+json\" class=\"yoast-schema-graph\">{\"@context\":\"https:\\\/\\\/schema.org\",\"@graph\":[{\"@type\":\"WebPage\",\"@id\":\"https:\\\/\\\/Regalino-Shop.de\\\/?product=runde-spuelbuerste-oak-von-humdakin\",\"url\":\"https:\\\/\\\/Regalino-Shop.de\\\/?product=runde-spuelbuerste-oak-von-humdakin\",\"name\":\"runde Sp\u00fclb\u00fcrste von Humdakin - Regalino -Lively Style\",\"isPartOf\":{\"@id\":\"https:\\\/\\\/Regalino-Shop.de\\\/#website\"},\"primaryImageOfPage\":{\"@id\":\"https:\\\/\\\/Regalino-Shop.de\\\/?product=runde-spuelbuerste-oak-von-humdakin#primaryimage\"},\"image\":{\"@id\":\"https:\\\/\\\/Regalino-Shop.de\\\/?product=runde-spuelbuerste-oak-von-humdakin#primaryimage\"},\"thumbnailUrl\":\"https:\\\/\\\/Regalino-Shop.de\\\/wp-content\\\/uploads\\\/2021\\\/10\\\/1024x1024-af003e067ab6841ee4c12fc8bb49ad0f.jpg\",\"datePublished\":\"2021-10-11T19:25:51+00:00\",\"dateModified\":\"2026-03-11T15:53:55+00:00\",\"breadcrumb\":{\"@id\":\"https:\\\/\\\/Regalino-Shop.de\\\/?product=runde-spuelbuerste-oak-von-humdakin#breadcrumb\"},\"inLanguage\":\"de\",\"potentialAction\":[{\"@type\":\"ReadAction\",\"target\":[\"https:\\\/\\\/Regalino-Shop.de\\\/?product=runde-spuelbuerste-oak-von-humdakin\"]}]},{\"@type\":\"ImageObject\",\"inLanguage\":\"de\",\"@id\":\"https:\\\/\\\/Regalino-Shop.de\\\/?product=runde-spuelbuerste-oak-von-humdakin#primaryimage\",\"url\":\"https:\\\/\\\/Regalino-Shop.de\\\/wp-content\\\/uploads\\\/2021\\\/10\\\/1024x1024-af003e067ab6841ee4c12fc8bb49ad0f.jpg\",\"contentUrl\":\"https:\\\/\\\/Regalino-Shop.de\\\/wp-content\\\/uploads\\\/2021\\\/10\\\/1024x1024-af003e067ab6841ee4c12fc8bb49ad0f.jpg\",\"width\":1024,\"height\":1024},{\"@type\":\"BreadcrumbList\",\"@id\":\"https:\\\/\\\/Regalino-Shop.de\\\/?product=runde-spuelbuerste-oak-von-humdakin#breadcrumb\",\"itemListElement\":[{\"@type\":\"ListItem\",\"position\":1,\"name\":\"Startseite\",\"item\":\"https:\\\/\\\/Regalino-Shop.de\\\/\"},{\"@type\":\"ListItem\",\"position\":2,\"name\":\"Shop\",\"item\":\"https:\\\/\\\/Regalino-Shop.de\\\/?page_id=40\"},{\"@type\":\"ListItem\",\"position\":3,\"name\":\"runde Sp\u00fclb\u00fcrste von Humdakin\"}]},{\"@type\":\"WebSite\",\"@id\":\"https:\\\/\\\/Regalino-Shop.de\\\/#website\",\"url\":\"https:\\\/\\\/Regalino-Shop.de\\\/\",\"name\":\"Regalino -Lively Style\",\"description\":\"gelebtes Zuhause\",\"potentialAction\":[{\"@type\":\"SearchAction\",\"target\":{\"@type\":\"EntryPoint\",\"urlTemplate\":\"https:\\\/\\\/Regalino-Shop.de\\\/?s={search_term_string}\"},\"query-input\":{\"@type\":\"PropertyValueSpecification\",\"valueRequired\":true,\"valueName\":\"search_term_string\"}}],\"inLanguage\":\"de\"}]}<\/script>\n<!-- \/ Yoast SEO plugin. -->","yoast_head_json":{"title":"runde Sp\u00fclb\u00fcrste von Humdakin - Regalino -Lively Style","robots":{"index":"index","follow":"follow","max-snippet":"max-snippet:-1","max-image-preview":"max-image-preview:large","max-video-preview":"max-video-preview:-1"},"canonical":"https:\/\/Regalino-Shop.de\/?product=runde-spuelbuerste-oak-von-humdakin","og_locale":"de_DE","og_type":"article","og_title":"runde Sp\u00fclb\u00fcrste von Humdakin - Regalino -Lively Style","og_description":"runde, softe Sp\u00fclb\u00fcrste mit langem Griff  Die perfekte B\u00fcrste mit einer weichen Oberfl\u00e4che aus Pferdehaaren.  Mit warmem Wasser und Sp\u00fclmittel reinigen. Mit den Borsten nach oben trocknen. Behandeln Sie den Holzgriff jedes Mal mit \u00d6l, um ihn zu sch\u00fctzen und sein Aussehen zu bewahren.  Material: Buchenholz und Pferdehaar","og_url":"https:\/\/Regalino-Shop.de\/?product=runde-spuelbuerste-oak-von-humdakin","og_site_name":"Regalino -Lively Style","article_modified_time":"2026-03-11T15:53:55+00:00","og_image":[{"width":1024,"height":1024,"url":"https:\/\/Regalino-Shop.de\/wp-content\/uploads\/2021\/10\/1024x1024-af003e067ab6841ee4c12fc8bb49ad0f.jpg","type":"image\/jpeg"}],"twitter_card":"summary_large_image","schema":{"@context":"https:\/\/schema.org","@graph":[{"@type":"WebPage","@id":"https:\/\/Regalino-Shop.de\/?product=runde-spuelbuerste-oak-von-humdakin","url":"https:\/\/Regalino-Shop.de\/?product=runde-spuelbuerste-oak-von-humdakin","name":"runde Sp\u00fclb\u00fcrste von Humdakin - Regalino -Lively Style","isPartOf":{"@id":"https:\/\/Regalino-Shop.de\/#website"},"primaryImageOfPage":{"@id":"https:\/\/Regalino-Shop.de\/?product=runde-spuelbuerste-oak-von-humdakin#primaryimage"},"image":{"@id":"https:\/\/Regalino-Shop.de\/?product=runde-spuelbuerste-oak-von-humdakin#primaryimage"},"thumbnailUrl":"https:\/\/Regalino-Shop.de\/wp-content\/uploads\/2021\/10\/1024x1024-af003e067ab6841ee4c12fc8bb49ad0f.jpg","datePublished":"2021-10-11T19:25:51+00:00","dateModified":"2026-03-11T15:53:55+00:00","breadcrumb":{"@id":"https:\/\/Regalino-Shop.de\/?product=runde-spuelbuerste-oak-von-humdakin#breadcrumb"},"inLanguage":"de","potentialAction":[{"@type":"ReadAction","target":["https:\/\/Regalino-Shop.de\/?product=runde-spuelbuerste-oak-von-humdakin"]}]},{"@type":"ImageObject","inLanguage":"de","@id":"https:\/\/Regalino-Shop.de\/?product=runde-spuelbuerste-oak-von-humdakin#primaryimage","url":"https:\/\/Regalino-Shop.de\/wp-content\/uploads\/2021\/10\/1024x1024-af003e067ab6841ee4c12fc8bb49ad0f.jpg","contentUrl":"https:\/\/Regalino-Shop.de\/wp-content\/uploads\/2021\/10\/1024x1024-af003e067ab6841ee4c12fc8bb49ad0f.jpg","width":1024,"height":1024},{"@type":"BreadcrumbList","@id":"https:\/\/Regalino-Shop.de\/?product=runde-spuelbuerste-oak-von-humdakin#breadcrumb","itemListElement":[{"@type":"ListItem","position":1,"name":"Startseite","item":"https:\/\/Regalino-Shop.de\/"},{"@type":"ListItem","position":2,"name":"Shop","item":"https:\/\/Regalino-Shop.de\/?page_id=40"},{"@type":"ListItem","position":3,"name":"runde Sp\u00fclb\u00fcrste von Humdakin"}]},{"@type":"WebSite","@id":"https:\/\/Regalino-Shop.de\/#website","url":"https:\/\/Regalino-Shop.de\/","name":"Regalino -Lively Style","description":"gelebtes Zuhause","potentialAction":[{"@type":"SearchAction","target":{"@type":"EntryPoint","urlTemplate":"https:\/\/Regalino-Shop.de\/?s={search_term_string}"},"query-input":{"@type":"PropertyValueSpecification","valueRequired":true,"valueName":"search_term_string"}}],"inLanguage":"de"}]}},"_links":{"self":[{"href":"https:\/\/Regalino-Shop.de\/index.php?rest_route=\/wp\/v2\/product\/7221","targetHints":{"allow":["GET"]}}],"collection":[{"href":"https:\/\/Regalino-Shop.de\/index.php?rest_route=\/wp\/v2\/product"}],"about":[{"href":"https:\/\/Regalino-Shop.de\/index.php?rest_route=\/wp\/v2\/types\/product"}],"wp:featuredmedia":[{"embeddable":true,"href":"https:\/\/Regalino-Shop.de\/index.php?rest_route=\/wp\/v2\/media\/7222"}],"wp:attachment":[{"href":"https:\/\/Regalino-Shop.de\/index.php?rest_route=%2Fwp%2Fv2%2Fmedia&parent=7221"}],"wp:term":[{"taxonomy":"product_brand","embeddable":true,"href":"https:\/\/Regalino-Shop.de\/index.php?rest_route=%2Fwp%2Fv2%2Fproduct_brand&post=7221"},{"taxonomy":"product_cat","embeddable":true,"href":"https:\/\/Regalino-Shop.de\/index.php?rest_route=%2Fwp%2Fv2%2Fproduct_cat&post=7221"},{"taxonomy":"product_tag","embeddable":true,"href":"https:\/\/Regalino-Shop.de\/index.php?rest_route=%2Fwp%2Fv2%2Fproduct_tag&post=7221"}],"curies":[{"name":"wp","href":"https:\/\/api.w.org\/{rel}","templated":true}]}}