{"id":7872,"date":"2022-02-14T08:57:13","date_gmt":"2022-02-14T08:57:13","guid":{"rendered":"https:\/\/Regalino-Shop.de\/?post_type=product&#038;p=7872"},"modified":"2025-02-01T10:57:14","modified_gmt":"2025-02-01T10:57:14","slug":"eierbecher-hase-von-eulenschnitt","status":"publish","type":"product","link":"https:\/\/Regalino-Shop.de\/?product=eierbecher-hase-von-eulenschnitt","title":{"rendered":"Eierbecher *Hase* von Eulenschnitt"},"content":{"rendered":"","protected":false},"excerpt":{"rendered":"<p>nicht nur f\u00fcr die Ostertafel&#8230;s\u00fcsser Eierbecher in Hasenkopf Form aus Massivholz<\/p>\n<p>Buchenholz 2 cm dick<\/p>\n<p>mittige Aussparung f\u00fcr das Ei<\/p>\n<p>Bitte reib unser Eierbecher vor dem ersten Gebrauch von allen Seiten mit Sonnenblumen\u00f6l ein. Diese Behandlung muss in regelm\u00e4\u00dfigen Abst\u00e4nden wiederholt werden.<br \/>\nDie Geschirrsp\u00fclmaschine bitte unbedingt meiden.<\/p>\n<p>Lieferung ohne Deko<br \/>\nDie Eierbecher bitte mit lauwarmen, flie\u00dfenden Wasser abwaschen und unmittelbar danach gr\u00fcndlich mit einem trockenen Tuch abtrocknen.<br \/>\nDirekte Sonnen- und Hitzeeinstrahlung bitte vermeiden.<\/p>\n","protected":false},"featured_media":7873,"template":"","meta":{"_et_pb_use_builder":"","_et_pb_old_content":"","_et_gb_content_width":""},"product_brand":[],"product_cat":[76,845,57,1608],"product_tag":[990,210,361,354,685],"class_list":{"0":"post-7872","1":"product","2":"type-product","3":"status-publish","4":"has-post-thumbnail","6":"product_cat-geschirr-fuer-stilvolle-genussmomente-regalino","7":"product_cat-kindergeschirr-mit-nordischem-charme-regalino","8":"product_cat-neu-eingetroffen-neue-lieblingsstuecke-bei-regalino","9":"product_cat-ostern-osterdeko-geschenkideen-regalino","10":"product_tag-eierbecher","11":"product_tag-eulenschnitt","12":"product_tag-fruehstueck","13":"product_tag-geschenkidee","14":"product_tag-oster","16":"first","17":"instock","18":"taxable","19":"shipping-taxable","20":"purchasable","21":"product-type-simple"},"yoast_head":"<!-- This site is optimized with the Yoast SEO plugin v27.5 - https:\/\/yoast.com\/product\/yoast-seo-wordpress\/ -->\n<title>Eierbecher *Hase* von Eulenschnitt - Regalino -Lively Style<\/title>\n<meta name=\"robots\" content=\"index, follow, max-snippet:-1, max-image-preview:large, max-video-preview:-1\" \/>\n<link rel=\"canonical\" href=\"https:\/\/Regalino-Shop.de\/?product=eierbecher-hase-von-eulenschnitt\" \/>\n<meta property=\"og:locale\" content=\"de_DE\" \/>\n<meta property=\"og:type\" content=\"article\" \/>\n<meta property=\"og:title\" content=\"Eierbecher *Hase* von Eulenschnitt - Regalino -Lively Style\" \/>\n<meta property=\"og:description\" content=\"nicht nur f\u00fcr die Ostertafel...s\u00fcsser Eierbecher in Hasenkopf Form aus Massivholz  Buchenholz 2 cm dick  mittige Aussparung f\u00fcr das Ei  Bitte reib unser Eierbecher vor dem ersten Gebrauch von allen Seiten mit Sonnenblumen\u00f6l ein. Diese Behandlung muss in regelm\u00e4\u00dfigen Abst\u00e4nden wiederholt werden. Die Geschirrsp\u00fclmaschine bitte unbedingt meiden.  Lieferung ohne Deko Die Eierbecher bitte mit lauwarmen, flie\u00dfenden Wasser abwaschen und unmittelbar danach gr\u00fcndlich mit einem trockenen Tuch abtrocknen. Direkte Sonnen- und Hitzeeinstrahlung bitte vermeiden.\" \/>\n<meta property=\"og:url\" content=\"https:\/\/Regalino-Shop.de\/?product=eierbecher-hase-von-eulenschnitt\" \/>\n<meta property=\"og:site_name\" content=\"Regalino -Lively Style\" \/>\n<meta property=\"article:modified_time\" content=\"2025-02-01T10:57:14+00:00\" \/>\n<meta property=\"og:image\" content=\"https:\/\/Regalino-Shop.de\/wp-content\/uploads\/2022\/02\/eierbecher-hase.jpg\" \/>\n\t<meta property=\"og:image:width\" content=\"317\" \/>\n\t<meta property=\"og:image:height\" content=\"290\" \/>\n\t<meta property=\"og:image:type\" content=\"image\/jpeg\" \/>\n<meta name=\"twitter:card\" content=\"summary_large_image\" \/>\n<script type=\"application\/ld+json\" class=\"yoast-schema-graph\">{\"@context\":\"https:\\\/\\\/schema.org\",\"@graph\":[{\"@type\":\"WebPage\",\"@id\":\"https:\\\/\\\/Regalino-Shop.de\\\/?product=eierbecher-hase-von-eulenschnitt\",\"url\":\"https:\\\/\\\/Regalino-Shop.de\\\/?product=eierbecher-hase-von-eulenschnitt\",\"name\":\"Eierbecher *Hase* von Eulenschnitt - Regalino -Lively Style\",\"isPartOf\":{\"@id\":\"https:\\\/\\\/Regalino-Shop.de\\\/#website\"},\"primaryImageOfPage\":{\"@id\":\"https:\\\/\\\/Regalino-Shop.de\\\/?product=eierbecher-hase-von-eulenschnitt#primaryimage\"},\"image\":{\"@id\":\"https:\\\/\\\/Regalino-Shop.de\\\/?product=eierbecher-hase-von-eulenschnitt#primaryimage\"},\"thumbnailUrl\":\"https:\\\/\\\/Regalino-Shop.de\\\/wp-content\\\/uploads\\\/2022\\\/02\\\/eierbecher-hase.jpg\",\"datePublished\":\"2022-02-14T08:57:13+00:00\",\"dateModified\":\"2025-02-01T10:57:14+00:00\",\"breadcrumb\":{\"@id\":\"https:\\\/\\\/Regalino-Shop.de\\\/?product=eierbecher-hase-von-eulenschnitt#breadcrumb\"},\"inLanguage\":\"de\",\"potentialAction\":[{\"@type\":\"ReadAction\",\"target\":[\"https:\\\/\\\/Regalino-Shop.de\\\/?product=eierbecher-hase-von-eulenschnitt\"]}]},{\"@type\":\"ImageObject\",\"inLanguage\":\"de\",\"@id\":\"https:\\\/\\\/Regalino-Shop.de\\\/?product=eierbecher-hase-von-eulenschnitt#primaryimage\",\"url\":\"https:\\\/\\\/Regalino-Shop.de\\\/wp-content\\\/uploads\\\/2022\\\/02\\\/eierbecher-hase.jpg\",\"contentUrl\":\"https:\\\/\\\/Regalino-Shop.de\\\/wp-content\\\/uploads\\\/2022\\\/02\\\/eierbecher-hase.jpg\",\"width\":317,\"height\":290},{\"@type\":\"BreadcrumbList\",\"@id\":\"https:\\\/\\\/Regalino-Shop.de\\\/?product=eierbecher-hase-von-eulenschnitt#breadcrumb\",\"itemListElement\":[{\"@type\":\"ListItem\",\"position\":1,\"name\":\"Startseite\",\"item\":\"https:\\\/\\\/Regalino-Shop.de\\\/\"},{\"@type\":\"ListItem\",\"position\":2,\"name\":\"Shop\",\"item\":\"https:\\\/\\\/Regalino-Shop.de\\\/?page_id=40\"},{\"@type\":\"ListItem\",\"position\":3,\"name\":\"Eierbecher *Hase* von Eulenschnitt\"}]},{\"@type\":\"WebSite\",\"@id\":\"https:\\\/\\\/Regalino-Shop.de\\\/#website\",\"url\":\"https:\\\/\\\/Regalino-Shop.de\\\/\",\"name\":\"Regalino -Lively Style\",\"description\":\"gelebtes Zuhause\",\"potentialAction\":[{\"@type\":\"SearchAction\",\"target\":{\"@type\":\"EntryPoint\",\"urlTemplate\":\"https:\\\/\\\/Regalino-Shop.de\\\/?s={search_term_string}\"},\"query-input\":{\"@type\":\"PropertyValueSpecification\",\"valueRequired\":true,\"valueName\":\"search_term_string\"}}],\"inLanguage\":\"de\"}]}<\/script>\n<!-- \/ Yoast SEO plugin. -->","yoast_head_json":{"title":"Eierbecher *Hase* von Eulenschnitt - Regalino -Lively Style","robots":{"index":"index","follow":"follow","max-snippet":"max-snippet:-1","max-image-preview":"max-image-preview:large","max-video-preview":"max-video-preview:-1"},"canonical":"https:\/\/Regalino-Shop.de\/?product=eierbecher-hase-von-eulenschnitt","og_locale":"de_DE","og_type":"article","og_title":"Eierbecher *Hase* von Eulenschnitt - Regalino -Lively Style","og_description":"nicht nur f\u00fcr die Ostertafel...s\u00fcsser Eierbecher in Hasenkopf Form aus Massivholz  Buchenholz 2 cm dick  mittige Aussparung f\u00fcr das Ei  Bitte reib unser Eierbecher vor dem ersten Gebrauch von allen Seiten mit Sonnenblumen\u00f6l ein. Diese Behandlung muss in regelm\u00e4\u00dfigen Abst\u00e4nden wiederholt werden. Die Geschirrsp\u00fclmaschine bitte unbedingt meiden.  Lieferung ohne Deko Die Eierbecher bitte mit lauwarmen, flie\u00dfenden Wasser abwaschen und unmittelbar danach gr\u00fcndlich mit einem trockenen Tuch abtrocknen. Direkte Sonnen- und Hitzeeinstrahlung bitte vermeiden.","og_url":"https:\/\/Regalino-Shop.de\/?product=eierbecher-hase-von-eulenschnitt","og_site_name":"Regalino -Lively Style","article_modified_time":"2025-02-01T10:57:14+00:00","og_image":[{"width":317,"height":290,"url":"https:\/\/Regalino-Shop.de\/wp-content\/uploads\/2022\/02\/eierbecher-hase.jpg","type":"image\/jpeg"}],"twitter_card":"summary_large_image","schema":{"@context":"https:\/\/schema.org","@graph":[{"@type":"WebPage","@id":"https:\/\/Regalino-Shop.de\/?product=eierbecher-hase-von-eulenschnitt","url":"https:\/\/Regalino-Shop.de\/?product=eierbecher-hase-von-eulenschnitt","name":"Eierbecher *Hase* von Eulenschnitt - Regalino -Lively Style","isPartOf":{"@id":"https:\/\/Regalino-Shop.de\/#website"},"primaryImageOfPage":{"@id":"https:\/\/Regalino-Shop.de\/?product=eierbecher-hase-von-eulenschnitt#primaryimage"},"image":{"@id":"https:\/\/Regalino-Shop.de\/?product=eierbecher-hase-von-eulenschnitt#primaryimage"},"thumbnailUrl":"https:\/\/Regalino-Shop.de\/wp-content\/uploads\/2022\/02\/eierbecher-hase.jpg","datePublished":"2022-02-14T08:57:13+00:00","dateModified":"2025-02-01T10:57:14+00:00","breadcrumb":{"@id":"https:\/\/Regalino-Shop.de\/?product=eierbecher-hase-von-eulenschnitt#breadcrumb"},"inLanguage":"de","potentialAction":[{"@type":"ReadAction","target":["https:\/\/Regalino-Shop.de\/?product=eierbecher-hase-von-eulenschnitt"]}]},{"@type":"ImageObject","inLanguage":"de","@id":"https:\/\/Regalino-Shop.de\/?product=eierbecher-hase-von-eulenschnitt#primaryimage","url":"https:\/\/Regalino-Shop.de\/wp-content\/uploads\/2022\/02\/eierbecher-hase.jpg","contentUrl":"https:\/\/Regalino-Shop.de\/wp-content\/uploads\/2022\/02\/eierbecher-hase.jpg","width":317,"height":290},{"@type":"BreadcrumbList","@id":"https:\/\/Regalino-Shop.de\/?product=eierbecher-hase-von-eulenschnitt#breadcrumb","itemListElement":[{"@type":"ListItem","position":1,"name":"Startseite","item":"https:\/\/Regalino-Shop.de\/"},{"@type":"ListItem","position":2,"name":"Shop","item":"https:\/\/Regalino-Shop.de\/?page_id=40"},{"@type":"ListItem","position":3,"name":"Eierbecher *Hase* von Eulenschnitt"}]},{"@type":"WebSite","@id":"https:\/\/Regalino-Shop.de\/#website","url":"https:\/\/Regalino-Shop.de\/","name":"Regalino -Lively Style","description":"gelebtes Zuhause","potentialAction":[{"@type":"SearchAction","target":{"@type":"EntryPoint","urlTemplate":"https:\/\/Regalino-Shop.de\/?s={search_term_string}"},"query-input":{"@type":"PropertyValueSpecification","valueRequired":true,"valueName":"search_term_string"}}],"inLanguage":"de"}]}},"_links":{"self":[{"href":"https:\/\/Regalino-Shop.de\/index.php?rest_route=\/wp\/v2\/product\/7872","targetHints":{"allow":["GET"]}}],"collection":[{"href":"https:\/\/Regalino-Shop.de\/index.php?rest_route=\/wp\/v2\/product"}],"about":[{"href":"https:\/\/Regalino-Shop.de\/index.php?rest_route=\/wp\/v2\/types\/product"}],"wp:featuredmedia":[{"embeddable":true,"href":"https:\/\/Regalino-Shop.de\/index.php?rest_route=\/wp\/v2\/media\/7873"}],"wp:attachment":[{"href":"https:\/\/Regalino-Shop.de\/index.php?rest_route=%2Fwp%2Fv2%2Fmedia&parent=7872"}],"wp:term":[{"taxonomy":"product_brand","embeddable":true,"href":"https:\/\/Regalino-Shop.de\/index.php?rest_route=%2Fwp%2Fv2%2Fproduct_brand&post=7872"},{"taxonomy":"product_cat","embeddable":true,"href":"https:\/\/Regalino-Shop.de\/index.php?rest_route=%2Fwp%2Fv2%2Fproduct_cat&post=7872"},{"taxonomy":"product_tag","embeddable":true,"href":"https:\/\/Regalino-Shop.de\/index.php?rest_route=%2Fwp%2Fv2%2Fproduct_tag&post=7872"}],"curies":[{"name":"wp","href":"https:\/\/api.w.org\/{rel}","templated":true}]}}

<p>nicht nur für die Ostertafel&#8230;süsser Eierbecher in Hasenkopf Form aus Massivholz</p>
<p>Buchenholz 2 cm dick</p>
<p>mittige Aussparung für das Ei</p>
<p>Bitte reib unser Eierbecher vor dem ersten Gebrauch von allen Seiten mit Sonnenblumenöl ein. Diese Behandlung muss in regelmäßigen Abständen wiederholt werden.<br />
Die Geschirrspülmaschine bitte unbedingt meiden.</p>
<p>Lieferung ohne Deko<br />
Die Eierbecher bitte mit lauwarmen, fließenden Wasser abwaschen und unmittelbar danach gründlich mit einem trockenen Tuch abtrocknen.<br />
Direkte Sonnen- und Hitzeeinstrahlung bitte vermeiden.</p>

<!-- This site is optimized with the Yoast SEO plugin v27.5 - https://yoast.com/product/yoast-seo-wordpress/ -->
<title>Eierbecher *Hase* von Eulenschnitt - Regalino -Lively Style</title>
<meta name="robots" content="index, follow, max-snippet:-1, max-image-preview:large, max-video-preview:-1" />
<link rel="canonical" href="https://Regalino-Shop.de/?product=eierbecher-hase-von-eulenschnitt" />
<meta property="og:locale" content="de_DE" />
<meta property="og:type" content="article" />
<meta property="og:title" content="Eierbecher *Hase* von Eulenschnitt - Regalino -Lively Style" />
<meta property="og:description" content="nicht nur für die Ostertafel...süsser Eierbecher in Hasenkopf Form aus Massivholz  Buchenholz 2 cm dick  mittige Aussparung für das Ei  Bitte reib unser Eierbecher vor dem ersten Gebrauch von allen Seiten mit Sonnenblumenöl ein. Diese Behandlung muss in regelmäßigen Abständen wiederholt werden. Die Geschirrspülmaschine bitte unbedingt meiden.  Lieferung ohne Deko Die Eierbecher bitte mit lauwarmen, fließenden Wasser abwaschen und unmittelbar danach gründlich mit einem trockenen Tuch abtrocknen. Direkte Sonnen- und Hitzeeinstrahlung bitte vermeiden." />
<meta property="og:url" content="https://Regalino-Shop.de/?product=eierbecher-hase-von-eulenschnitt" />
<meta property="og:site_name" content="Regalino -Lively Style" />
<meta property="article:modified_time" content="2025-02-01T10:57:14+00:00" />
<meta property="og:image" content="https://Regalino-Shop.de/wp-content/uploads/2022/02/eierbecher-hase.jpg" />
	<meta property="og:image:width" content="317" />
	<meta property="og:image:height" content="290" />
	<meta property="og:image:type" content="image/jpeg" />
<meta name="twitter:card" content="summary_large_image" />
<script type="application/ld+json" class="yoast-schema-graph">{"@context":"https:\/\/schema.org","@graph":[{"@type":"WebPage","@id":"https:\/\/Regalino-Shop.de\/?product=eierbecher-hase-von-eulenschnitt","url":"https:\/\/Regalino-Shop.de\/?product=eierbecher-hase-von-eulenschnitt","name":"Eierbecher *Hase* von Eulenschnitt - Regalino -Lively Style","isPartOf":{"@id":"https:\/\/Regalino-Shop.de\/#website"},"primaryImageOfPage":{"@id":"https:\/\/Regalino-Shop.de\/?product=eierbecher-hase-von-eulenschnitt#primaryimage"},"image":{"@id":"https:\/\/Regalino-Shop.de\/?product=eierbecher-hase-von-eulenschnitt#primaryimage"},"thumbnailUrl":"https:\/\/Regalino-Shop.de\/wp-content\/uploads\/2022\/02\/eierbecher-hase.jpg","datePublished":"2022-02-14T08:57:13+00:00","dateModified":"2025-02-01T10:57:14+00:00","breadcrumb":{"@id":"https:\/\/Regalino-Shop.de\/?product=eierbecher-hase-von-eulenschnitt#breadcrumb"},"inLanguage":"de","potentialAction":[{"@type":"ReadAction","target":["https:\/\/Regalino-Shop.de\/?product=eierbecher-hase-von-eulenschnitt"]}]},{"@type":"ImageObject","inLanguage":"de","@id":"https:\/\/Regalino-Shop.de\/?product=eierbecher-hase-von-eulenschnitt#primaryimage","url":"https:\/\/Regalino-Shop.de\/wp-content\/uploads\/2022\/02\/eierbecher-hase.jpg","contentUrl":"https:\/\/Regalino-Shop.de\/wp-content\/uploads\/2022\/02\/eierbecher-hase.jpg","width":317,"height":290},{"@type":"BreadcrumbList","@id":"https:\/\/Regalino-Shop.de\/?product=eierbecher-hase-von-eulenschnitt#breadcrumb","itemListElement":[{"@type":"ListItem","position":1,"name":"Startseite","item":"https:\/\/Regalino-Shop.de\/"},{"@type":"ListItem","position":2,"name":"Shop","item":"https:\/\/Regalino-Shop.de\/?page_id=40"},{"@type":"ListItem","position":3,"name":"Eierbecher *Hase* von Eulenschnitt"}]},{"@type":"WebSite","@id":"https:\/\/Regalino-Shop.de\/#website","url":"https:\/\/Regalino-Shop.de\/","name":"Regalino -Lively Style","description":"gelebtes Zuhause","potentialAction":[{"@type":"SearchAction","target":{"@type":"EntryPoint","urlTemplate":"https:\/\/Regalino-Shop.de\/?s={search_term_string}"},"query-input":{"@type":"PropertyValueSpecification","valueRequired":true,"valueName":"search_term_string"}}],"inLanguage":"de"}]}</script>
<!-- / Yoast SEO plugin. -->

nicht nur für die Ostertafel...süsser Eierbecher in Hasenkopf Form aus Massivholz  Buchenholz 2 cm dick  mittige Aussparung für das Ei  Bitte reib unser Eierbecher vor dem ersten Gebrauch von allen Seiten mit Sonnenblumenöl ein. Diese Behandlung muss in regelmäßigen Abständen wiederholt werden. Die Geschirrspülmaschine bitte unbedingt meiden.  Lieferung ohne Deko Die Eierbecher bitte mit lauwarmen, fließenden Wasser abwaschen und unmittelbar danach gründlich mit einem trockenen Tuch abtrocknen. Direkte Sonnen- und Hitzeeinstrahlung bitte vermeiden.
