{"id":8274,"date":"2022-06-10T10:36:54","date_gmt":"2022-06-10T10:36:54","guid":{"rendered":"https:\/\/Regalino-Shop.de\/?post_type=product&#038;p=8274"},"modified":"2026-03-11T15:58:35","modified_gmt":"2026-03-11T15:58:35","slug":"vase-elze-von-bloomingville","status":"publish","type":"product","link":"https:\/\/Regalino-Shop.de\/?product=vase-elze-von-bloomingville","title":{"rendered":"Vase *Elze* von Bloomingville"},"content":{"rendered":"","protected":false},"excerpt":{"rendered":"<p>Namaste! Begr\u00fc\u00dfen Sie diese kurvige kleine Dame in Ihrem Zuhause. Die Form dieser Vase folgt dem neuen Trend dieser Saison, bei dem der weibliche K\u00f6rper im Mittelpunkt vieler Designs steht. Die Vase ist in einem dunkelbraunen Glasfinish aus spr\u00fchgef\u00e4rbtem Glas gefertigt. Zur Reinigung mit Wasser ohne Seife sp\u00fclen.<\/p>\n<p>Farbe:\u00a0 \u00a0\u00a0 braun<\/p>\n<p>Ma\u00dfe:\u00a0 \u00a0 \u00a0 L12xH12,5xW6,5 cm<\/p>\n<p>Material:\u00a0 Glas<\/p>\n<p>&nbsp;<\/p>\n<p>&nbsp;<\/p>\n","protected":false},"featured_media":8275,"template":"","meta":{"_et_pb_use_builder":"","_et_pb_old_content":"","_et_gb_content_width":""},"product_brand":[],"product_cat":[57,61],"product_tag":[1085,1083,423,856],"class_list":{"0":"post-8274","1":"product","2":"type-product","3":"status-publish","4":"has-post-thumbnail","6":"product_cat-neu-eingetroffen-neue-lieblingsstuecke-bei-regalino","7":"product_cat-vasen-blumentoepfe-fuer-stilvolle-wohnakzente-regalino","8":"product_tag-namaste","9":"product_tag-skulptur","10":"product_tag-vase","11":"product_tag-yoga","13":"first","14":"instock","15":"taxable","16":"shipping-taxable","17":"purchasable","18":"product-type-simple"},"yoast_head":"<!-- This site is optimized with the Yoast SEO plugin v27.5 - https:\/\/yoast.com\/product\/yoast-seo-wordpress\/ -->\n<title>Vase *Elze* von Bloomingville - Regalino -Lively Style<\/title>\n<meta name=\"robots\" content=\"index, follow, max-snippet:-1, max-image-preview:large, max-video-preview:-1\" \/>\n<link rel=\"canonical\" href=\"https:\/\/Regalino-Shop.de\/?product=vase-elze-von-bloomingville\" \/>\n<meta property=\"og:locale\" content=\"de_DE\" \/>\n<meta property=\"og:type\" content=\"article\" \/>\n<meta property=\"og:title\" content=\"Vase *Elze* von Bloomingville - Regalino -Lively Style\" \/>\n<meta property=\"og:description\" content=\"Namaste! Begr\u00fc\u00dfen Sie diese kurvige kleine Dame in Ihrem Zuhause. Die Form dieser Vase folgt dem neuen Trend dieser Saison, bei dem der weibliche K\u00f6rper im Mittelpunkt vieler Designs steht. Die Vase ist in einem dunkelbraunen Glasfinish aus spr\u00fchgef\u00e4rbtem Glas gefertigt. Zur Reinigung mit Wasser ohne Seife sp\u00fclen.  Farbe:\u00a0 \u00a0\u00a0 braun  Ma\u00dfe:\u00a0 \u00a0 \u00a0 L12xH12,5xW6,5 cm  Material:\u00a0 Glas  &nbsp;  &nbsp;\" \/>\n<meta property=\"og:url\" content=\"https:\/\/Regalino-Shop.de\/?product=vase-elze-von-bloomingville\" \/>\n<meta property=\"og:site_name\" content=\"Regalino -Lively Style\" \/>\n<meta property=\"article:modified_time\" content=\"2026-03-11T15:58:35+00:00\" \/>\n<meta property=\"og:image\" content=\"https:\/\/Regalino-Shop.de\/wp-content\/uploads\/2022\/06\/elze.jpg\" \/>\n\t<meta property=\"og:image:width\" content=\"960\" \/>\n\t<meta property=\"og:image:height\" content=\"960\" \/>\n\t<meta property=\"og:image:type\" content=\"image\/jpeg\" \/>\n<meta name=\"twitter:card\" content=\"summary_large_image\" \/>\n<script type=\"application\/ld+json\" class=\"yoast-schema-graph\">{\"@context\":\"https:\\\/\\\/schema.org\",\"@graph\":[{\"@type\":\"WebPage\",\"@id\":\"https:\\\/\\\/Regalino-Shop.de\\\/?product=vase-elze-von-bloomingville\",\"url\":\"https:\\\/\\\/Regalino-Shop.de\\\/?product=vase-elze-von-bloomingville\",\"name\":\"Vase *Elze* von Bloomingville - Regalino -Lively Style\",\"isPartOf\":{\"@id\":\"https:\\\/\\\/Regalino-Shop.de\\\/#website\"},\"primaryImageOfPage\":{\"@id\":\"https:\\\/\\\/Regalino-Shop.de\\\/?product=vase-elze-von-bloomingville#primaryimage\"},\"image\":{\"@id\":\"https:\\\/\\\/Regalino-Shop.de\\\/?product=vase-elze-von-bloomingville#primaryimage\"},\"thumbnailUrl\":\"https:\\\/\\\/Regalino-Shop.de\\\/wp-content\\\/uploads\\\/2022\\\/06\\\/elze.jpg\",\"datePublished\":\"2022-06-10T10:36:54+00:00\",\"dateModified\":\"2026-03-11T15:58:35+00:00\",\"breadcrumb\":{\"@id\":\"https:\\\/\\\/Regalino-Shop.de\\\/?product=vase-elze-von-bloomingville#breadcrumb\"},\"inLanguage\":\"de\",\"potentialAction\":[{\"@type\":\"ReadAction\",\"target\":[\"https:\\\/\\\/Regalino-Shop.de\\\/?product=vase-elze-von-bloomingville\"]}]},{\"@type\":\"ImageObject\",\"inLanguage\":\"de\",\"@id\":\"https:\\\/\\\/Regalino-Shop.de\\\/?product=vase-elze-von-bloomingville#primaryimage\",\"url\":\"https:\\\/\\\/Regalino-Shop.de\\\/wp-content\\\/uploads\\\/2022\\\/06\\\/elze.jpg\",\"contentUrl\":\"https:\\\/\\\/Regalino-Shop.de\\\/wp-content\\\/uploads\\\/2022\\\/06\\\/elze.jpg\",\"width\":960,\"height\":960},{\"@type\":\"BreadcrumbList\",\"@id\":\"https:\\\/\\\/Regalino-Shop.de\\\/?product=vase-elze-von-bloomingville#breadcrumb\",\"itemListElement\":[{\"@type\":\"ListItem\",\"position\":1,\"name\":\"Startseite\",\"item\":\"https:\\\/\\\/Regalino-Shop.de\\\/\"},{\"@type\":\"ListItem\",\"position\":2,\"name\":\"Shop\",\"item\":\"https:\\\/\\\/Regalino-Shop.de\\\/?page_id=40\"},{\"@type\":\"ListItem\",\"position\":3,\"name\":\"Vase *Elze* von Bloomingville\"}]},{\"@type\":\"WebSite\",\"@id\":\"https:\\\/\\\/Regalino-Shop.de\\\/#website\",\"url\":\"https:\\\/\\\/Regalino-Shop.de\\\/\",\"name\":\"Regalino -Lively Style\",\"description\":\"gelebtes Zuhause\",\"potentialAction\":[{\"@type\":\"SearchAction\",\"target\":{\"@type\":\"EntryPoint\",\"urlTemplate\":\"https:\\\/\\\/Regalino-Shop.de\\\/?s={search_term_string}\"},\"query-input\":{\"@type\":\"PropertyValueSpecification\",\"valueRequired\":true,\"valueName\":\"search_term_string\"}}],\"inLanguage\":\"de\"}]}<\/script>\n<!-- \/ Yoast SEO plugin. -->","yoast_head_json":{"title":"Vase *Elze* von Bloomingville - Regalino -Lively Style","robots":{"index":"index","follow":"follow","max-snippet":"max-snippet:-1","max-image-preview":"max-image-preview:large","max-video-preview":"max-video-preview:-1"},"canonical":"https:\/\/Regalino-Shop.de\/?product=vase-elze-von-bloomingville","og_locale":"de_DE","og_type":"article","og_title":"Vase *Elze* von Bloomingville - Regalino -Lively Style","og_description":"Namaste! Begr\u00fc\u00dfen Sie diese kurvige kleine Dame in Ihrem Zuhause. Die Form dieser Vase folgt dem neuen Trend dieser Saison, bei dem der weibliche K\u00f6rper im Mittelpunkt vieler Designs steht. Die Vase ist in einem dunkelbraunen Glasfinish aus spr\u00fchgef\u00e4rbtem Glas gefertigt. Zur Reinigung mit Wasser ohne Seife sp\u00fclen.  Farbe:\u00a0 \u00a0\u00a0 braun  Ma\u00dfe:\u00a0 \u00a0 \u00a0 L12xH12,5xW6,5 cm  Material:\u00a0 Glas  &nbsp;  &nbsp;","og_url":"https:\/\/Regalino-Shop.de\/?product=vase-elze-von-bloomingville","og_site_name":"Regalino -Lively Style","article_modified_time":"2026-03-11T15:58:35+00:00","og_image":[{"width":960,"height":960,"url":"https:\/\/Regalino-Shop.de\/wp-content\/uploads\/2022\/06\/elze.jpg","type":"image\/jpeg"}],"twitter_card":"summary_large_image","schema":{"@context":"https:\/\/schema.org","@graph":[{"@type":"WebPage","@id":"https:\/\/Regalino-Shop.de\/?product=vase-elze-von-bloomingville","url":"https:\/\/Regalino-Shop.de\/?product=vase-elze-von-bloomingville","name":"Vase *Elze* von Bloomingville - Regalino -Lively Style","isPartOf":{"@id":"https:\/\/Regalino-Shop.de\/#website"},"primaryImageOfPage":{"@id":"https:\/\/Regalino-Shop.de\/?product=vase-elze-von-bloomingville#primaryimage"},"image":{"@id":"https:\/\/Regalino-Shop.de\/?product=vase-elze-von-bloomingville#primaryimage"},"thumbnailUrl":"https:\/\/Regalino-Shop.de\/wp-content\/uploads\/2022\/06\/elze.jpg","datePublished":"2022-06-10T10:36:54+00:00","dateModified":"2026-03-11T15:58:35+00:00","breadcrumb":{"@id":"https:\/\/Regalino-Shop.de\/?product=vase-elze-von-bloomingville#breadcrumb"},"inLanguage":"de","potentialAction":[{"@type":"ReadAction","target":["https:\/\/Regalino-Shop.de\/?product=vase-elze-von-bloomingville"]}]},{"@type":"ImageObject","inLanguage":"de","@id":"https:\/\/Regalino-Shop.de\/?product=vase-elze-von-bloomingville#primaryimage","url":"https:\/\/Regalino-Shop.de\/wp-content\/uploads\/2022\/06\/elze.jpg","contentUrl":"https:\/\/Regalino-Shop.de\/wp-content\/uploads\/2022\/06\/elze.jpg","width":960,"height":960},{"@type":"BreadcrumbList","@id":"https:\/\/Regalino-Shop.de\/?product=vase-elze-von-bloomingville#breadcrumb","itemListElement":[{"@type":"ListItem","position":1,"name":"Startseite","item":"https:\/\/Regalino-Shop.de\/"},{"@type":"ListItem","position":2,"name":"Shop","item":"https:\/\/Regalino-Shop.de\/?page_id=40"},{"@type":"ListItem","position":3,"name":"Vase *Elze* von Bloomingville"}]},{"@type":"WebSite","@id":"https:\/\/Regalino-Shop.de\/#website","url":"https:\/\/Regalino-Shop.de\/","name":"Regalino -Lively Style","description":"gelebtes Zuhause","potentialAction":[{"@type":"SearchAction","target":{"@type":"EntryPoint","urlTemplate":"https:\/\/Regalino-Shop.de\/?s={search_term_string}"},"query-input":{"@type":"PropertyValueSpecification","valueRequired":true,"valueName":"search_term_string"}}],"inLanguage":"de"}]}},"_links":{"self":[{"href":"https:\/\/Regalino-Shop.de\/index.php?rest_route=\/wp\/v2\/product\/8274","targetHints":{"allow":["GET"]}}],"collection":[{"href":"https:\/\/Regalino-Shop.de\/index.php?rest_route=\/wp\/v2\/product"}],"about":[{"href":"https:\/\/Regalino-Shop.de\/index.php?rest_route=\/wp\/v2\/types\/product"}],"wp:featuredmedia":[{"embeddable":true,"href":"https:\/\/Regalino-Shop.de\/index.php?rest_route=\/wp\/v2\/media\/8275"}],"wp:attachment":[{"href":"https:\/\/Regalino-Shop.de\/index.php?rest_route=%2Fwp%2Fv2%2Fmedia&parent=8274"}],"wp:term":[{"taxonomy":"product_brand","embeddable":true,"href":"https:\/\/Regalino-Shop.de\/index.php?rest_route=%2Fwp%2Fv2%2Fproduct_brand&post=8274"},{"taxonomy":"product_cat","embeddable":true,"href":"https:\/\/Regalino-Shop.de\/index.php?rest_route=%2Fwp%2Fv2%2Fproduct_cat&post=8274"},{"taxonomy":"product_tag","embeddable":true,"href":"https:\/\/Regalino-Shop.de\/index.php?rest_route=%2Fwp%2Fv2%2Fproduct_tag&post=8274"}],"curies":[{"name":"wp","href":"https:\/\/api.w.org\/{rel}","templated":true}]}}