{"id":9842,"date":"2022-09-14T10:27:38","date_gmt":"2022-09-14T10:27:38","guid":{"rendered":"https:\/\/Regalino-Shop.de\/?post_type=product&#038;p=9842"},"modified":"2026-03-29T08:03:57","modified_gmt":"2026-03-29T08:03:57","slug":"kinder-kapuzenhandtuch-musselin-dunkelbraun-von-laessig","status":"publish","type":"product","link":"https:\/\/Regalino-Shop.de\/?product=kinder-kapuzenhandtuch-musselin-dunkelbraun-von-laessig","title":{"rendered":"Kinder Kapuzenhandtuch Musselin dunkelbraun von L\u00e4ssig"},"content":{"rendered":"","protected":false},"excerpt":{"rendered":"<p>Das kuschelige L\u00c4SSIG Kinder Kapuzenhandtuch f\u00fcr kleine Wasserratten.<\/p>\n<p>Das vorgewaschene, zweilagige Kapuzenhandtuch f\u00fcr Kinder ist aus 100 % Baumwolle, atmungsaktiv und damit besonders sanft zur Haut.<\/p>\n<p>Die integrierte Kapuze sch\u00fctzt den empfindlichen Kopf- und Nackenbereich vor Zugluft und durch Einschlagen auch den K\u00f6rper vor dem Ausk\u00fchlen.<\/p>\n<p>Ein Must-have f\u00fcr den t\u00e4glichen Gebrauch zuhause, aber auch das ideale Accessoire beim Babyschwimmen.<\/p>\n<p>Dank des langlebigen und pflegeleichten Musselin-Materials ist das Kapuzenhandtuch bei 40 \u00b0C waschbar und wird durch jeden Waschgang sogar noch weicher.<\/p>\n<p>Das Kapuzenhandtuch aus Mull ist geeignet f\u00fcr Neugeborene, Babys und Kleinkinder bis drei Jahre.<\/p>\n<p class=\"last-element\"><strong>Ausstattung<\/strong>&#8211; weich<br \/>\n&#8211; atmungsaktiv<br \/>\n&#8211; hautfreundlich<br \/>\n&#8211; vorgewaschen<br \/>\n&#8211; zweilagig<br \/>\n&#8211; 100% Baumwolle<br \/>\n&#8211; pflegeleicht<br \/>\n&#8211; 40 Grad waschbar<\/p>\n<p>&nbsp;<\/p>\n<p>Farbe: dunkelbraun<\/p>\n<div class=\"_1FTz3 fggS- cell\">\n<section class=\"_2RbVQ\" data-hook=\"description-wrapper\">\n<div class=\"_3nbVj\">\n<div class=\"_3cRjW\" data-hook=\"content-wrapper\">\n<p>Gr\u00f6sse:\u00a0 90 x 90 cm<\/p>\n<p>Material: 100% Baumwolle<\/p>\n<\/div>\n<\/div>\n<\/section>\n<\/div>\n<p>&nbsp;<\/p>\n","protected":false},"featured_media":9843,"template":"","meta":{"_et_pb_use_builder":"","_et_pb_old_content":"","_et_gb_content_width":""},"product_brand":[],"product_cat":[2983,83,93,2637,15],"product_tag":[837,893,551,1241],"class_list":{"0":"post-9842","1":"product","2":"type-product","3":"status-publish","4":"has-post-thumbnail","6":"product_cat-accessoires","7":"product_cat-bad-spa-besondere-wohlfuehlmomente-regalino","8":"product_cat-spielzeug-kuscheltiere-mit-liebevollen-details-regalino","9":"product_cat-strandtaschen-reiseaccessoires-mit-maritimem-flair-regalino","10":"product_cat-unkategorisiert","11":"product_tag-baby","12":"product_tag-geschenk-zur-geburt","13":"product_tag-handtuch","14":"product_tag-kapuzenhandtuch","16":"first","17":"instock","18":"taxable","19":"shipping-taxable","20":"purchasable","21":"product-type-simple"},"yoast_head":"<!-- This site is optimized with the Yoast SEO plugin v27.5 - https:\/\/yoast.com\/product\/yoast-seo-wordpress\/ -->\n<title>Kinder Kapuzenhandtuch Musselin dunkelbraun von L\u00e4ssig - Regalino -Lively Style<\/title>\n<meta name=\"description\" content=\"Das kuschelige L\u00c4SSIG Kinder Kapuzenhandtuch f\u00fcr kleine Wasserratten. Das vorgewaschene, zweilagige Kapuzenhandtuch f\u00fcr Kinder ist aus 100 % Baumwolle, atmungsaktiv und damit besonders sanft zur Haut.\" \/>\n<meta name=\"robots\" content=\"index, follow, max-snippet:-1, max-image-preview:large, max-video-preview:-1\" \/>\n<link rel=\"canonical\" href=\"https:\/\/Regalino-Shop.de\/?product=kinder-kapuzenhandtuch-musselin-dunkelbraun-von-laessig\" \/>\n<meta property=\"og:locale\" content=\"de_DE\" \/>\n<meta property=\"og:type\" content=\"article\" \/>\n<meta property=\"og:title\" content=\"Kinder Kapuzenhandtuch Musselin dunkelbraun von L\u00e4ssig - Regalino -Lively Style\" \/>\n<meta property=\"og:description\" content=\"Das kuschelige L\u00c4SSIG Kinder Kapuzenhandtuch f\u00fcr kleine Wasserratten. Das vorgewaschene, zweilagige Kapuzenhandtuch f\u00fcr Kinder ist aus 100 % Baumwolle, atmungsaktiv und damit besonders sanft zur Haut.\" \/>\n<meta property=\"og:url\" content=\"https:\/\/Regalino-Shop.de\/?product=kinder-kapuzenhandtuch-musselin-dunkelbraun-von-laessig\" \/>\n<meta property=\"og:site_name\" content=\"Regalino -Lively Style\" \/>\n<meta property=\"article:modified_time\" content=\"2026-03-29T08:03:57+00:00\" \/>\n<meta property=\"og:image\" content=\"https:\/\/Regalino-Shop.de\/wp-content\/uploads\/2022\/09\/1312020236_2.jpg\" \/>\n\t<meta property=\"og:image:width\" content=\"2000\" \/>\n\t<meta property=\"og:image:height\" content=\"2000\" \/>\n\t<meta property=\"og:image:type\" content=\"image\/jpeg\" \/>\n<meta name=\"twitter:card\" content=\"summary_large_image\" \/>\n<script type=\"application\/ld+json\" class=\"yoast-schema-graph\">{\"@context\":\"https:\\\/\\\/schema.org\",\"@graph\":[{\"@type\":\"WebPage\",\"@id\":\"https:\\\/\\\/Regalino-Shop.de\\\/?product=kinder-kapuzenhandtuch-musselin-dunkelbraun-von-laessig\",\"url\":\"https:\\\/\\\/Regalino-Shop.de\\\/?product=kinder-kapuzenhandtuch-musselin-dunkelbraun-von-laessig\",\"name\":\"Kinder Kapuzenhandtuch Musselin dunkelbraun von L\u00e4ssig - Regalino -Lively Style\",\"isPartOf\":{\"@id\":\"https:\\\/\\\/Regalino-Shop.de\\\/#website\"},\"primaryImageOfPage\":{\"@id\":\"https:\\\/\\\/Regalino-Shop.de\\\/?product=kinder-kapuzenhandtuch-musselin-dunkelbraun-von-laessig#primaryimage\"},\"image\":{\"@id\":\"https:\\\/\\\/Regalino-Shop.de\\\/?product=kinder-kapuzenhandtuch-musselin-dunkelbraun-von-laessig#primaryimage\"},\"thumbnailUrl\":\"https:\\\/\\\/Regalino-Shop.de\\\/wp-content\\\/uploads\\\/2022\\\/09\\\/1312020236_2.jpg\",\"datePublished\":\"2022-09-14T10:27:38+00:00\",\"dateModified\":\"2026-03-29T08:03:57+00:00\",\"description\":\"Das kuschelige L\u00c4SSIG Kinder Kapuzenhandtuch f\u00fcr kleine Wasserratten. Das vorgewaschene, zweilagige Kapuzenhandtuch f\u00fcr Kinder ist aus 100 % Baumwolle, atmungsaktiv und damit besonders sanft zur Haut.\",\"breadcrumb\":{\"@id\":\"https:\\\/\\\/Regalino-Shop.de\\\/?product=kinder-kapuzenhandtuch-musselin-dunkelbraun-von-laessig#breadcrumb\"},\"inLanguage\":\"de\",\"potentialAction\":[{\"@type\":\"ReadAction\",\"target\":[\"https:\\\/\\\/Regalino-Shop.de\\\/?product=kinder-kapuzenhandtuch-musselin-dunkelbraun-von-laessig\"]}]},{\"@type\":\"ImageObject\",\"inLanguage\":\"de\",\"@id\":\"https:\\\/\\\/Regalino-Shop.de\\\/?product=kinder-kapuzenhandtuch-musselin-dunkelbraun-von-laessig#primaryimage\",\"url\":\"https:\\\/\\\/Regalino-Shop.de\\\/wp-content\\\/uploads\\\/2022\\\/09\\\/1312020236_2.jpg\",\"contentUrl\":\"https:\\\/\\\/Regalino-Shop.de\\\/wp-content\\\/uploads\\\/2022\\\/09\\\/1312020236_2.jpg\",\"width\":2000,\"height\":2000},{\"@type\":\"BreadcrumbList\",\"@id\":\"https:\\\/\\\/Regalino-Shop.de\\\/?product=kinder-kapuzenhandtuch-musselin-dunkelbraun-von-laessig#breadcrumb\",\"itemListElement\":[{\"@type\":\"ListItem\",\"position\":1,\"name\":\"Startseite\",\"item\":\"https:\\\/\\\/Regalino-Shop.de\\\/\"},{\"@type\":\"ListItem\",\"position\":2,\"name\":\"Shop\",\"item\":\"https:\\\/\\\/Regalino-Shop.de\\\/?page_id=40\"},{\"@type\":\"ListItem\",\"position\":3,\"name\":\"Kinder Kapuzenhandtuch Musselin dunkelbraun von L\u00e4ssig\"}]},{\"@type\":\"WebSite\",\"@id\":\"https:\\\/\\\/Regalino-Shop.de\\\/#website\",\"url\":\"https:\\\/\\\/Regalino-Shop.de\\\/\",\"name\":\"Regalino -Lively Style\",\"description\":\"gelebtes Zuhause\",\"potentialAction\":[{\"@type\":\"SearchAction\",\"target\":{\"@type\":\"EntryPoint\",\"urlTemplate\":\"https:\\\/\\\/Regalino-Shop.de\\\/?s={search_term_string}\"},\"query-input\":{\"@type\":\"PropertyValueSpecification\",\"valueRequired\":true,\"valueName\":\"search_term_string\"}}],\"inLanguage\":\"de\"}]}<\/script>\n<!-- \/ Yoast SEO plugin. -->","yoast_head_json":{"title":"Kinder Kapuzenhandtuch Musselin dunkelbraun von L\u00e4ssig - Regalino -Lively Style","description":"Das kuschelige L\u00c4SSIG Kinder Kapuzenhandtuch f\u00fcr kleine Wasserratten. Das vorgewaschene, zweilagige Kapuzenhandtuch f\u00fcr Kinder ist aus 100 % Baumwolle, atmungsaktiv und damit besonders sanft zur Haut.","robots":{"index":"index","follow":"follow","max-snippet":"max-snippet:-1","max-image-preview":"max-image-preview:large","max-video-preview":"max-video-preview:-1"},"canonical":"https:\/\/Regalino-Shop.de\/?product=kinder-kapuzenhandtuch-musselin-dunkelbraun-von-laessig","og_locale":"de_DE","og_type":"article","og_title":"Kinder Kapuzenhandtuch Musselin dunkelbraun von L\u00e4ssig - Regalino -Lively Style","og_description":"Das kuschelige L\u00c4SSIG Kinder Kapuzenhandtuch f\u00fcr kleine Wasserratten. Das vorgewaschene, zweilagige Kapuzenhandtuch f\u00fcr Kinder ist aus 100 % Baumwolle, atmungsaktiv und damit besonders sanft zur Haut.","og_url":"https:\/\/Regalino-Shop.de\/?product=kinder-kapuzenhandtuch-musselin-dunkelbraun-von-laessig","og_site_name":"Regalino -Lively Style","article_modified_time":"2026-03-29T08:03:57+00:00","og_image":[{"width":2000,"height":2000,"url":"https:\/\/Regalino-Shop.de\/wp-content\/uploads\/2022\/09\/1312020236_2.jpg","type":"image\/jpeg"}],"twitter_card":"summary_large_image","schema":{"@context":"https:\/\/schema.org","@graph":[{"@type":"WebPage","@id":"https:\/\/Regalino-Shop.de\/?product=kinder-kapuzenhandtuch-musselin-dunkelbraun-von-laessig","url":"https:\/\/Regalino-Shop.de\/?product=kinder-kapuzenhandtuch-musselin-dunkelbraun-von-laessig","name":"Kinder Kapuzenhandtuch Musselin dunkelbraun von L\u00e4ssig - Regalino -Lively Style","isPartOf":{"@id":"https:\/\/Regalino-Shop.de\/#website"},"primaryImageOfPage":{"@id":"https:\/\/Regalino-Shop.de\/?product=kinder-kapuzenhandtuch-musselin-dunkelbraun-von-laessig#primaryimage"},"image":{"@id":"https:\/\/Regalino-Shop.de\/?product=kinder-kapuzenhandtuch-musselin-dunkelbraun-von-laessig#primaryimage"},"thumbnailUrl":"https:\/\/Regalino-Shop.de\/wp-content\/uploads\/2022\/09\/1312020236_2.jpg","datePublished":"2022-09-14T10:27:38+00:00","dateModified":"2026-03-29T08:03:57+00:00","description":"Das kuschelige L\u00c4SSIG Kinder Kapuzenhandtuch f\u00fcr kleine Wasserratten. Das vorgewaschene, zweilagige Kapuzenhandtuch f\u00fcr Kinder ist aus 100 % Baumwolle, atmungsaktiv und damit besonders sanft zur Haut.","breadcrumb":{"@id":"https:\/\/Regalino-Shop.de\/?product=kinder-kapuzenhandtuch-musselin-dunkelbraun-von-laessig#breadcrumb"},"inLanguage":"de","potentialAction":[{"@type":"ReadAction","target":["https:\/\/Regalino-Shop.de\/?product=kinder-kapuzenhandtuch-musselin-dunkelbraun-von-laessig"]}]},{"@type":"ImageObject","inLanguage":"de","@id":"https:\/\/Regalino-Shop.de\/?product=kinder-kapuzenhandtuch-musselin-dunkelbraun-von-laessig#primaryimage","url":"https:\/\/Regalino-Shop.de\/wp-content\/uploads\/2022\/09\/1312020236_2.jpg","contentUrl":"https:\/\/Regalino-Shop.de\/wp-content\/uploads\/2022\/09\/1312020236_2.jpg","width":2000,"height":2000},{"@type":"BreadcrumbList","@id":"https:\/\/Regalino-Shop.de\/?product=kinder-kapuzenhandtuch-musselin-dunkelbraun-von-laessig#breadcrumb","itemListElement":[{"@type":"ListItem","position":1,"name":"Startseite","item":"https:\/\/Regalino-Shop.de\/"},{"@type":"ListItem","position":2,"name":"Shop","item":"https:\/\/Regalino-Shop.de\/?page_id=40"},{"@type":"ListItem","position":3,"name":"Kinder Kapuzenhandtuch Musselin dunkelbraun von L\u00e4ssig"}]},{"@type":"WebSite","@id":"https:\/\/Regalino-Shop.de\/#website","url":"https:\/\/Regalino-Shop.de\/","name":"Regalino -Lively Style","description":"gelebtes Zuhause","potentialAction":[{"@type":"SearchAction","target":{"@type":"EntryPoint","urlTemplate":"https:\/\/Regalino-Shop.de\/?s={search_term_string}"},"query-input":{"@type":"PropertyValueSpecification","valueRequired":true,"valueName":"search_term_string"}}],"inLanguage":"de"}]}},"_links":{"self":[{"href":"https:\/\/Regalino-Shop.de\/index.php?rest_route=\/wp\/v2\/product\/9842","targetHints":{"allow":["GET"]}}],"collection":[{"href":"https:\/\/Regalino-Shop.de\/index.php?rest_route=\/wp\/v2\/product"}],"about":[{"href":"https:\/\/Regalino-Shop.de\/index.php?rest_route=\/wp\/v2\/types\/product"}],"wp:featuredmedia":[{"embeddable":true,"href":"https:\/\/Regalino-Shop.de\/index.php?rest_route=\/wp\/v2\/media\/9843"}],"wp:attachment":[{"href":"https:\/\/Regalino-Shop.de\/index.php?rest_route=%2Fwp%2Fv2%2Fmedia&parent=9842"}],"wp:term":[{"taxonomy":"product_brand","embeddable":true,"href":"https:\/\/Regalino-Shop.de\/index.php?rest_route=%2Fwp%2Fv2%2Fproduct_brand&post=9842"},{"taxonomy":"product_cat","embeddable":true,"href":"https:\/\/Regalino-Shop.de\/index.php?rest_route=%2Fwp%2Fv2%2Fproduct_cat&post=9842"},{"taxonomy":"product_tag","embeddable":true,"href":"https:\/\/Regalino-Shop.de\/index.php?rest_route=%2Fwp%2Fv2%2Fproduct_tag&post=9842"}],"curies":[{"name":"wp","href":"https:\/\/api.w.org\/{rel}","templated":true}]}}